/*
SQLyog Community v13.3.0 (64 bit)
MySQL - 9.2.0 : Database - undrumsdal
*********************************************************************
*/



CREATE DATABASE /*!32312 IF NOT EXISTS*/`undrumsdal` /*!40100 DEFAULT CHARACTER SET utf8mb4 COLLATE utf8mb4_0900_ai_ci */ /*!80016 DEFAULT ENCRYPTION='N' */;

USE `undrumsdal`;

/*Table structure for table `gw48a_assets` */


CREATE TABLE `gw48a_assets` (
  `id` int unsigned NOT NULL AUTO_INCREMENT COMMENT 'Primary Key',
  `parent_id` int NOT NULL DEFAULT '0' COMMENT 'Nested set parent.',
  `lft` int NOT NULL DEFAULT '0' COMMENT 'Nested set lft.',
  `rgt` int NOT NULL DEFAULT '0' COMMENT 'Nested set rgt.',
  `level` int unsigned NOT NULL COMMENT 'The cached level in the nested tree.',
  `name` varchar(50) CHARACTER SET utf8mb4 COLLATE utf8mb4_unicode_ci NOT NULL COMMENT 'The unique name for the asset.\n',
  `title` varchar(100) CHARACTER SET utf8mb4 COLLATE utf8mb4_unicode_ci NOT NULL COMMENT 'The descriptive title for the asset.',
  `rules` varchar(5120) CHARACTER SET utf8mb4 COLLATE utf8mb4_unicode_ci NOT NULL COMMENT 'JSON encoded access control.',
  PRIMARY KEY (`id`),
  UNIQUE KEY `idx_asset_name` (`name`),
  KEY `idx_lft_rgt` (`lft`,`rgt`),
  KEY `idx_parent_id` (`parent_id`)
) ENGINE=InnoDB AUTO_INCREMENT=74 DEFAULT CHARSET=utf8mb4 COLLATE=utf8mb4_unicode_ci;

/*Data for the table `gw48a_assets` */

insert  into `gw48a_assets`(`id`,`parent_id`,`lft`,`rgt`,`level`,`name`,`title`,`rules`) values 
(1,0,0,125,0,'root.1','Root Asset','{\"core.login.site\":{\"6\":1,\"2\":1},\"core.login.admin\":{\"6\":1},\"core.login.offline\":{\"6\":1},\"core.admin\":{\"8\":1},\"core.manage\":{\"7\":1},\"core.create\":{\"6\":1,\"3\":1},\"core.delete\":{\"6\":1},\"core.edit\":{\"6\":1,\"4\":1},\"core.edit.state\":{\"6\":1,\"5\":1},\"core.edit.own\":{\"6\":1,\"3\":1}}'),
(2,1,1,2,1,'com_admin','com_admin','{}'),
(3,1,3,6,1,'com_banners','com_banners','{\"core.admin\":{\"7\":1},\"core.manage\":{\"6\":1},\"core.create\":[],\"core.delete\":[],\"core.edit\":[],\"core.edit.state\":[]}'),
(4,1,7,8,1,'com_cache','com_cache','{\"core.admin\":{\"7\":1},\"core.manage\":{\"7\":1}}'),
(5,1,9,10,1,'com_checkin','com_checkin','{\"core.admin\":{\"7\":1},\"core.manage\":{\"7\":1}}'),
(6,1,11,12,1,'com_config','com_config','{}'),
(7,1,13,16,1,'com_contact','com_contact','{\"core.admin\":{\"7\":1},\"core.manage\":{\"6\":1},\"core.create\":[],\"core.delete\":[],\"core.edit\":[],\"core.edit.state\":[],\"core.edit.own\":[]}'),
(8,1,17,24,1,'com_content','com_content','{\"core.admin\":{\"7\":1},\"core.manage\":{\"6\":1},\"core.create\":{\"3\":1},\"core.delete\":[],\"core.edit\":{\"4\":1},\"core.edit.state\":{\"5\":1},\"core.edit.own\":[]}'),
(9,1,25,26,1,'com_cpanel','com_cpanel','{}'),
(10,1,27,28,1,'com_installer','com_installer','{\"core.admin\":[],\"core.manage\":{\"7\":0},\"core.delete\":{\"7\":0},\"core.edit.state\":{\"7\":0}}'),
(11,1,29,30,1,'com_languages','com_languages','{\"core.admin\":{\"7\":1},\"core.manage\":[],\"core.create\":[],\"core.delete\":[],\"core.edit\":[],\"core.edit.state\":[]}'),
(12,1,31,32,1,'com_login','com_login','{}'),
(13,1,33,34,1,'com_mailto','com_mailto','{}'),
(14,1,35,36,1,'com_massmail','com_massmail','{}'),
(15,1,37,38,1,'com_media','com_media','{\"core.admin\":{\"7\":1},\"core.manage\":{\"6\":1},\"core.create\":{\"3\":1},\"core.delete\":{\"5\":1}}'),
(16,1,39,42,1,'com_menus','com_menus','{\"core.admin\":{\"7\":1},\"core.manage\":[],\"core.create\":[],\"core.delete\":[],\"core.edit\":[],\"core.edit.state\":[]}'),
(17,1,43,44,1,'com_messages','com_messages','{\"core.admin\":{\"7\":1},\"core.manage\":{\"7\":1}}'),
(18,1,45,90,1,'com_modules','com_modules','{\"core.admin\":{\"7\":1},\"core.manage\":[],\"core.create\":[],\"core.delete\":[],\"core.edit\":[],\"core.edit.state\":[]}'),
(19,1,91,94,1,'com_newsfeeds','com_newsfeeds','{\"core.admin\":{\"7\":1},\"core.manage\":{\"6\":1},\"core.create\":[],\"core.delete\":[],\"core.edit\":[],\"core.edit.state\":[],\"core.edit.own\":[]}'),
(20,1,95,96,1,'com_plugins','com_plugins','{\"core.admin\":{\"7\":1},\"core.manage\":[],\"core.edit\":[],\"core.edit.state\":[]}'),
(21,1,97,98,1,'com_redirect','com_redirect','{\"core.admin\":{\"7\":1},\"core.manage\":[]}'),
(22,1,99,100,1,'com_search','com_search','{\"core.admin\":{\"7\":1},\"core.manage\":{\"6\":1}}'),
(23,1,101,102,1,'com_templates','com_templates','{\"core.admin\":{\"7\":1},\"core.manage\":[],\"core.create\":[],\"core.delete\":[],\"core.edit\":[],\"core.edit.state\":[]}'),
(24,1,103,106,1,'com_users','com_users','{\"core.admin\":{\"7\":1},\"core.manage\":[],\"core.create\":[],\"core.delete\":[],\"core.edit\":[],\"core.edit.state\":[]}'),
(26,1,107,108,1,'com_wrapper','com_wrapper','{}'),
(27,8,18,23,2,'com_content.category.2','Uncategorised','{\"core.create\":[],\"core.delete\":[],\"core.edit\":[],\"core.edit.state\":[],\"core.edit.own\":[]}'),
(28,3,4,5,2,'com_banners.category.3','Uncategorised','{\"core.create\":[],\"core.delete\":[],\"core.edit\":[],\"core.edit.state\":[]}'),
(29,7,14,15,2,'com_contact.category.4','Uncategorised','{\"core.create\":[],\"core.delete\":[],\"core.edit\":[],\"core.edit.state\":[],\"core.edit.own\":[]}'),
(30,19,92,93,2,'com_newsfeeds.category.5','Uncategorised','{\"core.create\":[],\"core.delete\":[],\"core.edit\":[],\"core.edit.state\":[],\"core.edit.own\":[]}'),
(32,24,104,105,1,'com_users.category.7','Uncategorised','{\"core.create\":[],\"core.delete\":[],\"core.edit\":[],\"core.edit.state\":[]}'),
(33,1,109,110,1,'com_finder','com_finder','{\"core.admin\":{\"7\":1},\"core.manage\":{\"6\":1}}'),
(34,1,111,112,1,'com_joomlaupdate','com_joomlaupdate','{\"core.admin\":[],\"core.manage\":[],\"core.delete\":[],\"core.edit.state\":[]}'),
(35,1,113,114,1,'com_tags','com_tags','{\"core.admin\":[],\"core.manage\":[],\"core.manage\":[],\"core.delete\":[],\"core.edit.state\":[]}'),
(36,1,115,116,1,'com_contenthistory','com_contenthistory','{}'),
(37,1,117,118,1,'com_ajax','com_ajax','{}'),
(38,1,119,120,1,'com_postinstall','com_postinstall','{}'),
(39,18,46,47,2,'com_modules.module.1','Main Menu','{\"core.delete\":[],\"core.edit\":[],\"core.edit.state\":[]}'),
(40,18,48,49,2,'com_modules.module.2','Login','{\"core.delete\":[],\"core.edit\":[],\"core.edit.state\":[]}'),
(41,18,50,51,2,'com_modules.module.3','Popular Articles','{\"core.delete\":[],\"core.edit\":[],\"core.edit.state\":[]}'),
(42,18,52,53,2,'com_modules.module.4','Recently Added Articles','{\"core.delete\":[],\"core.edit\":[],\"core.edit.state\":[]}'),
(43,18,54,55,2,'com_modules.module.8','Toolbar','{\"core.delete\":[],\"core.edit\":[],\"core.edit.state\":[]}'),
(44,18,56,57,2,'com_modules.module.9','Quick Icons','{\"core.delete\":[],\"core.edit\":[],\"core.edit.state\":[]}'),
(45,18,58,59,2,'com_modules.module.10','Logged-in Users','{\"core.delete\":[],\"core.edit\":[],\"core.edit.state\":[]}'),
(46,18,60,61,2,'com_modules.module.12','Admin Menu','{\"core.delete\":[],\"core.edit\":[],\"core.edit.state\":[]}'),
(47,18,62,63,2,'com_modules.module.13','Admin Submenu','{\"core.delete\":[],\"core.edit\":[],\"core.edit.state\":[]}'),
(48,18,64,65,2,'com_modules.module.14','User Status','{\"core.delete\":[],\"core.edit\":[],\"core.edit.state\":[]}'),
(49,18,66,67,2,'com_modules.module.15','Title','{\"core.delete\":[],\"core.edit\":[],\"core.edit.state\":[]}'),
(50,18,68,69,2,'com_modules.module.16','Login Form','{\"core.delete\":[],\"core.edit\":[],\"core.edit.state\":[]}'),
(51,18,70,71,2,'com_modules.module.17','Breadcrumbs','{\"core.delete\":[],\"core.edit\":[],\"core.edit.state\":[]}'),
(52,18,72,73,2,'com_modules.module.79','Multilanguage status','{\"core.delete\":[],\"core.edit\":[],\"core.edit.state\":[]}'),
(53,18,74,75,2,'com_modules.module.86','Joomla Version','{\"core.delete\":[],\"core.edit\":[],\"core.edit.state\":[]}'),
(54,16,40,41,2,'com_menus.menu.1','Main Menu','{}'),
(55,18,76,77,2,'com_modules.module.87','Reavisa','{\"core.delete\":[],\"core.edit\":[],\"core.edit.state\":[],\"module.edit.frontend\":[]}'),
(56,27,19,20,3,'com_content.article.1','Velkommen til Undrumsdal','{\"core.admin\":{\"7\":1},\"core.manage\":{\"6\":1},\"core.create\":{\"3\":1},\"core.delete\":[],\"core.edit\":{\"4\":1},\"core.edit.state\":{\"5\":1},\"core.edit.own\":[]}'),
(57,27,21,22,3,'com_content.article.2','Portalside for Undrumsdal','{\"core.admin\":{\"7\":1},\"core.manage\":{\"6\":1},\"core.create\":{\"3\":1},\"core.delete\":[],\"core.edit\":{\"4\":1},\"core.edit.state\":{\"5\":1},\"core.edit.own\":[]}'),
(66,1,121,124,1,'com_jevents','COM_JEVENTS','{\"core.manage\":[],\"core.create\":[],\"core.edit.own\":[],\"core.edit\":[],\"core.edit.state\":[],\"core.edit.state.own\":[],\"core.deleteall\":[],\"core.admin\":[]}'),
(67,18,78,79,2,'com_modules.module.94','JEvents - Calendar Module','{\"core.delete\":[],\"core.edit\":[],\"core.edit.state\":[],\"module.edit.frontend\":[]}'),
(68,18,80,81,2,'com_modules.module.95','JEvents - Legend Module','{}'),
(69,18,82,83,2,'com_modules.module.96','JEvents - Latest Events Module','{\"core.delete\":[],\"core.edit\":[],\"core.edit.state\":[],\"module.edit.frontend\":[]}'),
(70,18,84,85,2,'com_modules.module.97','JEvents - Filter Module','{}'),
(71,18,86,87,2,'com_modules.module.98','JEvents - Custom Module','{}'),
(72,18,88,89,2,'com_modules.module.99','JEvents - Switch View Module','{}'),
(73,66,122,123,2,'com_jevents.category.9','DEFAULT','{}');

/*Table structure for table `gw48a_associations` */


CREATE TABLE `gw48a_associations` (
  `id` int NOT NULL COMMENT 'A reference to the associated item.',
  `context` varchar(50) CHARACTER SET utf8mb4 COLLATE utf8mb4_unicode_ci NOT NULL COMMENT 'The context of the associated item.',
  `key` char(32) CHARACTER SET utf8mb4 COLLATE utf8mb4_unicode_ci NOT NULL COMMENT 'The key for the association computed from an md5 on associated ids.',
  PRIMARY KEY (`context`,`id`),
  KEY `idx_key` (`key`)
) ENGINE=InnoDB DEFAULT CHARSET=utf8mb4 COLLATE=utf8mb4_unicode_ci;

/*Data for the table `gw48a_associations` */

/*Table structure for table `gw48a_banner_clients` */


CREATE TABLE `gw48a_banner_clients` (
  `id` int NOT NULL AUTO_INCREMENT,
  `name` varchar(255) CHARACTER SET utf8mb4 COLLATE utf8mb4_unicode_ci NOT NULL DEFAULT '',
  `contact` varchar(255) CHARACTER SET utf8mb4 COLLATE utf8mb4_unicode_ci NOT NULL DEFAULT '',
  `email` varchar(255) CHARACTER SET utf8mb4 COLLATE utf8mb4_unicode_ci NOT NULL DEFAULT '',
  `extrainfo` text CHARACTER SET utf8mb4 COLLATE utf8mb4_unicode_ci NOT NULL,
  `state` tinyint NOT NULL DEFAULT '0',
  `checked_out` int unsigned NOT NULL DEFAULT '0',
  `checked_out_time` datetime NOT NULL DEFAULT '0000-00-00 00:00:00',
  `metakey` text CHARACTER SET utf8mb4 COLLATE utf8mb4_unicode_ci NOT NULL,
  `own_prefix` tinyint NOT NULL DEFAULT '0',
  `metakey_prefix` varchar(400) CHARACTER SET utf8mb4 COLLATE utf8mb4_unicode_ci NOT NULL DEFAULT '',
  `purchase_type` tinyint NOT NULL DEFAULT '-1',
  `track_clicks` tinyint NOT NULL DEFAULT '-1',
  `track_impressions` tinyint NOT NULL DEFAULT '-1',
  PRIMARY KEY (`id`),
  KEY `idx_own_prefix` (`own_prefix`),
  KEY `idx_metakey_prefix` (`metakey_prefix`(100))
) ENGINE=InnoDB DEFAULT CHARSET=utf8mb4 COLLATE=utf8mb4_unicode_ci;

/*Data for the table `gw48a_banner_clients` */

/*Table structure for table `gw48a_banner_tracks` */


CREATE TABLE `gw48a_banner_tracks` (
  `track_date` datetime NOT NULL,
  `track_type` int unsigned NOT NULL,
  `banner_id` int unsigned NOT NULL,
  `count` int unsigned NOT NULL DEFAULT '0',
  PRIMARY KEY (`track_date`,`track_type`,`banner_id`),
  KEY `idx_track_date` (`track_date`),
  KEY `idx_track_type` (`track_type`),
  KEY `idx_banner_id` (`banner_id`)
) ENGINE=InnoDB DEFAULT CHARSET=utf8mb4 COLLATE=utf8mb4_unicode_ci;

/*Data for the table `gw48a_banner_tracks` */

/*Table structure for table `gw48a_banners` */


CREATE TABLE `gw48a_banners` (
  `id` int NOT NULL AUTO_INCREMENT,
  `cid` int NOT NULL DEFAULT '0',
  `type` int NOT NULL DEFAULT '0',
  `name` varchar(255) CHARACTER SET utf8mb4 COLLATE utf8mb4_unicode_ci NOT NULL DEFAULT '',
  `alias` varchar(400) CHARACTER SET utf8mb4 COLLATE utf8mb4_bin NOT NULL DEFAULT '',
  `imptotal` int NOT NULL DEFAULT '0',
  `impmade` int NOT NULL DEFAULT '0',
  `clicks` int NOT NULL DEFAULT '0',
  `clickurl` varchar(200) CHARACTER SET utf8mb4 COLLATE utf8mb4_unicode_ci NOT NULL DEFAULT '',
  `state` tinyint NOT NULL DEFAULT '0',
  `catid` int unsigned NOT NULL DEFAULT '0',
  `description` text CHARACTER SET utf8mb4 COLLATE utf8mb4_unicode_ci NOT NULL,
  `custombannercode` varchar(2048) CHARACTER SET utf8mb4 COLLATE utf8mb4_unicode_ci NOT NULL,
  `sticky` tinyint unsigned NOT NULL DEFAULT '0',
  `ordering` int NOT NULL DEFAULT '0',
  `metakey` text CHARACTER SET utf8mb4 COLLATE utf8mb4_unicode_ci NOT NULL,
  `params` text CHARACTER SET utf8mb4 COLLATE utf8mb4_unicode_ci NOT NULL,
  `own_prefix` tinyint(1) NOT NULL DEFAULT '0',
  `metakey_prefix` varchar(400) CHARACTER SET utf8mb4 COLLATE utf8mb4_unicode_ci NOT NULL DEFAULT '',
  `purchase_type` tinyint NOT NULL DEFAULT '-1',
  `track_clicks` tinyint NOT NULL DEFAULT '-1',
  `track_impressions` tinyint NOT NULL DEFAULT '-1',
  `checked_out` int unsigned NOT NULL DEFAULT '0',
  `checked_out_time` datetime NOT NULL DEFAULT '0000-00-00 00:00:00',
  `publish_up` datetime NOT NULL DEFAULT '0000-00-00 00:00:00',
  `publish_down` datetime NOT NULL DEFAULT '0000-00-00 00:00:00',
  `reset` datetime NOT NULL DEFAULT '0000-00-00 00:00:00',
  `created` datetime NOT NULL DEFAULT '0000-00-00 00:00:00',
  `language` char(7) CHARACTER SET utf8mb4 COLLATE utf8mb4_unicode_ci NOT NULL DEFAULT '',
  `created_by` int unsigned NOT NULL DEFAULT '0',
  `created_by_alias` varchar(255) CHARACTER SET utf8mb4 COLLATE utf8mb4_unicode_ci NOT NULL DEFAULT '',
  `modified` datetime NOT NULL DEFAULT '0000-00-00 00:00:00',
  `modified_by` int unsigned NOT NULL DEFAULT '0',
  `version` int unsigned NOT NULL DEFAULT '1',
  PRIMARY KEY (`id`),
  KEY `idx_state` (`state`),
  KEY `idx_own_prefix` (`own_prefix`),
  KEY `idx_metakey_prefix` (`metakey_prefix`(100)),
  KEY `idx_banner_catid` (`catid`),
  KEY `idx_language` (`language`)
) ENGINE=InnoDB DEFAULT CHARSET=utf8mb4 COLLATE=utf8mb4_unicode_ci;

/*Data for the table `gw48a_banners` */

/*Table structure for table `gw48a_categories` */


CREATE TABLE `gw48a_categories` (
  `id` int NOT NULL AUTO_INCREMENT,
  `asset_id` int unsigned NOT NULL DEFAULT '0' COMMENT 'FK to the #__assets table.',
  `parent_id` int unsigned NOT NULL DEFAULT '0',
  `lft` int NOT NULL DEFAULT '0',
  `rgt` int NOT NULL DEFAULT '0',
  `level` int unsigned NOT NULL DEFAULT '0',
  `path` varchar(400) CHARACTER SET utf8mb4 COLLATE utf8mb4_unicode_ci NOT NULL DEFAULT '',
  `extension` varchar(50) CHARACTER SET utf8mb4 COLLATE utf8mb4_unicode_ci NOT NULL DEFAULT '',
  `title` varchar(255) CHARACTER SET utf8mb4 COLLATE utf8mb4_unicode_ci NOT NULL,
  `alias` varchar(400) CHARACTER SET utf8mb4 COLLATE utf8mb4_bin NOT NULL DEFAULT '',
  `note` varchar(255) CHARACTER SET utf8mb4 COLLATE utf8mb4_unicode_ci NOT NULL DEFAULT '',
  `description` mediumtext CHARACTER SET utf8mb4 COLLATE utf8mb4_unicode_ci NOT NULL,
  `published` tinyint(1) NOT NULL DEFAULT '0',
  `checked_out` int unsigned NOT NULL DEFAULT '0',
  `checked_out_time` datetime NOT NULL DEFAULT '0000-00-00 00:00:00',
  `access` int unsigned NOT NULL DEFAULT '0',
  `params` text CHARACTER SET utf8mb4 COLLATE utf8mb4_unicode_ci NOT NULL,
  `metadesc` varchar(1024) CHARACTER SET utf8mb4 COLLATE utf8mb4_unicode_ci NOT NULL COMMENT 'The meta description for the page.',
  `metakey` varchar(1024) CHARACTER SET utf8mb4 COLLATE utf8mb4_unicode_ci NOT NULL COMMENT 'The meta keywords for the page.',
  `metadata` varchar(2048) CHARACTER SET utf8mb4 COLLATE utf8mb4_unicode_ci NOT NULL COMMENT 'JSON encoded metadata properties.',
  `created_user_id` int unsigned NOT NULL DEFAULT '0',
  `created_time` datetime NOT NULL DEFAULT '0000-00-00 00:00:00',
  `modified_user_id` int unsigned NOT NULL DEFAULT '0',
  `modified_time` datetime NOT NULL DEFAULT '0000-00-00 00:00:00',
  `hits` int unsigned NOT NULL DEFAULT '0',
  `language` char(7) CHARACTER SET utf8mb4 COLLATE utf8mb4_unicode_ci NOT NULL,
  `version` int unsigned NOT NULL DEFAULT '1',
  PRIMARY KEY (`id`),
  KEY `cat_idx` (`extension`,`published`,`access`),
  KEY `idx_access` (`access`),
  KEY `idx_checkout` (`checked_out`),
  KEY `idx_path` (`path`(100)),
  KEY `idx_left_right` (`lft`,`rgt`),
  KEY `idx_alias` (`alias`(100)),
  KEY `idx_language` (`language`)
) ENGINE=InnoDB AUTO_INCREMENT=10 DEFAULT CHARSET=utf8mb4 COLLATE=utf8mb4_unicode_ci;

/*Data for the table `gw48a_categories` */

insert  into `gw48a_categories`(`id`,`asset_id`,`parent_id`,`lft`,`rgt`,`level`,`path`,`extension`,`title`,`alias`,`note`,`description`,`published`,`checked_out`,`checked_out_time`,`access`,`params`,`metadesc`,`metakey`,`metadata`,`created_user_id`,`created_time`,`modified_user_id`,`modified_time`,`hits`,`language`,`version`) values 
(1,0,0,0,13,0,'','system','ROOT','root','','',1,0,'0000-00-00 00:00:00',1,'{}','','','{}',807,'2011-01-01 00:00:01',0,'0000-00-00 00:00:00',0,'*',1),
(2,27,1,1,2,1,'uncategorised','com_content','Uncategorised','uncategorised','','',1,0,'0000-00-00 00:00:00',1,'{\"category_layout\":\"\",\"image\":\"\"}','','','{\"author\":\"\",\"robots\":\"\"}',807,'2011-01-01 00:00:01',0,'0000-00-00 00:00:00',0,'*',1),
(3,28,1,3,4,1,'uncategorised','com_banners','Uncategorised','uncategorised','','',1,0,'0000-00-00 00:00:00',1,'{\"category_layout\":\"\",\"image\":\"\"}','','','{\"author\":\"\",\"robots\":\"\"}',807,'2011-01-01 00:00:01',0,'0000-00-00 00:00:00',0,'*',1),
(4,29,1,5,6,1,'uncategorised','com_contact','Uncategorised','uncategorised','','',1,0,'0000-00-00 00:00:00',1,'{\"category_layout\":\"\",\"image\":\"\"}','','','{\"author\":\"\",\"robots\":\"\"}',807,'2011-01-01 00:00:01',0,'0000-00-00 00:00:00',0,'*',1),
(5,30,1,7,8,1,'uncategorised','com_newsfeeds','Uncategorised','uncategorised','','',1,0,'0000-00-00 00:00:00',1,'{\"category_layout\":\"\",\"image\":\"\"}','','','{\"author\":\"\",\"robots\":\"\"}',807,'2011-01-01 00:00:01',0,'0000-00-00 00:00:00',0,'*',1),
(7,32,1,9,10,1,'uncategorised','com_users','Uncategorised','uncategorised','','',1,0,'0000-00-00 00:00:00',1,'{\"category_layout\":\"\",\"image\":\"\"}','','','{\"author\":\"\",\"robots\":\"\"}',807,'2011-01-01 00:00:01',0,'0000-00-00 00:00:00',0,'*',1),
(9,73,1,11,12,1,'','com_jevents','DEFAULT','','','',1,0,'0000-00-00 00:00:00',1,'{\"catcolor\":\"#CCCCFF\",\"admin\":0,\"overlaps\":0,\"image\":\"\"}','','','',807,'2017-06-21 17:23:24',0,'2017-06-21 17:23:24',0,'*',1);

/*Table structure for table `gw48a_contact_details` */


CREATE TABLE `gw48a_contact_details` (
  `id` int NOT NULL AUTO_INCREMENT,
  `name` varchar(255) CHARACTER SET utf8mb4 COLLATE utf8mb4_unicode_ci NOT NULL DEFAULT '',
  `alias` varchar(400) CHARACTER SET utf8mb4 COLLATE utf8mb4_bin NOT NULL DEFAULT '',
  `con_position` varchar(255) CHARACTER SET utf8mb4 COLLATE utf8mb4_unicode_ci DEFAULT NULL,
  `address` text CHARACTER SET utf8mb4 COLLATE utf8mb4_unicode_ci,
  `suburb` varchar(100) CHARACTER SET utf8mb4 COLLATE utf8mb4_unicode_ci DEFAULT NULL,
  `state` varchar(100) CHARACTER SET utf8mb4 COLLATE utf8mb4_unicode_ci DEFAULT NULL,
  `country` varchar(100) CHARACTER SET utf8mb4 COLLATE utf8mb4_unicode_ci DEFAULT NULL,
  `postcode` varchar(100) CHARACTER SET utf8mb4 COLLATE utf8mb4_unicode_ci DEFAULT NULL,
  `telephone` varchar(255) CHARACTER SET utf8mb4 COLLATE utf8mb4_unicode_ci DEFAULT NULL,
  `fax` varchar(255) CHARACTER SET utf8mb4 COLLATE utf8mb4_unicode_ci DEFAULT NULL,
  `misc` mediumtext CHARACTER SET utf8mb4 COLLATE utf8mb4_unicode_ci,
  `image` varchar(255) CHARACTER SET utf8mb4 COLLATE utf8mb4_unicode_ci DEFAULT NULL,
  `email_to` varchar(255) CHARACTER SET utf8mb4 COLLATE utf8mb4_unicode_ci DEFAULT NULL,
  `default_con` tinyint unsigned NOT NULL DEFAULT '0',
  `published` tinyint(1) NOT NULL DEFAULT '0',
  `checked_out` int unsigned NOT NULL DEFAULT '0',
  `checked_out_time` datetime NOT NULL DEFAULT '0000-00-00 00:00:00',
  `ordering` int NOT NULL DEFAULT '0',
  `params` text CHARACTER SET utf8mb4 COLLATE utf8mb4_unicode_ci NOT NULL,
  `user_id` int NOT NULL DEFAULT '0',
  `catid` int NOT NULL DEFAULT '0',
  `access` int unsigned NOT NULL DEFAULT '0',
  `mobile` varchar(255) CHARACTER SET utf8mb4 COLLATE utf8mb4_unicode_ci NOT NULL DEFAULT '',
  `webpage` varchar(255) CHARACTER SET utf8mb4 COLLATE utf8mb4_unicode_ci NOT NULL DEFAULT '',
  `sortname1` varchar(255) CHARACTER SET utf8mb4 COLLATE utf8mb4_unicode_ci NOT NULL,
  `sortname2` varchar(255) CHARACTER SET utf8mb4 COLLATE utf8mb4_unicode_ci NOT NULL,
  `sortname3` varchar(255) CHARACTER SET utf8mb4 COLLATE utf8mb4_unicode_ci NOT NULL,
  `language` char(7) CHARACTER SET utf8mb4 COLLATE utf8mb4_unicode_ci NOT NULL,
  `created` datetime NOT NULL DEFAULT '0000-00-00 00:00:00',
  `created_by` int unsigned NOT NULL DEFAULT '0',
  `created_by_alias` varchar(255) CHARACTER SET utf8mb4 COLLATE utf8mb4_unicode_ci NOT NULL DEFAULT '',
  `modified` datetime NOT NULL DEFAULT '0000-00-00 00:00:00',
  `modified_by` int unsigned NOT NULL DEFAULT '0',
  `metakey` text CHARACTER SET utf8mb4 COLLATE utf8mb4_unicode_ci NOT NULL,
  `metadesc` text CHARACTER SET utf8mb4 COLLATE utf8mb4_unicode_ci NOT NULL,
  `metadata` text CHARACTER SET utf8mb4 COLLATE utf8mb4_unicode_ci NOT NULL,
  `featured` tinyint unsigned NOT NULL DEFAULT '0' COMMENT 'Set if contact is featured.',
  `xreference` varchar(50) CHARACTER SET utf8mb4 COLLATE utf8mb4_unicode_ci NOT NULL COMMENT 'A reference to enable linkages to external data sets.',
  `publish_up` datetime NOT NULL DEFAULT '0000-00-00 00:00:00',
  `publish_down` datetime NOT NULL DEFAULT '0000-00-00 00:00:00',
  `version` int unsigned NOT NULL DEFAULT '1',
  `hits` int unsigned NOT NULL DEFAULT '0',
  PRIMARY KEY (`id`),
  KEY `idx_access` (`access`),
  KEY `idx_checkout` (`checked_out`),
  KEY `idx_state` (`published`),
  KEY `idx_catid` (`catid`),
  KEY `idx_createdby` (`created_by`),
  KEY `idx_featured_catid` (`featured`,`catid`),
  KEY `idx_language` (`language`),
  KEY `idx_xreference` (`xreference`)
) ENGINE=InnoDB DEFAULT CHARSET=utf8mb4 COLLATE=utf8mb4_unicode_ci;

/*Data for the table `gw48a_contact_details` */

/*Table structure for table `gw48a_content` */


CREATE TABLE `gw48a_content` (
  `id` int unsigned NOT NULL AUTO_INCREMENT,
  `asset_id` int unsigned NOT NULL DEFAULT '0' COMMENT 'FK to the #__assets table.',
  `title` varchar(255) CHARACTER SET utf8mb4 COLLATE utf8mb4_unicode_ci NOT NULL DEFAULT '',
  `alias` varchar(400) CHARACTER SET utf8mb4 COLLATE utf8mb4_bin NOT NULL DEFAULT '',
  `introtext` mediumtext CHARACTER SET utf8mb4 COLLATE utf8mb4_unicode_ci NOT NULL,
  `fulltext` mediumtext CHARACTER SET utf8mb4 COLLATE utf8mb4_unicode_ci NOT NULL,
  `state` tinyint NOT NULL DEFAULT '0',
  `catid` int unsigned NOT NULL DEFAULT '0',
  `created` datetime NOT NULL DEFAULT '0000-00-00 00:00:00',
  `created_by` int unsigned NOT NULL DEFAULT '0',
  `created_by_alias` varchar(255) CHARACTER SET utf8mb4 COLLATE utf8mb4_unicode_ci NOT NULL DEFAULT '',
  `modified` datetime NOT NULL DEFAULT '0000-00-00 00:00:00',
  `modified_by` int unsigned NOT NULL DEFAULT '0',
  `checked_out` int unsigned NOT NULL DEFAULT '0',
  `checked_out_time` datetime NOT NULL DEFAULT '0000-00-00 00:00:00',
  `publish_up` datetime NOT NULL DEFAULT '0000-00-00 00:00:00',
  `publish_down` datetime NOT NULL DEFAULT '0000-00-00 00:00:00',
  `images` text CHARACTER SET utf8mb4 COLLATE utf8mb4_unicode_ci NOT NULL,
  `urls` text CHARACTER SET utf8mb4 COLLATE utf8mb4_unicode_ci NOT NULL,
  `attribs` varchar(5120) CHARACTER SET utf8mb4 COLLATE utf8mb4_unicode_ci NOT NULL,
  `version` int unsigned NOT NULL DEFAULT '1',
  `ordering` int NOT NULL DEFAULT '0',
  `metakey` text CHARACTER SET utf8mb4 COLLATE utf8mb4_unicode_ci NOT NULL,
  `metadesc` text CHARACTER SET utf8mb4 COLLATE utf8mb4_unicode_ci NOT NULL,
  `access` int unsigned NOT NULL DEFAULT '0',
  `hits` int unsigned NOT NULL DEFAULT '0',
  `metadata` text CHARACTER SET utf8mb4 COLLATE utf8mb4_unicode_ci NOT NULL,
  `featured` tinyint unsigned NOT NULL DEFAULT '0' COMMENT 'Set if article is featured.',
  `language` char(7) CHARACTER SET utf8mb4 COLLATE utf8mb4_unicode_ci NOT NULL COMMENT 'The language code for the article.',
  `xreference` varchar(50) CHARACTER SET utf8mb4 COLLATE utf8mb4_unicode_ci NOT NULL COMMENT 'A reference to enable linkages to external data sets.',
  PRIMARY KEY (`id`),
  KEY `idx_access` (`access`),
  KEY `idx_checkout` (`checked_out`),
  KEY `idx_state` (`state`),
  KEY `idx_catid` (`catid`),
  KEY `idx_createdby` (`created_by`),
  KEY `idx_featured_catid` (`featured`,`catid`),
  KEY `idx_language` (`language`),
  KEY `idx_xreference` (`xreference`)
) ENGINE=InnoDB AUTO_INCREMENT=3 DEFAULT CHARSET=utf8mb4 COLLATE=utf8mb4_unicode_ci;

/*Data for the table `gw48a_content` */

insert  into `gw48a_content`(`id`,`asset_id`,`title`,`alias`,`introtext`,`fulltext`,`state`,`catid`,`created`,`created_by`,`created_by_alias`,`modified`,`modified_by`,`checked_out`,`checked_out_time`,`publish_up`,`publish_down`,`images`,`urls`,`attribs`,`version`,`ordering`,`metakey`,`metadesc`,`access`,`hits`,`metadata`,`featured`,`language`,`xreference`) values 
(1,56,'Velkommen til Undrumsdal','velkommen-til-undrumsdal','<h3>Bygda over alle bygder<br />Bygda for gode oppvekstvilkår, godt samhold   og godt naboskap.<br />Bygda med god beliggenhet, en god skole og potensial for bærekrafting utvikling.</h3>','',1,2,'2017-02-22 10:09:59',807,'','2017-02-22 10:57:57',807,0,'0000-00-00 00:00:00','2017-02-22 10:09:59','0000-00-00 00:00:00','{\"image_intro\":\"\",\"float_intro\":\"\",\"image_intro_alt\":\"\",\"image_intro_caption\":\"\",\"image_fulltext\":\"\",\"float_fulltext\":\"\",\"image_fulltext_alt\":\"\",\"image_fulltext_caption\":\"\"}','{\"urla\":false,\"urlatext\":\"\",\"targeta\":\"\",\"urlb\":false,\"urlbtext\":\"\",\"targetb\":\"\",\"urlc\":false,\"urlctext\":\"\",\"targetc\":\"\"}','{\"show_title\":\"0\",\"link_titles\":\"\",\"show_tags\":\"\",\"show_intro\":\"\",\"info_block_position\":\"\",\"info_block_show_title\":\"\",\"show_category\":\"0\",\"link_category\":\"\",\"show_parent_category\":\"\",\"link_parent_category\":\"\",\"show_author\":\"0\",\"link_author\":\"\",\"show_create_date\":\"\",\"show_modify_date\":\"\",\"show_publish_date\":\"0\",\"show_item_navigation\":\"\",\"show_icons\":\"\",\"show_print_icon\":\"0\",\"show_email_icon\":\"0\",\"show_vote\":\"\",\"show_hits\":\"0\",\"show_noauth\":\"\",\"urls_position\":\"\",\"alternative_readmore\":\"\",\"article_layout\":\"\",\"show_publishing_options\":\"\",\"show_article_options\":\"\",\"show_urls_images_backend\":\"\",\"show_urls_images_frontend\":\"\"}',5,1,'','',1,0,'{\"robots\":\"\",\"author\":\"\",\"rights\":\"\",\"xreference\":\"\"}',1,'*',''),
(2,57,'Portalside for Undrumsdal','portalside-for-undrumsdal','<p> </p>\r\n<h2>Portalside for Undrumsdal</h2>\r\n<p>Redaktøren ønsker at dette skal bli siden der du finner all informasjon om bygda og det som skjer her.<br />Send gjerne inn tips slik at siden blir oppdatert.</p>\r\n<p>oleh(a)grettenett.no</p>','',1,2,'2017-02-22 10:57:04',807,'','2017-02-22 11:00:11',807,807,'2017-02-22 11:00:11','2017-02-22 10:57:04','0000-00-00 00:00:00','{\"image_intro\":\"\",\"float_intro\":\"\",\"image_intro_alt\":\"\",\"image_intro_caption\":\"\",\"image_fulltext\":\"\",\"float_fulltext\":\"\",\"image_fulltext_alt\":\"\",\"image_fulltext_caption\":\"\"}','{\"urla\":false,\"urlatext\":\"\",\"targeta\":\"\",\"urlb\":false,\"urlbtext\":\"\",\"targetb\":\"\",\"urlc\":false,\"urlctext\":\"\",\"targetc\":\"\"}','{\"show_title\":\"1\",\"link_titles\":\"\",\"show_tags\":\"\",\"show_intro\":\"\",\"info_block_position\":\"\",\"info_block_show_title\":\"\",\"show_category\":\"\",\"link_category\":\"\",\"show_parent_category\":\"\",\"link_parent_category\":\"\",\"show_author\":\"\",\"link_author\":\"\",\"show_create_date\":\"\",\"show_modify_date\":\"\",\"show_publish_date\":\"\",\"show_item_navigation\":\"\",\"show_icons\":\"\",\"show_print_icon\":\"\",\"show_email_icon\":\"\",\"show_vote\":\"\",\"show_hits\":\"\",\"show_noauth\":\"\",\"urls_position\":\"\",\"alternative_readmore\":\"\",\"article_layout\":\"\",\"show_publishing_options\":\"\",\"show_article_options\":\"\",\"show_urls_images_backend\":\"\",\"show_urls_images_frontend\":\"\"}',4,2,'','',1,0,'{\"robots\":\"\",\"author\":\"\",\"rights\":\"\",\"xreference\":\"\"}',1,'*','');

/*Table structure for table `gw48a_content_frontpage` */


CREATE TABLE `gw48a_content_frontpage` (
  `content_id` int NOT NULL DEFAULT '0',
  `ordering` int NOT NULL DEFAULT '0',
  PRIMARY KEY (`content_id`)
) ENGINE=InnoDB DEFAULT CHARSET=utf8mb4 COLLATE=utf8mb4_unicode_ci;

/*Data for the table `gw48a_content_frontpage` */

insert  into `gw48a_content_frontpage`(`content_id`,`ordering`) values 
(1,2),
(2,1);

/*Table structure for table `gw48a_content_rating` */


CREATE TABLE `gw48a_content_rating` (
  `content_id` int NOT NULL DEFAULT '0',
  `rating_sum` int unsigned NOT NULL DEFAULT '0',
  `rating_count` int unsigned NOT NULL DEFAULT '0',
  `lastip` varchar(50) CHARACTER SET utf8mb4 COLLATE utf8mb4_unicode_ci NOT NULL DEFAULT '',
  PRIMARY KEY (`content_id`)
) ENGINE=InnoDB DEFAULT CHARSET=utf8mb4 COLLATE=utf8mb4_unicode_ci;

/*Data for the table `gw48a_content_rating` */

/*Table structure for table `gw48a_content_types` */


CREATE TABLE `gw48a_content_types` (
  `type_id` int unsigned NOT NULL AUTO_INCREMENT,
  `type_title` varchar(255) CHARACTER SET utf8mb4 COLLATE utf8mb4_unicode_ci NOT NULL DEFAULT '',
  `type_alias` varchar(400) CHARACTER SET utf8mb4 COLLATE utf8mb4_unicode_ci NOT NULL DEFAULT '',
  `table` varchar(255) CHARACTER SET utf8mb4 COLLATE utf8mb4_unicode_ci NOT NULL DEFAULT '',
  `rules` text CHARACTER SET utf8mb4 COLLATE utf8mb4_unicode_ci NOT NULL,
  `field_mappings` text CHARACTER SET utf8mb4 COLLATE utf8mb4_unicode_ci NOT NULL,
  `router` varchar(255) CHARACTER SET utf8mb4 COLLATE utf8mb4_unicode_ci NOT NULL DEFAULT '',
  `content_history_options` varchar(5120) CHARACTER SET utf8mb4 COLLATE utf8mb4_unicode_ci DEFAULT NULL COMMENT 'JSON string for com_contenthistory options',
  PRIMARY KEY (`type_id`),
  KEY `idx_alias` (`type_alias`(100))
) ENGINE=InnoDB AUTO_INCREMENT=14 DEFAULT CHARSET=utf8mb4 COLLATE=utf8mb4_unicode_ci;

/*Data for the table `gw48a_content_types` */

insert  into `gw48a_content_types`(`type_id`,`type_title`,`type_alias`,`table`,`rules`,`field_mappings`,`router`,`content_history_options`) values 
(1,'Article','com_content.article','{\"special\":{\"dbtable\":\"#__content\",\"key\":\"id\",\"type\":\"Content\",\"prefix\":\"JTable\",\"config\":\"array()\"},\"common\":{\"dbtable\":\"#__ucm_content\",\"key\":\"ucm_id\",\"type\":\"Corecontent\",\"prefix\":\"JTable\",\"config\":\"array()\"}}','','{\"common\":{\"core_content_item_id\":\"id\",\"core_title\":\"title\",\"core_state\":\"state\",\"core_alias\":\"alias\",\"core_created_time\":\"created\",\"core_modified_time\":\"modified\",\"core_body\":\"introtext\", \"core_hits\":\"hits\",\"core_publish_up\":\"publish_up\",\"core_publish_down\":\"publish_down\",\"core_access\":\"access\", \"core_params\":\"attribs\", \"core_featured\":\"featured\", \"core_metadata\":\"metadata\", \"core_language\":\"language\", \"core_images\":\"images\", \"core_urls\":\"urls\", \"core_version\":\"version\", \"core_ordering\":\"ordering\", \"core_metakey\":\"metakey\", \"core_metadesc\":\"metadesc\", \"core_catid\":\"catid\", \"core_xreference\":\"xreference\", \"asset_id\":\"asset_id\"}, \"special\":{\"fulltext\":\"fulltext\"}}','ContentHelperRoute::getArticleRoute','{\"formFile\":\"administrator\\/components\\/com_content\\/models\\/forms\\/article.xml\", \"hideFields\":[\"asset_id\",\"checked_out\",\"checked_out_time\",\"version\"],\"ignoreChanges\":[\"modified_by\", \"modified\", \"checked_out\", \"checked_out_time\", \"version\", \"hits\"],\"convertToInt\":[\"publish_up\", \"publish_down\", \"featured\", \"ordering\"],\"displayLookup\":[{\"sourceColumn\":\"catid\",\"targetTable\":\"#__categories\",\"targetColumn\":\"id\",\"displayColumn\":\"title\"},{\"sourceColumn\":\"created_by\",\"targetTable\":\"#__users\",\"targetColumn\":\"id\",\"displayColumn\":\"name\"},{\"sourceColumn\":\"access\",\"targetTable\":\"#__viewlevels\",\"targetColumn\":\"id\",\"displayColumn\":\"title\"},{\"sourceColumn\":\"modified_by\",\"targetTable\":\"#__users\",\"targetColumn\":\"id\",\"displayColumn\":\"name\"} ]}'),
(2,'Contact','com_contact.contact','{\"special\":{\"dbtable\":\"#__contact_details\",\"key\":\"id\",\"type\":\"Contact\",\"prefix\":\"ContactTable\",\"config\":\"array()\"},\"common\":{\"dbtable\":\"#__ucm_content\",\"key\":\"ucm_id\",\"type\":\"Corecontent\",\"prefix\":\"JTable\",\"config\":\"array()\"}}','','{\"common\":{\"core_content_item_id\":\"id\",\"core_title\":\"name\",\"core_state\":\"published\",\"core_alias\":\"alias\",\"core_created_time\":\"created\",\"core_modified_time\":\"modified\",\"core_body\":\"address\", \"core_hits\":\"hits\",\"core_publish_up\":\"publish_up\",\"core_publish_down\":\"publish_down\",\"core_access\":\"access\", \"core_params\":\"params\", \"core_featured\":\"featured\", \"core_metadata\":\"metadata\", \"core_language\":\"language\", \"core_images\":\"image\", \"core_urls\":\"webpage\", \"core_version\":\"version\", \"core_ordering\":\"ordering\", \"core_metakey\":\"metakey\", \"core_metadesc\":\"metadesc\", \"core_catid\":\"catid\", \"core_xreference\":\"xreference\", \"asset_id\":\"null\"}, \"special\":{\"con_position\":\"con_position\",\"suburb\":\"suburb\",\"state\":\"state\",\"country\":\"country\",\"postcode\":\"postcode\",\"telephone\":\"telephone\",\"fax\":\"fax\",\"misc\":\"misc\",\"email_to\":\"email_to\",\"default_con\":\"default_con\",\"user_id\":\"user_id\",\"mobile\":\"mobile\",\"sortname1\":\"sortname1\",\"sortname2\":\"sortname2\",\"sortname3\":\"sortname3\"}}','ContactHelperRoute::getContactRoute','{\"formFile\":\"administrator\\/components\\/com_contact\\/models\\/forms\\/contact.xml\",\"hideFields\":[\"default_con\",\"checked_out\",\"checked_out_time\",\"version\",\"xreference\"],\"ignoreChanges\":[\"modified_by\", \"modified\", \"checked_out\", \"checked_out_time\", \"version\", \"hits\"],\"convertToInt\":[\"publish_up\", \"publish_down\", \"featured\", \"ordering\"], \"displayLookup\":[ {\"sourceColumn\":\"created_by\",\"targetTable\":\"#__users\",\"targetColumn\":\"id\",\"displayColumn\":\"name\"},{\"sourceColumn\":\"catid\",\"targetTable\":\"#__categories\",\"targetColumn\":\"id\",\"displayColumn\":\"title\"},{\"sourceColumn\":\"modified_by\",\"targetTable\":\"#__users\",\"targetColumn\":\"id\",\"displayColumn\":\"name\"},{\"sourceColumn\":\"access\",\"targetTable\":\"#__viewlevels\",\"targetColumn\":\"id\",\"displayColumn\":\"title\"},{\"sourceColumn\":\"user_id\",\"targetTable\":\"#__users\",\"targetColumn\":\"id\",\"displayColumn\":\"name\"} ] }'),
(3,'Newsfeed','com_newsfeeds.newsfeed','{\"special\":{\"dbtable\":\"#__newsfeeds\",\"key\":\"id\",\"type\":\"Newsfeed\",\"prefix\":\"NewsfeedsTable\",\"config\":\"array()\"},\"common\":{\"dbtable\":\"#__ucm_content\",\"key\":\"ucm_id\",\"type\":\"Corecontent\",\"prefix\":\"JTable\",\"config\":\"array()\"}}','','{\"common\":{\"core_content_item_id\":\"id\",\"core_title\":\"name\",\"core_state\":\"published\",\"core_alias\":\"alias\",\"core_created_time\":\"created\",\"core_modified_time\":\"modified\",\"core_body\":\"description\", \"core_hits\":\"hits\",\"core_publish_up\":\"publish_up\",\"core_publish_down\":\"publish_down\",\"core_access\":\"access\", \"core_params\":\"params\", \"core_featured\":\"featured\", \"core_metadata\":\"metadata\", \"core_language\":\"language\", \"core_images\":\"images\", \"core_urls\":\"link\", \"core_version\":\"version\", \"core_ordering\":\"ordering\", \"core_metakey\":\"metakey\", \"core_metadesc\":\"metadesc\", \"core_catid\":\"catid\", \"core_xreference\":\"xreference\", \"asset_id\":\"null\"}, \"special\":{\"numarticles\":\"numarticles\",\"cache_time\":\"cache_time\",\"rtl\":\"rtl\"}}','NewsfeedsHelperRoute::getNewsfeedRoute','{\"formFile\":\"administrator\\/components\\/com_newsfeeds\\/models\\/forms\\/newsfeed.xml\",\"hideFields\":[\"asset_id\",\"checked_out\",\"checked_out_time\",\"version\"],\"ignoreChanges\":[\"modified_by\", \"modified\", \"checked_out\", \"checked_out_time\", \"version\", \"hits\"],\"convertToInt\":[\"publish_up\", \"publish_down\", \"featured\", \"ordering\"],\"displayLookup\":[{\"sourceColumn\":\"catid\",\"targetTable\":\"#__categories\",\"targetColumn\":\"id\",\"displayColumn\":\"title\"},{\"sourceColumn\":\"created_by\",\"targetTable\":\"#__users\",\"targetColumn\":\"id\",\"displayColumn\":\"name\"},{\"sourceColumn\":\"access\",\"targetTable\":\"#__viewlevels\",\"targetColumn\":\"id\",\"displayColumn\":\"title\"},{\"sourceColumn\":\"modified_by\",\"targetTable\":\"#__users\",\"targetColumn\":\"id\",\"displayColumn\":\"name\"} ]}'),
(4,'User','com_users.user','{\"special\":{\"dbtable\":\"#__users\",\"key\":\"id\",\"type\":\"User\",\"prefix\":\"JTable\",\"config\":\"array()\"},\"common\":{\"dbtable\":\"#__ucm_content\",\"key\":\"ucm_id\",\"type\":\"Corecontent\",\"prefix\":\"JTable\",\"config\":\"array()\"}}','','{\"common\":{\"core_content_item_id\":\"id\",\"core_title\":\"name\",\"core_state\":\"null\",\"core_alias\":\"username\",\"core_created_time\":\"registerdate\",\"core_modified_time\":\"lastvisitDate\",\"core_body\":\"null\", \"core_hits\":\"null\",\"core_publish_up\":\"null\",\"core_publish_down\":\"null\",\"access\":\"null\", \"core_params\":\"params\", \"core_featured\":\"null\", \"core_metadata\":\"null\", \"core_language\":\"null\", \"core_images\":\"null\", \"core_urls\":\"null\", \"core_version\":\"null\", \"core_ordering\":\"null\", \"core_metakey\":\"null\", \"core_metadesc\":\"null\", \"core_catid\":\"null\", \"core_xreference\":\"null\", \"asset_id\":\"null\"}, \"special\":{}}','UsersHelperRoute::getUserRoute',''),
(5,'Article Category','com_content.category','{\"special\":{\"dbtable\":\"#__categories\",\"key\":\"id\",\"type\":\"Category\",\"prefix\":\"JTable\",\"config\":\"array()\"},\"common\":{\"dbtable\":\"#__ucm_content\",\"key\":\"ucm_id\",\"type\":\"Corecontent\",\"prefix\":\"JTable\",\"config\":\"array()\"}}','','{\"common\":{\"core_content_item_id\":\"id\",\"core_title\":\"title\",\"core_state\":\"published\",\"core_alias\":\"alias\",\"core_created_time\":\"created_time\",\"core_modified_time\":\"modified_time\",\"core_body\":\"description\", \"core_hits\":\"hits\",\"core_publish_up\":\"null\",\"core_publish_down\":\"null\",\"core_access\":\"access\", \"core_params\":\"params\", \"core_featured\":\"null\", \"core_metadata\":\"metadata\", \"core_language\":\"language\", \"core_images\":\"null\", \"core_urls\":\"null\", \"core_version\":\"version\", \"core_ordering\":\"null\", \"core_metakey\":\"metakey\", \"core_metadesc\":\"metadesc\", \"core_catid\":\"parent_id\", \"core_xreference\":\"null\", \"asset_id\":\"asset_id\"}, \"special\":{\"parent_id\":\"parent_id\",\"lft\":\"lft\",\"rgt\":\"rgt\",\"level\":\"level\",\"path\":\"path\",\"extension\":\"extension\",\"note\":\"note\"}}','ContentHelperRoute::getCategoryRoute','{\"formFile\":\"administrator\\/components\\/com_categories\\/models\\/forms\\/category.xml\", \"hideFields\":[\"asset_id\",\"checked_out\",\"checked_out_time\",\"version\",\"lft\",\"rgt\",\"level\",\"path\",\"extension\"], \"ignoreChanges\":[\"modified_user_id\", \"modified_time\", \"checked_out\", \"checked_out_time\", \"version\", \"hits\", \"path\"],\"convertToInt\":[\"publish_up\", \"publish_down\"], \"displayLookup\":[{\"sourceColumn\":\"created_user_id\",\"targetTable\":\"#__users\",\"targetColumn\":\"id\",\"displayColumn\":\"name\"},{\"sourceColumn\":\"access\",\"targetTable\":\"#__viewlevels\",\"targetColumn\":\"id\",\"displayColumn\":\"title\"},{\"sourceColumn\":\"modified_user_id\",\"targetTable\":\"#__users\",\"targetColumn\":\"id\",\"displayColumn\":\"name\"},{\"sourceColumn\":\"parent_id\",\"targetTable\":\"#__categories\",\"targetColumn\":\"id\",\"displayColumn\":\"title\"}]}'),
(6,'Contact Category','com_contact.category','{\"special\":{\"dbtable\":\"#__categories\",\"key\":\"id\",\"type\":\"Category\",\"prefix\":\"JTable\",\"config\":\"array()\"},\"common\":{\"dbtable\":\"#__ucm_content\",\"key\":\"ucm_id\",\"type\":\"Corecontent\",\"prefix\":\"JTable\",\"config\":\"array()\"}}','','{\"common\":{\"core_content_item_id\":\"id\",\"core_title\":\"title\",\"core_state\":\"published\",\"core_alias\":\"alias\",\"core_created_time\":\"created_time\",\"core_modified_time\":\"modified_time\",\"core_body\":\"description\", \"core_hits\":\"hits\",\"core_publish_up\":\"null\",\"core_publish_down\":\"null\",\"core_access\":\"access\", \"core_params\":\"params\", \"core_featured\":\"null\", \"core_metadata\":\"metadata\", \"core_language\":\"language\", \"core_images\":\"null\", \"core_urls\":\"null\", \"core_version\":\"version\", \"core_ordering\":\"null\", \"core_metakey\":\"metakey\", \"core_metadesc\":\"metadesc\", \"core_catid\":\"parent_id\", \"core_xreference\":\"null\", \"asset_id\":\"asset_id\"}, \"special\":{\"parent_id\":\"parent_id\",\"lft\":\"lft\",\"rgt\":\"rgt\",\"level\":\"level\",\"path\":\"path\",\"extension\":\"extension\",\"note\":\"note\"}}','ContactHelperRoute::getCategoryRoute','{\"formFile\":\"administrator\\/components\\/com_categories\\/models\\/forms\\/category.xml\", \"hideFields\":[\"asset_id\",\"checked_out\",\"checked_out_time\",\"version\",\"lft\",\"rgt\",\"level\",\"path\",\"extension\"], \"ignoreChanges\":[\"modified_user_id\", \"modified_time\", \"checked_out\", \"checked_out_time\", \"version\", \"hits\", \"path\"],\"convertToInt\":[\"publish_up\", \"publish_down\"], \"displayLookup\":[{\"sourceColumn\":\"created_user_id\",\"targetTable\":\"#__users\",\"targetColumn\":\"id\",\"displayColumn\":\"name\"},{\"sourceColumn\":\"access\",\"targetTable\":\"#__viewlevels\",\"targetColumn\":\"id\",\"displayColumn\":\"title\"},{\"sourceColumn\":\"modified_user_id\",\"targetTable\":\"#__users\",\"targetColumn\":\"id\",\"displayColumn\":\"name\"},{\"sourceColumn\":\"parent_id\",\"targetTable\":\"#__categories\",\"targetColumn\":\"id\",\"displayColumn\":\"title\"}]}'),
(7,'Newsfeeds Category','com_newsfeeds.category','{\"special\":{\"dbtable\":\"#__categories\",\"key\":\"id\",\"type\":\"Category\",\"prefix\":\"JTable\",\"config\":\"array()\"},\"common\":{\"dbtable\":\"#__ucm_content\",\"key\":\"ucm_id\",\"type\":\"Corecontent\",\"prefix\":\"JTable\",\"config\":\"array()\"}}','','{\"common\":{\"core_content_item_id\":\"id\",\"core_title\":\"title\",\"core_state\":\"published\",\"core_alias\":\"alias\",\"core_created_time\":\"created_time\",\"core_modified_time\":\"modified_time\",\"core_body\":\"description\", \"core_hits\":\"hits\",\"core_publish_up\":\"null\",\"core_publish_down\":\"null\",\"core_access\":\"access\", \"core_params\":\"params\", \"core_featured\":\"null\", \"core_metadata\":\"metadata\", \"core_language\":\"language\", \"core_images\":\"null\", \"core_urls\":\"null\", \"core_version\":\"version\", \"core_ordering\":\"null\", \"core_metakey\":\"metakey\", \"core_metadesc\":\"metadesc\", \"core_catid\":\"parent_id\", \"core_xreference\":\"null\", \"asset_id\":\"asset_id\"}, \"special\":{\"parent_id\":\"parent_id\",\"lft\":\"lft\",\"rgt\":\"rgt\",\"level\":\"level\",\"path\":\"path\",\"extension\":\"extension\",\"note\":\"note\"}}','NewsfeedsHelperRoute::getCategoryRoute','{\"formFile\":\"administrator\\/components\\/com_categories\\/models\\/forms\\/category.xml\", \"hideFields\":[\"asset_id\",\"checked_out\",\"checked_out_time\",\"version\",\"lft\",\"rgt\",\"level\",\"path\",\"extension\"], \"ignoreChanges\":[\"modified_user_id\", \"modified_time\", \"checked_out\", \"checked_out_time\", \"version\", \"hits\", \"path\"],\"convertToInt\":[\"publish_up\", \"publish_down\"], \"displayLookup\":[{\"sourceColumn\":\"created_user_id\",\"targetTable\":\"#__users\",\"targetColumn\":\"id\",\"displayColumn\":\"name\"},{\"sourceColumn\":\"access\",\"targetTable\":\"#__viewlevels\",\"targetColumn\":\"id\",\"displayColumn\":\"title\"},{\"sourceColumn\":\"modified_user_id\",\"targetTable\":\"#__users\",\"targetColumn\":\"id\",\"displayColumn\":\"name\"},{\"sourceColumn\":\"parent_id\",\"targetTable\":\"#__categories\",\"targetColumn\":\"id\",\"displayColumn\":\"title\"}]}'),
(8,'Tag','com_tags.tag','{\"special\":{\"dbtable\":\"#__tags\",\"key\":\"tag_id\",\"type\":\"Tag\",\"prefix\":\"TagsTable\",\"config\":\"array()\"},\"common\":{\"dbtable\":\"#__ucm_content\",\"key\":\"ucm_id\",\"type\":\"Corecontent\",\"prefix\":\"JTable\",\"config\":\"array()\"}}','','{\"common\":{\"core_content_item_id\":\"id\",\"core_title\":\"title\",\"core_state\":\"published\",\"core_alias\":\"alias\",\"core_created_time\":\"created_time\",\"core_modified_time\":\"modified_time\",\"core_body\":\"description\", \"core_hits\":\"hits\",\"core_publish_up\":\"null\",\"core_publish_down\":\"null\",\"core_access\":\"access\", \"core_params\":\"params\", \"core_featured\":\"featured\", \"core_metadata\":\"metadata\", \"core_language\":\"language\", \"core_images\":\"images\", \"core_urls\":\"urls\", \"core_version\":\"version\", \"core_ordering\":\"null\", \"core_metakey\":\"metakey\", \"core_metadesc\":\"metadesc\", \"core_catid\":\"null\", \"core_xreference\":\"null\", \"asset_id\":\"null\"}, \"special\":{\"parent_id\":\"parent_id\",\"lft\":\"lft\",\"rgt\":\"rgt\",\"level\":\"level\",\"path\":\"path\"}}','TagsHelperRoute::getTagRoute','{\"formFile\":\"administrator\\/components\\/com_tags\\/models\\/forms\\/tag.xml\", \"hideFields\":[\"checked_out\",\"checked_out_time\",\"version\", \"lft\", \"rgt\", \"level\", \"path\", \"urls\", \"publish_up\", \"publish_down\"],\"ignoreChanges\":[\"modified_user_id\", \"modified_time\", \"checked_out\", \"checked_out_time\", \"version\", \"hits\", \"path\"],\"convertToInt\":[\"publish_up\", \"publish_down\"], \"displayLookup\":[{\"sourceColumn\":\"created_user_id\",\"targetTable\":\"#__users\",\"targetColumn\":\"id\",\"displayColumn\":\"name\"}, {\"sourceColumn\":\"access\",\"targetTable\":\"#__viewlevels\",\"targetColumn\":\"id\",\"displayColumn\":\"title\"}, {\"sourceColumn\":\"modified_user_id\",\"targetTable\":\"#__users\",\"targetColumn\":\"id\",\"displayColumn\":\"name\"}]}'),
(9,'Banner','com_banners.banner','{\"special\":{\"dbtable\":\"#__banners\",\"key\":\"id\",\"type\":\"Banner\",\"prefix\":\"BannersTable\",\"config\":\"array()\"},\"common\":{\"dbtable\":\"#__ucm_content\",\"key\":\"ucm_id\",\"type\":\"Corecontent\",\"prefix\":\"JTable\",\"config\":\"array()\"}}','','{\"common\":{\"core_content_item_id\":\"id\",\"core_title\":\"name\",\"core_state\":\"published\",\"core_alias\":\"alias\",\"core_created_time\":\"created\",\"core_modified_time\":\"modified\",\"core_body\":\"description\", \"core_hits\":\"null\",\"core_publish_up\":\"publish_up\",\"core_publish_down\":\"publish_down\",\"core_access\":\"access\", \"core_params\":\"params\", \"core_featured\":\"null\", \"core_metadata\":\"metadata\", \"core_language\":\"language\", \"core_images\":\"images\", \"core_urls\":\"link\", \"core_version\":\"version\", \"core_ordering\":\"ordering\", \"core_metakey\":\"metakey\", \"core_metadesc\":\"metadesc\", \"core_catid\":\"catid\", \"core_xreference\":\"null\", \"asset_id\":\"null\"}, \"special\":{\"imptotal\":\"imptotal\", \"impmade\":\"impmade\", \"clicks\":\"clicks\", \"clickurl\":\"clickurl\", \"custombannercode\":\"custombannercode\", \"cid\":\"cid\", \"purchase_type\":\"purchase_type\", \"track_impressions\":\"track_impressions\", \"track_clicks\":\"track_clicks\"}}','','{\"formFile\":\"administrator\\/components\\/com_banners\\/models\\/forms\\/banner.xml\", \"hideFields\":[\"checked_out\",\"checked_out_time\",\"version\", \"reset\"],\"ignoreChanges\":[\"modified_by\", \"modified\", \"checked_out\", \"checked_out_time\", \"version\", \"imptotal\", \"impmade\", \"reset\"], \"convertToInt\":[\"publish_up\", \"publish_down\", \"ordering\"], \"displayLookup\":[{\"sourceColumn\":\"catid\",\"targetTable\":\"#__categories\",\"targetColumn\":\"id\",\"displayColumn\":\"title\"}, {\"sourceColumn\":\"cid\",\"targetTable\":\"#__banner_clients\",\"targetColumn\":\"id\",\"displayColumn\":\"name\"}, {\"sourceColumn\":\"created_by\",\"targetTable\":\"#__users\",\"targetColumn\":\"id\",\"displayColumn\":\"name\"},{\"sourceColumn\":\"modified_by\",\"targetTable\":\"#__users\",\"targetColumn\":\"id\",\"displayColumn\":\"name\"} ]}'),
(10,'Banners Category','com_banners.category','{\"special\":{\"dbtable\":\"#__categories\",\"key\":\"id\",\"type\":\"Category\",\"prefix\":\"JTable\",\"config\":\"array()\"},\"common\":{\"dbtable\":\"#__ucm_content\",\"key\":\"ucm_id\",\"type\":\"Corecontent\",\"prefix\":\"JTable\",\"config\":\"array()\"}}','','{\"common\":{\"core_content_item_id\":\"id\",\"core_title\":\"title\",\"core_state\":\"published\",\"core_alias\":\"alias\",\"core_created_time\":\"created_time\",\"core_modified_time\":\"modified_time\",\"core_body\":\"description\", \"core_hits\":\"hits\",\"core_publish_up\":\"null\",\"core_publish_down\":\"null\",\"core_access\":\"access\", \"core_params\":\"params\", \"core_featured\":\"null\", \"core_metadata\":\"metadata\", \"core_language\":\"language\", \"core_images\":\"null\", \"core_urls\":\"null\", \"core_version\":\"version\", \"core_ordering\":\"null\", \"core_metakey\":\"metakey\", \"core_metadesc\":\"metadesc\", \"core_catid\":\"parent_id\", \"core_xreference\":\"null\", \"asset_id\":\"asset_id\"}, \"special\": {\"parent_id\":\"parent_id\",\"lft\":\"lft\",\"rgt\":\"rgt\",\"level\":\"level\",\"path\":\"path\",\"extension\":\"extension\",\"note\":\"note\"}}','','{\"formFile\":\"administrator\\/components\\/com_categories\\/models\\/forms\\/category.xml\", \"hideFields\":[\"asset_id\",\"checked_out\",\"checked_out_time\",\"version\",\"lft\",\"rgt\",\"level\",\"path\",\"extension\"], \"ignoreChanges\":[\"modified_user_id\", \"modified_time\", \"checked_out\", \"checked_out_time\", \"version\", \"hits\", \"path\"], \"convertToInt\":[\"publish_up\", \"publish_down\"], \"displayLookup\":[{\"sourceColumn\":\"created_user_id\",\"targetTable\":\"#__users\",\"targetColumn\":\"id\",\"displayColumn\":\"name\"},{\"sourceColumn\":\"access\",\"targetTable\":\"#__viewlevels\",\"targetColumn\":\"id\",\"displayColumn\":\"title\"},{\"sourceColumn\":\"modified_user_id\",\"targetTable\":\"#__users\",\"targetColumn\":\"id\",\"displayColumn\":\"name\"},{\"sourceColumn\":\"parent_id\",\"targetTable\":\"#__categories\",\"targetColumn\":\"id\",\"displayColumn\":\"title\"}]}'),
(11,'Banner Client','com_banners.client','{\"special\":{\"dbtable\":\"#__banner_clients\",\"key\":\"id\",\"type\":\"Client\",\"prefix\":\"BannersTable\"}}','','','','{\"formFile\":\"administrator\\/components\\/com_banners\\/models\\/forms\\/client.xml\", \"hideFields\":[\"checked_out\",\"checked_out_time\"], \"ignoreChanges\":[\"checked_out\", \"checked_out_time\"], \"convertToInt\":[], \"displayLookup\":[]}'),
(12,'User Notes','com_users.note','{\"special\":{\"dbtable\":\"#__user_notes\",\"key\":\"id\",\"type\":\"Note\",\"prefix\":\"UsersTable\"}}','','','','{\"formFile\":\"administrator\\/components\\/com_users\\/models\\/forms\\/note.xml\", \"hideFields\":[\"checked_out\",\"checked_out_time\", \"publish_up\", \"publish_down\"],\"ignoreChanges\":[\"modified_user_id\", \"modified_time\", \"checked_out\", \"checked_out_time\"], \"convertToInt\":[\"publish_up\", \"publish_down\"],\"displayLookup\":[{\"sourceColumn\":\"catid\",\"targetTable\":\"#__categories\",\"targetColumn\":\"id\",\"displayColumn\":\"title\"}, {\"sourceColumn\":\"created_user_id\",\"targetTable\":\"#__users\",\"targetColumn\":\"id\",\"displayColumn\":\"name\"}, {\"sourceColumn\":\"user_id\",\"targetTable\":\"#__users\",\"targetColumn\":\"id\",\"displayColumn\":\"name\"}, {\"sourceColumn\":\"modified_user_id\",\"targetTable\":\"#__users\",\"targetColumn\":\"id\",\"displayColumn\":\"name\"}]}'),
(13,'User Notes Category','com_users.category','{\"special\":{\"dbtable\":\"#__categories\",\"key\":\"id\",\"type\":\"Category\",\"prefix\":\"JTable\",\"config\":\"array()\"},\"common\":{\"dbtable\":\"#__ucm_content\",\"key\":\"ucm_id\",\"type\":\"Corecontent\",\"prefix\":\"JTable\",\"config\":\"array()\"}}','','{\"common\":{\"core_content_item_id\":\"id\",\"core_title\":\"title\",\"core_state\":\"published\",\"core_alias\":\"alias\",\"core_created_time\":\"created_time\",\"core_modified_time\":\"modified_time\",\"core_body\":\"description\", \"core_hits\":\"hits\",\"core_publish_up\":\"null\",\"core_publish_down\":\"null\",\"core_access\":\"access\", \"core_params\":\"params\", \"core_featured\":\"null\", \"core_metadata\":\"metadata\", \"core_language\":\"language\", \"core_images\":\"null\", \"core_urls\":\"null\", \"core_version\":\"version\", \"core_ordering\":\"null\", \"core_metakey\":\"metakey\", \"core_metadesc\":\"metadesc\", \"core_catid\":\"parent_id\", \"core_xreference\":\"null\", \"asset_id\":\"asset_id\"}, \"special\":{\"parent_id\":\"parent_id\",\"lft\":\"lft\",\"rgt\":\"rgt\",\"level\":\"level\",\"path\":\"path\",\"extension\":\"extension\",\"note\":\"note\"}}','','{\"formFile\":\"administrator\\/components\\/com_categories\\/models\\/forms\\/category.xml\", \"hideFields\":[\"checked_out\",\"checked_out_time\",\"version\",\"lft\",\"rgt\",\"level\",\"path\",\"extension\"], \"ignoreChanges\":[\"modified_user_id\", \"modified_time\", \"checked_out\", \"checked_out_time\", \"version\", \"hits\", \"path\"], \"convertToInt\":[\"publish_up\", \"publish_down\"], \"displayLookup\":[{\"sourceColumn\":\"created_user_id\",\"targetTable\":\"#__users\",\"targetColumn\":\"id\",\"displayColumn\":\"name\"}, {\"sourceColumn\":\"access\",\"targetTable\":\"#__viewlevels\",\"targetColumn\":\"id\",\"displayColumn\":\"title\"},{\"sourceColumn\":\"modified_user_id\",\"targetTable\":\"#__users\",\"targetColumn\":\"id\",\"displayColumn\":\"name\"},{\"sourceColumn\":\"parent_id\",\"targetTable\":\"#__categories\",\"targetColumn\":\"id\",\"displayColumn\":\"title\"}]}');

/*Table structure for table `gw48a_contentitem_tag_map` */


CREATE TABLE `gw48a_contentitem_tag_map` (
  `type_alias` varchar(255) CHARACTER SET utf8mb4 COLLATE utf8mb4_unicode_ci NOT NULL DEFAULT '',
  `core_content_id` int unsigned NOT NULL COMMENT 'PK from the core content table',
  `content_item_id` int NOT NULL COMMENT 'PK from the content type table',
  `tag_id` int unsigned NOT NULL COMMENT 'PK from the tag table',
  `tag_date` timestamp NOT NULL DEFAULT CURRENT_TIMESTAMP ON UPDATE CURRENT_TIMESTAMP COMMENT 'Date of most recent save for this tag-item',
  `type_id` mediumint NOT NULL COMMENT 'PK from the content_type table',
  UNIQUE KEY `uc_ItemnameTagid` (`type_id`,`content_item_id`,`tag_id`),
  KEY `idx_tag_type` (`tag_id`,`type_id`),
  KEY `idx_date_id` (`tag_date`,`tag_id`),
  KEY `idx_core_content_id` (`core_content_id`)
) ENGINE=InnoDB DEFAULT CHARSET=utf8mb4 COLLATE=utf8mb4_unicode_ci COMMENT='Maps items from content tables to tags';

/*Data for the table `gw48a_contentitem_tag_map` */

/*Table structure for table `gw48a_core_log_searches` */


CREATE TABLE `gw48a_core_log_searches` (
  `search_term` varchar(128) CHARACTER SET utf8mb4 COLLATE utf8mb4_unicode_ci NOT NULL DEFAULT '',
  `hits` int unsigned NOT NULL DEFAULT '0'
) ENGINE=InnoDB DEFAULT CHARSET=utf8mb4 COLLATE=utf8mb4_unicode_ci;

/*Data for the table `gw48a_core_log_searches` */

/*Table structure for table `gw48a_extensions` */


CREATE TABLE `gw48a_extensions` (
  `extension_id` int NOT NULL AUTO_INCREMENT,
  `name` varchar(100) CHARACTER SET utf8mb4 COLLATE utf8mb4_unicode_ci NOT NULL,
  `type` varchar(20) CHARACTER SET utf8mb4 COLLATE utf8mb4_unicode_ci NOT NULL,
  `element` varchar(100) CHARACTER SET utf8mb4 COLLATE utf8mb4_unicode_ci NOT NULL,
  `folder` varchar(100) CHARACTER SET utf8mb4 COLLATE utf8mb4_unicode_ci NOT NULL,
  `client_id` tinyint NOT NULL,
  `enabled` tinyint NOT NULL DEFAULT '1',
  `access` int unsigned NOT NULL DEFAULT '1',
  `protected` tinyint NOT NULL DEFAULT '0',
  `manifest_cache` text CHARACTER SET utf8mb4 COLLATE utf8mb4_unicode_ci NOT NULL,
  `params` text CHARACTER SET utf8mb4 COLLATE utf8mb4_unicode_ci NOT NULL,
  `custom_data` text CHARACTER SET utf8mb4 COLLATE utf8mb4_unicode_ci NOT NULL,
  `system_data` text CHARACTER SET utf8mb4 COLLATE utf8mb4_unicode_ci NOT NULL,
  `checked_out` int unsigned NOT NULL DEFAULT '0',
  `checked_out_time` datetime NOT NULL DEFAULT '0000-00-00 00:00:00',
  `ordering` int DEFAULT '0',
  `state` int DEFAULT '0',
  PRIMARY KEY (`extension_id`),
  KEY `element_clientid` (`element`,`client_id`),
  KEY `element_folder_clientid` (`element`,`folder`,`client_id`),
  KEY `extension` (`type`,`element`,`folder`,`client_id`)
) ENGINE=InnoDB AUTO_INCREMENT=10038 DEFAULT CHARSET=utf8mb4 COLLATE=utf8mb4_unicode_ci;

/*Data for the table `gw48a_extensions` */

insert  into `gw48a_extensions`(`extension_id`,`name`,`type`,`element`,`folder`,`client_id`,`enabled`,`access`,`protected`,`manifest_cache`,`params`,`custom_data`,`system_data`,`checked_out`,`checked_out_time`,`ordering`,`state`) values 
(1,'com_mailto','component','com_mailto','',0,1,1,1,'{\"name\":\"com_mailto\",\"type\":\"component\",\"creationDate\":\"April 2006\",\"author\":\"Joomla! Project\",\"copyright\":\"(C) 2005 - 2016 Open Source Matters. All rights reserved.\\t\",\"authorEmail\":\"admin@joomla.org\",\"authorUrl\":\"www.joomla.org\",\"version\":\"3.0.0\",\"description\":\"COM_MAILTO_XML_DESCRIPTION\",\"group\":\"\",\"filename\":\"mailto\"}','','','',0,'0000-00-00 00:00:00',0,0),
(2,'com_wrapper','component','com_wrapper','',0,1,1,1,'{\"name\":\"com_wrapper\",\"type\":\"component\",\"creationDate\":\"April 2006\",\"author\":\"Joomla! Project\",\"copyright\":\"(C) 2005 - 2016 Open Source Matters. All rights reserved.\\n\\t\",\"authorEmail\":\"admin@joomla.org\",\"authorUrl\":\"www.joomla.org\",\"version\":\"3.0.0\",\"description\":\"COM_WRAPPER_XML_DESCRIPTION\",\"group\":\"\",\"filename\":\"wrapper\"}','','','',0,'0000-00-00 00:00:00',0,0),
(3,'com_admin','component','com_admin','',1,1,1,1,'{\"name\":\"com_admin\",\"type\":\"component\",\"creationDate\":\"April 2006\",\"author\":\"Joomla! Project\",\"copyright\":\"(C) 2005 - 2016 Open Source Matters. All rights reserved.\",\"authorEmail\":\"admin@joomla.org\",\"authorUrl\":\"www.joomla.org\",\"version\":\"3.0.0\",\"description\":\"COM_ADMIN_XML_DESCRIPTION\",\"group\":\"\"}','','','',0,'0000-00-00 00:00:00',0,0),
(4,'com_banners','component','com_banners','',1,1,1,0,'{\"name\":\"com_banners\",\"type\":\"component\",\"creationDate\":\"April 2006\",\"author\":\"Joomla! Project\",\"copyright\":\"(C) 2005 - 2016 Open Source Matters. All rights reserved.\",\"authorEmail\":\"admin@joomla.org\",\"authorUrl\":\"www.joomla.org\",\"version\":\"3.0.0\",\"description\":\"COM_BANNERS_XML_DESCRIPTION\",\"group\":\"\",\"filename\":\"banners\"}','{\"purchase_type\":\"3\",\"track_impressions\":\"0\",\"track_clicks\":\"0\",\"metakey_prefix\":\"\",\"save_history\":\"1\",\"history_limit\":10}','','',0,'0000-00-00 00:00:00',0,0),
(5,'com_cache','component','com_cache','',1,1,1,1,'{\"name\":\"com_cache\",\"type\":\"component\",\"creationDate\":\"April 2006\",\"author\":\"Joomla! Project\",\"copyright\":\"(C) 2005 - 2016 Open Source Matters. All rights reserved.\",\"authorEmail\":\"admin@joomla.org\",\"authorUrl\":\"www.joomla.org\",\"version\":\"3.0.0\",\"description\":\"COM_CACHE_XML_DESCRIPTION\",\"group\":\"\"}','','','',0,'0000-00-00 00:00:00',0,0),
(6,'com_categories','component','com_categories','',1,1,1,1,'{\"name\":\"com_categories\",\"type\":\"component\",\"creationDate\":\"December 2007\",\"author\":\"Joomla! Project\",\"copyright\":\"(C) 2005 - 2016 Open Source Matters. All rights reserved.\",\"authorEmail\":\"admin@joomla.org\",\"authorUrl\":\"www.joomla.org\",\"version\":\"3.0.0\",\"description\":\"COM_CATEGORIES_XML_DESCRIPTION\",\"group\":\"\"}','','','',0,'0000-00-00 00:00:00',0,0),
(7,'com_checkin','component','com_checkin','',1,1,1,1,'{\"name\":\"com_checkin\",\"type\":\"component\",\"creationDate\":\"April 2006\",\"author\":\"Joomla! Project\",\"copyright\":\"(C) 2005 - 2016 Open Source Matters. All rights reserved.\",\"authorEmail\":\"admin@joomla.org\",\"authorUrl\":\"www.joomla.org\",\"version\":\"3.0.0\",\"description\":\"COM_CHECKIN_XML_DESCRIPTION\",\"group\":\"\"}','','','',0,'0000-00-00 00:00:00',0,0),
(8,'com_contact','component','com_contact','',1,1,1,0,'{\"name\":\"com_contact\",\"type\":\"component\",\"creationDate\":\"April 2006\",\"author\":\"Joomla! Project\",\"copyright\":\"(C) 2005 - 2016 Open Source Matters. All rights reserved.\",\"authorEmail\":\"admin@joomla.org\",\"authorUrl\":\"www.joomla.org\",\"version\":\"3.0.0\",\"description\":\"COM_CONTACT_XML_DESCRIPTION\",\"group\":\"\",\"filename\":\"contact\"}','{\"show_contact_category\":\"hide\",\"save_history\":\"1\",\"history_limit\":10,\"show_contact_list\":\"0\",\"presentation_style\":\"sliders\",\"show_name\":\"1\",\"show_position\":\"1\",\"show_email\":\"0\",\"show_street_address\":\"1\",\"show_suburb\":\"1\",\"show_state\":\"1\",\"show_postcode\":\"1\",\"show_country\":\"1\",\"show_telephone\":\"1\",\"show_mobile\":\"1\",\"show_fax\":\"1\",\"show_webpage\":\"1\",\"show_misc\":\"1\",\"show_image\":\"1\",\"image\":\"\",\"allow_vcard\":\"0\",\"show_articles\":\"0\",\"show_profile\":\"0\",\"show_links\":\"0\",\"linka_name\":\"\",\"linkb_name\":\"\",\"linkc_name\":\"\",\"linkd_name\":\"\",\"linke_name\":\"\",\"contact_icons\":\"0\",\"icon_address\":\"\",\"icon_email\":\"\",\"icon_telephone\":\"\",\"icon_mobile\":\"\",\"icon_fax\":\"\",\"icon_misc\":\"\",\"show_headings\":\"1\",\"show_position_headings\":\"1\",\"show_email_headings\":\"0\",\"show_telephone_headings\":\"1\",\"show_mobile_headings\":\"0\",\"show_fax_headings\":\"0\",\"allow_vcard_headings\":\"0\",\"show_suburb_headings\":\"1\",\"show_state_headings\":\"1\",\"show_country_headings\":\"1\",\"show_email_form\":\"1\",\"show_email_copy\":\"1\",\"banned_email\":\"\",\"banned_subject\":\"\",\"banned_text\":\"\",\"validate_session\":\"1\",\"custom_reply\":\"0\",\"redirect\":\"\",\"show_category_crumb\":\"0\",\"metakey\":\"\",\"metadesc\":\"\",\"robots\":\"\",\"author\":\"\",\"rights\":\"\",\"xreference\":\"\"}','','',0,'0000-00-00 00:00:00',0,0),
(9,'com_cpanel','component','com_cpanel','',1,1,1,1,'{\"name\":\"com_cpanel\",\"type\":\"component\",\"creationDate\":\"April 2006\",\"author\":\"Joomla! Project\",\"copyright\":\"(C) 2005 - 2016 Open Source Matters. All rights reserved.\",\"authorEmail\":\"admin@joomla.org\",\"authorUrl\":\"www.joomla.org\",\"version\":\"3.0.0\",\"description\":\"COM_CPANEL_XML_DESCRIPTION\",\"group\":\"\"}','','','',0,'0000-00-00 00:00:00',0,0),
(10,'com_installer','component','com_installer','',1,1,1,1,'{\"name\":\"com_installer\",\"type\":\"component\",\"creationDate\":\"April 2006\",\"author\":\"Joomla! Project\",\"copyright\":\"(C) 2005 - 2016 Open Source Matters. All rights reserved.\",\"authorEmail\":\"admin@joomla.org\",\"authorUrl\":\"www.joomla.org\",\"version\":\"3.0.0\",\"description\":\"COM_INSTALLER_XML_DESCRIPTION\",\"group\":\"\"}','','','',0,'0000-00-00 00:00:00',0,0),
(11,'com_languages','component','com_languages','',1,1,1,1,'{\"name\":\"com_languages\",\"type\":\"component\",\"creationDate\":\"April 2006\",\"author\":\"Joomla! Project\",\"copyright\":\"(C) 2005 - 2016 Open Source Matters. All rights reserved.\",\"authorEmail\":\"admin@joomla.org\",\"authorUrl\":\"www.joomla.org\",\"version\":\"3.0.0\",\"description\":\"COM_LANGUAGES_XML_DESCRIPTION\",\"group\":\"\"}','{\"administrator\":\"en-GB\",\"site\":\"nb-NO\"}','','',0,'0000-00-00 00:00:00',0,0),
(12,'com_login','component','com_login','',1,1,1,1,'{\"name\":\"com_login\",\"type\":\"component\",\"creationDate\":\"April 2006\",\"author\":\"Joomla! Project\",\"copyright\":\"(C) 2005 - 2016 Open Source Matters. All rights reserved.\",\"authorEmail\":\"admin@joomla.org\",\"authorUrl\":\"www.joomla.org\",\"version\":\"3.0.0\",\"description\":\"COM_LOGIN_XML_DESCRIPTION\",\"group\":\"\"}','','','',0,'0000-00-00 00:00:00',0,0),
(13,'com_media','component','com_media','',1,1,0,1,'{\"name\":\"com_media\",\"type\":\"component\",\"creationDate\":\"April 2006\",\"author\":\"Joomla! Project\",\"copyright\":\"(C) 2005 - 2016 Open Source Matters. All rights reserved.\",\"authorEmail\":\"admin@joomla.org\",\"authorUrl\":\"www.joomla.org\",\"version\":\"3.0.0\",\"description\":\"COM_MEDIA_XML_DESCRIPTION\",\"group\":\"\",\"filename\":\"media\"}','{\"upload_extensions\":\"bmp,csv,doc,gif,ico,jpg,jpeg,odg,odp,ods,odt,pdf,png,ppt,swf,txt,xcf,xls,BMP,CSV,DOC,GIF,ICO,JPG,JPEG,ODG,ODP,ODS,ODT,PDF,PNG,PPT,SWF,TXT,XCF,XLS\",\"upload_maxsize\":\"10\",\"file_path\":\"images\",\"image_path\":\"images\",\"restrict_uploads\":\"1\",\"allowed_media_usergroup\":\"3\",\"check_mime\":\"1\",\"image_extensions\":\"bmp,gif,jpg,png\",\"ignore_extensions\":\"\",\"upload_mime\":\"image\\/jpeg,image\\/gif,image\\/png,image\\/bmp,application\\/x-shockwave-flash,application\\/msword,application\\/excel,application\\/pdf,application\\/powerpoint,text\\/plain,application\\/x-zip\",\"upload_mime_illegal\":\"text\\/html\"}','','',0,'0000-00-00 00:00:00',0,0),
(14,'com_menus','component','com_menus','',1,1,1,1,'{\"name\":\"com_menus\",\"type\":\"component\",\"creationDate\":\"April 2006\",\"author\":\"Joomla! Project\",\"copyright\":\"(C) 2005 - 2016 Open Source Matters. All rights reserved.\",\"authorEmail\":\"admin@joomla.org\",\"authorUrl\":\"www.joomla.org\",\"version\":\"3.0.0\",\"description\":\"COM_MENUS_XML_DESCRIPTION\",\"group\":\"\"}','','','',0,'0000-00-00 00:00:00',0,0),
(15,'com_messages','component','com_messages','',1,1,1,1,'{\"name\":\"com_messages\",\"type\":\"component\",\"creationDate\":\"April 2006\",\"author\":\"Joomla! Project\",\"copyright\":\"(C) 2005 - 2016 Open Source Matters. All rights reserved.\",\"authorEmail\":\"admin@joomla.org\",\"authorUrl\":\"www.joomla.org\",\"version\":\"3.0.0\",\"description\":\"COM_MESSAGES_XML_DESCRIPTION\",\"group\":\"\"}','','','',0,'0000-00-00 00:00:00',0,0),
(16,'com_modules','component','com_modules','',1,1,1,1,'{\"name\":\"com_modules\",\"type\":\"component\",\"creationDate\":\"April 2006\",\"author\":\"Joomla! Project\",\"copyright\":\"(C) 2005 - 2016 Open Source Matters. All rights reserved.\",\"authorEmail\":\"admin@joomla.org\",\"authorUrl\":\"www.joomla.org\",\"version\":\"3.0.0\",\"description\":\"COM_MODULES_XML_DESCRIPTION\",\"group\":\"\"}','','','',0,'0000-00-00 00:00:00',0,0),
(17,'com_newsfeeds','component','com_newsfeeds','',1,1,1,0,'{\"name\":\"com_newsfeeds\",\"type\":\"component\",\"creationDate\":\"April 2006\",\"author\":\"Joomla! Project\",\"copyright\":\"(C) 2005 - 2016 Open Source Matters. All rights reserved.\",\"authorEmail\":\"admin@joomla.org\",\"authorUrl\":\"www.joomla.org\",\"version\":\"3.0.0\",\"description\":\"COM_NEWSFEEDS_XML_DESCRIPTION\",\"group\":\"\",\"filename\":\"newsfeeds\"}','{\"newsfeed_layout\":\"_:default\",\"save_history\":\"1\",\"history_limit\":5,\"show_feed_image\":\"1\",\"show_feed_description\":\"1\",\"show_item_description\":\"1\",\"feed_character_count\":\"0\",\"feed_display_order\":\"des\",\"float_first\":\"right\",\"float_second\":\"right\",\"show_tags\":\"1\",\"category_layout\":\"_:default\",\"show_category_title\":\"1\",\"show_description\":\"1\",\"show_description_image\":\"1\",\"maxLevel\":\"-1\",\"show_empty_categories\":\"0\",\"show_subcat_desc\":\"1\",\"show_cat_items\":\"1\",\"show_cat_tags\":\"1\",\"show_base_description\":\"1\",\"maxLevelcat\":\"-1\",\"show_empty_categories_cat\":\"0\",\"show_subcat_desc_cat\":\"1\",\"show_cat_items_cat\":\"1\",\"filter_field\":\"1\",\"show_pagination_limit\":\"1\",\"show_headings\":\"1\",\"show_articles\":\"0\",\"show_link\":\"1\",\"show_pagination\":\"1\",\"show_pagination_results\":\"1\"}','','',0,'0000-00-00 00:00:00',0,0),
(18,'com_plugins','component','com_plugins','',1,1,1,1,'{\"name\":\"com_plugins\",\"type\":\"component\",\"creationDate\":\"April 2006\",\"author\":\"Joomla! Project\",\"copyright\":\"(C) 2005 - 2016 Open Source Matters. All rights reserved.\",\"authorEmail\":\"admin@joomla.org\",\"authorUrl\":\"www.joomla.org\",\"version\":\"3.0.0\",\"description\":\"COM_PLUGINS_XML_DESCRIPTION\",\"group\":\"\"}','','','',0,'0000-00-00 00:00:00',0,0),
(19,'com_search','component','com_search','',1,1,1,0,'{\"name\":\"com_search\",\"type\":\"component\",\"creationDate\":\"April 2006\",\"author\":\"Joomla! Project\",\"copyright\":\"(C) 2005 - 2016 Open Source Matters. All rights reserved.\",\"authorEmail\":\"admin@joomla.org\",\"authorUrl\":\"www.joomla.org\",\"version\":\"3.0.0\",\"description\":\"COM_SEARCH_XML_DESCRIPTION\",\"group\":\"\",\"filename\":\"search\"}','{\"enabled\":\"0\",\"show_date\":\"1\"}','','',0,'0000-00-00 00:00:00',0,0),
(20,'com_templates','component','com_templates','',1,1,1,1,'{\"name\":\"com_templates\",\"type\":\"component\",\"creationDate\":\"April 2006\",\"author\":\"Joomla! Project\",\"copyright\":\"(C) 2005 - 2016 Open Source Matters. All rights reserved.\",\"authorEmail\":\"admin@joomla.org\",\"authorUrl\":\"www.joomla.org\",\"version\":\"3.0.0\",\"description\":\"COM_TEMPLATES_XML_DESCRIPTION\",\"group\":\"\"}','{\"template_positions_display\":\"0\",\"upload_limit\":\"10\",\"image_formats\":\"gif,bmp,jpg,jpeg,png\",\"source_formats\":\"txt,less,ini,xml,js,php,css\",\"font_formats\":\"woff,ttf,otf\",\"compressed_formats\":\"zip\"}','','',0,'0000-00-00 00:00:00',0,0),
(22,'com_content','component','com_content','',1,1,0,1,'{\"name\":\"com_content\",\"type\":\"component\",\"creationDate\":\"April 2006\",\"author\":\"Joomla! Project\",\"copyright\":\"(C) 2005 - 2016 Open Source Matters. All rights reserved.\",\"authorEmail\":\"admin@joomla.org\",\"authorUrl\":\"www.joomla.org\",\"version\":\"3.0.0\",\"description\":\"COM_CONTENT_XML_DESCRIPTION\",\"group\":\"\",\"filename\":\"content\"}','{\"article_layout\":\"_:default\",\"show_title\":\"0\",\"link_titles\":\"1\",\"show_intro\":\"1\",\"info_block_position\":\"0\",\"info_block_show_title\":\"1\",\"show_category\":\"0\",\"link_category\":\"1\",\"show_parent_category\":\"0\",\"link_parent_category\":\"0\",\"show_author\":\"0\",\"link_author\":\"0\",\"show_create_date\":\"0\",\"show_modify_date\":\"0\",\"show_publish_date\":\"0\",\"show_item_navigation\":\"1\",\"show_vote\":\"0\",\"show_readmore\":\"1\",\"show_readmore_title\":\"1\",\"readmore_limit\":\"100\",\"show_tags\":\"1\",\"show_icons\":\"1\",\"show_print_icon\":\"0\",\"show_email_icon\":\"0\",\"show_hits\":\"0\",\"show_noauth\":\"0\",\"urls_position\":\"0\",\"show_publishing_options\":\"1\",\"show_article_options\":\"1\",\"save_history\":\"1\",\"history_limit\":10,\"show_urls_images_frontend\":\"0\",\"show_urls_images_backend\":\"1\",\"targeta\":0,\"targetb\":0,\"targetc\":0,\"float_intro\":\"left\",\"float_fulltext\":\"left\",\"category_layout\":\"_:blog\",\"show_category_heading_title_text\":\"1\",\"show_category_title\":\"0\",\"show_description\":\"0\",\"show_description_image\":\"0\",\"maxLevel\":\"1\",\"show_empty_categories\":\"0\",\"show_no_articles\":\"1\",\"show_subcat_desc\":\"1\",\"show_cat_num_articles\":\"0\",\"show_cat_tags\":\"1\",\"show_base_description\":\"1\",\"maxLevelcat\":\"-1\",\"show_empty_categories_cat\":\"0\",\"show_subcat_desc_cat\":\"1\",\"show_cat_num_articles_cat\":\"1\",\"num_leading_articles\":\"1\",\"num_intro_articles\":\"4\",\"num_columns\":\"2\",\"num_links\":\"4\",\"multi_column_order\":\"0\",\"show_subcategory_content\":\"0\",\"show_pagination_limit\":\"1\",\"filter_field\":\"hide\",\"show_headings\":\"1\",\"list_show_date\":\"0\",\"date_format\":\"\",\"list_show_hits\":\"1\",\"list_show_author\":\"1\",\"orderby_pri\":\"order\",\"orderby_sec\":\"rdate\",\"order_date\":\"published\",\"show_pagination\":\"2\",\"show_pagination_results\":\"1\",\"show_featured\":\"show\",\"show_feed_link\":\"1\",\"feed_summary\":\"0\",\"feed_show_readmore\":\"0\"}','','',0,'0000-00-00 00:00:00',0,0),
(23,'com_config','component','com_config','',1,1,0,1,'{\"name\":\"com_config\",\"type\":\"component\",\"creationDate\":\"April 2006\",\"author\":\"Joomla! Project\",\"copyright\":\"(C) 2005 - 2016 Open Source Matters. All rights reserved.\",\"authorEmail\":\"admin@joomla.org\",\"authorUrl\":\"www.joomla.org\",\"version\":\"3.0.0\",\"description\":\"COM_CONFIG_XML_DESCRIPTION\",\"group\":\"\"}','{\"filters\":{\"1\":{\"filter_type\":\"NH\",\"filter_tags\":\"\",\"filter_attributes\":\"\"},\"9\":{\"filter_type\":\"BL\",\"filter_tags\":\"\",\"filter_attributes\":\"\"},\"6\":{\"filter_type\":\"BL\",\"filter_tags\":\"\",\"filter_attributes\":\"\"},\"7\":{\"filter_type\":\"NONE\",\"filter_tags\":\"\",\"filter_attributes\":\"\"},\"2\":{\"filter_type\":\"NH\",\"filter_tags\":\"\",\"filter_attributes\":\"\"},\"3\":{\"filter_type\":\"BL\",\"filter_tags\":\"\",\"filter_attributes\":\"\"},\"4\":{\"filter_type\":\"BL\",\"filter_tags\":\"\",\"filter_attributes\":\"\"},\"5\":{\"filter_type\":\"BL\",\"filter_tags\":\"\",\"filter_attributes\":\"\"},\"8\":{\"filter_type\":\"NONE\",\"filter_tags\":\"\",\"filter_attributes\":\"\"}}}','','',0,'0000-00-00 00:00:00',0,0),
(24,'com_redirect','component','com_redirect','',1,1,0,1,'{\"name\":\"com_redirect\",\"type\":\"component\",\"creationDate\":\"April 2006\",\"author\":\"Joomla! Project\",\"copyright\":\"(C) 2005 - 2016 Open Source Matters. All rights reserved.\",\"authorEmail\":\"admin@joomla.org\",\"authorUrl\":\"www.joomla.org\",\"version\":\"3.0.0\",\"description\":\"COM_REDIRECT_XML_DESCRIPTION\",\"group\":\"\"}','','','',0,'0000-00-00 00:00:00',0,0),
(25,'com_users','component','com_users','',1,1,0,1,'{\"name\":\"com_users\",\"type\":\"component\",\"creationDate\":\"April 2006\",\"author\":\"Joomla! Project\",\"copyright\":\"(C) 2005 - 2016 Open Source Matters. All rights reserved.\",\"authorEmail\":\"admin@joomla.org\",\"authorUrl\":\"www.joomla.org\",\"version\":\"3.0.0\",\"description\":\"COM_USERS_XML_DESCRIPTION\",\"group\":\"\",\"filename\":\"users\"}','{\"allowUserRegistration\":\"0\",\"new_usertype\":\"2\",\"guest_usergroup\":\"9\",\"sendpassword\":\"1\",\"useractivation\":\"2\",\"mail_to_admin\":\"1\",\"captcha\":\"\",\"frontend_userparams\":\"1\",\"site_language\":\"0\",\"change_login_name\":\"0\",\"reset_count\":\"10\",\"reset_time\":\"1\",\"minimum_length\":\"4\",\"minimum_integers\":\"0\",\"minimum_symbols\":\"0\",\"minimum_uppercase\":\"0\",\"save_history\":\"1\",\"history_limit\":5,\"mailSubjectPrefix\":\"\",\"mailBodySuffix\":\"\"}','','',0,'0000-00-00 00:00:00',0,0),
(27,'com_finder','component','com_finder','',1,1,0,0,'{\"name\":\"com_finder\",\"type\":\"component\",\"creationDate\":\"August 2011\",\"author\":\"Joomla! Project\",\"copyright\":\"(C) 2005 - 2016 Open Source Matters. All rights reserved.\",\"authorEmail\":\"admin@joomla.org\",\"authorUrl\":\"www.joomla.org\",\"version\":\"3.0.0\",\"description\":\"COM_FINDER_XML_DESCRIPTION\",\"group\":\"\",\"filename\":\"finder\"}','{\"show_description\":\"1\",\"description_length\":255,\"allow_empty_query\":\"0\",\"show_url\":\"1\",\"show_advanced\":\"1\",\"expand_advanced\":\"0\",\"show_date_filters\":\"0\",\"highlight_terms\":\"1\",\"opensearch_name\":\"\",\"opensearch_description\":\"\",\"batch_size\":\"50\",\"memory_table_limit\":30000,\"title_multiplier\":\"1.7\",\"text_multiplier\":\"0.7\",\"meta_multiplier\":\"1.2\",\"path_multiplier\":\"2.0\",\"misc_multiplier\":\"0.3\",\"stemmer\":\"snowball\"}','','',0,'0000-00-00 00:00:00',0,0),
(28,'com_joomlaupdate','component','com_joomlaupdate','',1,1,0,1,'{\"name\":\"com_joomlaupdate\",\"type\":\"component\",\"creationDate\":\"February 2012\",\"author\":\"Joomla! Project\",\"copyright\":\"(C) 2005 - 2016 Open Source Matters. All rights reserved.\",\"authorEmail\":\"admin@joomla.org\",\"authorUrl\":\"www.joomla.org\",\"version\":\"3.6.2\",\"description\":\"COM_JOOMLAUPDATE_XML_DESCRIPTION\",\"group\":\"\"}','','','',0,'0000-00-00 00:00:00',0,0),
(29,'com_tags','component','com_tags','',1,1,1,1,'{\"name\":\"com_tags\",\"type\":\"component\",\"creationDate\":\"December 2013\",\"author\":\"Joomla! Project\",\"copyright\":\"(C) 2005 - 2016 Open Source Matters. All rights reserved.\",\"authorEmail\":\"admin@joomla.org\",\"authorUrl\":\"www.joomla.org\",\"version\":\"3.1.0\",\"description\":\"COM_TAGS_XML_DESCRIPTION\",\"group\":\"\",\"filename\":\"tags\"}','{\"tag_layout\":\"_:default\",\"save_history\":\"1\",\"history_limit\":5,\"show_tag_title\":\"0\",\"tag_list_show_tag_image\":\"0\",\"tag_list_show_tag_description\":\"0\",\"tag_list_image\":\"\",\"show_tag_num_items\":\"0\",\"tag_list_orderby\":\"title\",\"tag_list_orderby_direction\":\"ASC\",\"show_headings\":\"0\",\"tag_list_show_date\":\"0\",\"tag_list_show_item_image\":\"0\",\"tag_list_show_item_description\":\"0\",\"tag_list_item_maximum_characters\":0,\"return_any_or_all\":\"1\",\"include_children\":\"0\",\"maximum\":200,\"tag_list_language_filter\":\"all\",\"tags_layout\":\"_:default\",\"all_tags_orderby\":\"title\",\"all_tags_orderby_direction\":\"ASC\",\"all_tags_show_tag_image\":\"0\",\"all_tags_show_tag_descripion\":\"0\",\"all_tags_tag_maximum_characters\":20,\"all_tags_show_tag_hits\":\"0\",\"filter_field\":\"1\",\"show_pagination_limit\":\"1\",\"show_pagination\":\"2\",\"show_pagination_results\":\"1\",\"tag_field_ajax_mode\":\"1\",\"show_feed_link\":\"1\"}','','',0,'0000-00-00 00:00:00',0,0),
(30,'com_contenthistory','component','com_contenthistory','',1,1,1,0,'{\"name\":\"com_contenthistory\",\"type\":\"component\",\"creationDate\":\"May 2013\",\"author\":\"Joomla! Project\",\"copyright\":\"(C) 2005 - 2016 Open Source Matters. All rights reserved.\",\"authorEmail\":\"admin@joomla.org\",\"authorUrl\":\"www.joomla.org\",\"version\":\"3.2.0\",\"description\":\"COM_CONTENTHISTORY_XML_DESCRIPTION\",\"group\":\"\",\"filename\":\"contenthistory\"}','','','',0,'0000-00-00 00:00:00',0,0),
(31,'com_ajax','component','com_ajax','',1,1,1,1,'{\"name\":\"com_ajax\",\"type\":\"component\",\"creationDate\":\"August 2013\",\"author\":\"Joomla! Project\",\"copyright\":\"(C) 2005 - 2016 Open Source Matters. All rights reserved.\",\"authorEmail\":\"admin@joomla.org\",\"authorUrl\":\"www.joomla.org\",\"version\":\"3.2.0\",\"description\":\"COM_AJAX_XML_DESCRIPTION\",\"group\":\"\",\"filename\":\"ajax\"}','','','',0,'0000-00-00 00:00:00',0,0),
(32,'com_postinstall','component','com_postinstall','',1,1,1,1,'{\"name\":\"com_postinstall\",\"type\":\"component\",\"creationDate\":\"September 2013\",\"author\":\"Joomla! Project\",\"copyright\":\"(C) 2005 - 2016 Open Source Matters. All rights reserved.\",\"authorEmail\":\"admin@joomla.org\",\"authorUrl\":\"www.joomla.org\",\"version\":\"3.2.0\",\"description\":\"COM_POSTINSTALL_XML_DESCRIPTION\",\"group\":\"\"}','','','',0,'0000-00-00 00:00:00',0,0),
(102,'LIB_PHPUTF8','library','phputf8','',0,1,1,1,'{\"name\":\"LIB_PHPUTF8\",\"type\":\"library\",\"creationDate\":\"2006\",\"author\":\"Harry Fuecks\",\"copyright\":\"Copyright various authors\",\"authorEmail\":\"hfuecks@gmail.com\",\"authorUrl\":\"http:\\/\\/sourceforge.net\\/projects\\/phputf8\",\"version\":\"0.5\",\"description\":\"LIB_PHPUTF8_XML_DESCRIPTION\",\"group\":\"\",\"filename\":\"phputf8\"}','','','',0,'0000-00-00 00:00:00',0,0),
(103,'LIB_JOOMLA','library','joomla','',0,1,1,1,'{\"name\":\"LIB_JOOMLA\",\"type\":\"library\",\"creationDate\":\"2008\",\"author\":\"Joomla! Project\",\"copyright\":\"Copyright (C) 2005 - 2016 Open Source Matters. All rights reserved.\",\"authorEmail\":\"admin@joomla.org\",\"authorUrl\":\"https:\\/\\/www.joomla.org\",\"version\":\"13.1\",\"description\":\"LIB_JOOMLA_XML_DESCRIPTION\",\"group\":\"\",\"filename\":\"joomla\"}','{\"mediaversion\":\"f1ba9e85f4a08dcc035fb2815570a543\"}','','',0,'0000-00-00 00:00:00',0,0),
(104,'LIB_IDNA','library','idna_convert','',0,1,1,1,'{\"name\":\"LIB_IDNA\",\"type\":\"library\",\"creationDate\":\"2004\",\"author\":\"phlyLabs\",\"copyright\":\"2004-2011 phlyLabs Berlin, http:\\/\\/phlylabs.de\",\"authorEmail\":\"phlymail@phlylabs.de\",\"authorUrl\":\"http:\\/\\/phlylabs.de\",\"version\":\"0.8.0\",\"description\":\"LIB_IDNA_XML_DESCRIPTION\",\"group\":\"\",\"filename\":\"idna_convert\"}','','','',0,'0000-00-00 00:00:00',0,0),
(105,'FOF','library','fof','',0,1,1,1,'{\"name\":\"FOF\",\"type\":\"library\",\"creationDate\":\"2015-04-22 13:15:32\",\"author\":\"Nicholas K. Dionysopoulos \\/ Akeeba Ltd\",\"copyright\":\"(C)2011-2015 Nicholas K. Dionysopoulos\",\"authorEmail\":\"nicholas@akeebabackup.com\",\"authorUrl\":\"https:\\/\\/www.akeebabackup.com\",\"version\":\"2.4.3\",\"description\":\"LIB_FOF_XML_DESCRIPTION\",\"group\":\"\",\"filename\":\"fof\"}','','','',0,'0000-00-00 00:00:00',0,0),
(106,'LIB_PHPASS','library','phpass','',0,1,1,1,'{\"name\":\"LIB_PHPASS\",\"type\":\"library\",\"creationDate\":\"2004-2006\",\"author\":\"Solar Designer\",\"copyright\":\"\",\"authorEmail\":\"solar@openwall.com\",\"authorUrl\":\"http:\\/\\/www.openwall.com\\/phpass\\/\",\"version\":\"0.3\",\"description\":\"LIB_PHPASS_XML_DESCRIPTION\",\"group\":\"\",\"filename\":\"phpass\"}','','','',0,'0000-00-00 00:00:00',0,0),
(200,'mod_articles_archive','module','mod_articles_archive','',0,1,1,0,'{\"name\":\"mod_articles_archive\",\"type\":\"module\",\"creationDate\":\"July 2006\",\"author\":\"Joomla! Project\",\"copyright\":\"Copyright (C) 2005 - 2016 Open Source Matters. All rights reserved.\",\"authorEmail\":\"admin@joomla.org\",\"authorUrl\":\"www.joomla.org\",\"version\":\"3.0.0\",\"description\":\"MOD_ARTICLES_ARCHIVE_XML_DESCRIPTION\",\"group\":\"\",\"filename\":\"mod_articles_archive\"}','','','',0,'0000-00-00 00:00:00',0,0),
(201,'mod_articles_latest','module','mod_articles_latest','',0,1,1,0,'{\"name\":\"mod_articles_latest\",\"type\":\"module\",\"creationDate\":\"July 2004\",\"author\":\"Joomla! Project\",\"copyright\":\"Copyright (C) 2005 - 2016 Open Source Matters. All rights reserved.\",\"authorEmail\":\"admin@joomla.org\",\"authorUrl\":\"www.joomla.org\",\"version\":\"3.0.0\",\"description\":\"MOD_LATEST_NEWS_XML_DESCRIPTION\",\"group\":\"\",\"filename\":\"mod_articles_latest\"}','','','',0,'0000-00-00 00:00:00',0,0),
(202,'mod_articles_popular','module','mod_articles_popular','',0,1,1,0,'{\"name\":\"mod_articles_popular\",\"type\":\"module\",\"creationDate\":\"July 2006\",\"author\":\"Joomla! Project\",\"copyright\":\"Copyright (C) 2005 - 2016 Open Source Matters. All rights reserved.\",\"authorEmail\":\"admin@joomla.org\",\"authorUrl\":\"www.joomla.org\",\"version\":\"3.0.0\",\"description\":\"MOD_POPULAR_XML_DESCRIPTION\",\"group\":\"\",\"filename\":\"mod_articles_popular\"}','','','',0,'0000-00-00 00:00:00',0,0),
(203,'mod_banners','module','mod_banners','',0,1,1,0,'{\"name\":\"mod_banners\",\"type\":\"module\",\"creationDate\":\"July 2006\",\"author\":\"Joomla! Project\",\"copyright\":\"Copyright (C) 2005 - 2016 Open Source Matters. All rights reserved.\",\"authorEmail\":\"admin@joomla.org\",\"authorUrl\":\"www.joomla.org\",\"version\":\"3.0.0\",\"description\":\"MOD_BANNERS_XML_DESCRIPTION\",\"group\":\"\",\"filename\":\"mod_banners\"}','','','',0,'0000-00-00 00:00:00',0,0),
(204,'mod_breadcrumbs','module','mod_breadcrumbs','',0,1,1,1,'{\"name\":\"mod_breadcrumbs\",\"type\":\"module\",\"creationDate\":\"July 2006\",\"author\":\"Joomla! Project\",\"copyright\":\"Copyright (C) 2005 - 2016 Open Source Matters. All rights reserved.\",\"authorEmail\":\"admin@joomla.org\",\"authorUrl\":\"www.joomla.org\",\"version\":\"3.0.0\",\"description\":\"MOD_BREADCRUMBS_XML_DESCRIPTION\",\"group\":\"\",\"filename\":\"mod_breadcrumbs\"}','','','',0,'0000-00-00 00:00:00',0,0),
(205,'mod_custom','module','mod_custom','',0,1,1,1,'{\"name\":\"mod_custom\",\"type\":\"module\",\"creationDate\":\"July 2004\",\"author\":\"Joomla! Project\",\"copyright\":\"Copyright (C) 2005 - 2016 Open Source Matters. All rights reserved.\",\"authorEmail\":\"admin@joomla.org\",\"authorUrl\":\"www.joomla.org\",\"version\":\"3.0.0\",\"description\":\"MOD_CUSTOM_XML_DESCRIPTION\",\"group\":\"\",\"filename\":\"mod_custom\"}','','','',0,'0000-00-00 00:00:00',0,0),
(206,'mod_feed','module','mod_feed','',0,1,1,0,'{\"name\":\"mod_feed\",\"type\":\"module\",\"creationDate\":\"July 2005\",\"author\":\"Joomla! Project\",\"copyright\":\"Copyright (C) 2005 - 2016 Open Source Matters. All rights reserved.\",\"authorEmail\":\"admin@joomla.org\",\"authorUrl\":\"www.joomla.org\",\"version\":\"3.0.0\",\"description\":\"MOD_FEED_XML_DESCRIPTION\",\"group\":\"\",\"filename\":\"mod_feed\"}','','','',0,'0000-00-00 00:00:00',0,0),
(207,'mod_footer','module','mod_footer','',0,1,1,0,'{\"name\":\"mod_footer\",\"type\":\"module\",\"creationDate\":\"July 2006\",\"author\":\"Joomla! Project\",\"copyright\":\"Copyright (C) 2005 - 2016 Open Source Matters. All rights reserved.\",\"authorEmail\":\"admin@joomla.org\",\"authorUrl\":\"www.joomla.org\",\"version\":\"3.0.0\",\"description\":\"MOD_FOOTER_XML_DESCRIPTION\",\"group\":\"\",\"filename\":\"mod_footer\"}','','','',0,'0000-00-00 00:00:00',0,0),
(208,'mod_login','module','mod_login','',0,1,1,1,'{\"name\":\"mod_login\",\"type\":\"module\",\"creationDate\":\"July 2006\",\"author\":\"Joomla! Project\",\"copyright\":\"Copyright (C) 2005 - 2016 Open Source Matters. All rights reserved.\",\"authorEmail\":\"admin@joomla.org\",\"authorUrl\":\"www.joomla.org\",\"version\":\"3.0.0\",\"description\":\"MOD_LOGIN_XML_DESCRIPTION\",\"group\":\"\",\"filename\":\"mod_login\"}','','','',0,'0000-00-00 00:00:00',0,0),
(209,'mod_menu','module','mod_menu','',0,1,1,1,'{\"name\":\"mod_menu\",\"type\":\"module\",\"creationDate\":\"July 2004\",\"author\":\"Joomla! Project\",\"copyright\":\"Copyright (C) 2005 - 2016 Open Source Matters. All rights reserved.\",\"authorEmail\":\"admin@joomla.org\",\"authorUrl\":\"www.joomla.org\",\"version\":\"3.0.0\",\"description\":\"MOD_MENU_XML_DESCRIPTION\",\"group\":\"\",\"filename\":\"mod_menu\"}','','','',0,'0000-00-00 00:00:00',0,0),
(210,'mod_articles_news','module','mod_articles_news','',0,1,1,0,'{\"name\":\"mod_articles_news\",\"type\":\"module\",\"creationDate\":\"July 2006\",\"author\":\"Joomla! Project\",\"copyright\":\"Copyright (C) 2005 - 2016 Open Source Matters. All rights reserved.\",\"authorEmail\":\"admin@joomla.org\",\"authorUrl\":\"www.joomla.org\",\"version\":\"3.0.0\",\"description\":\"MOD_ARTICLES_NEWS_XML_DESCRIPTION\",\"group\":\"\",\"filename\":\"mod_articles_news\"}','','','',0,'0000-00-00 00:00:00',0,0),
(211,'mod_random_image','module','mod_random_image','',0,1,1,0,'{\"name\":\"mod_random_image\",\"type\":\"module\",\"creationDate\":\"July 2006\",\"author\":\"Joomla! Project\",\"copyright\":\"Copyright (C) 2005 - 2016 Open Source Matters. All rights reserved.\",\"authorEmail\":\"admin@joomla.org\",\"authorUrl\":\"www.joomla.org\",\"version\":\"3.0.0\",\"description\":\"MOD_RANDOM_IMAGE_XML_DESCRIPTION\",\"group\":\"\",\"filename\":\"mod_random_image\"}','','','',0,'0000-00-00 00:00:00',0,0),
(212,'mod_related_items','module','mod_related_items','',0,1,1,0,'{\"name\":\"mod_related_items\",\"type\":\"module\",\"creationDate\":\"July 2004\",\"author\":\"Joomla! Project\",\"copyright\":\"Copyright (C) 2005 - 2016 Open Source Matters. All rights reserved.\",\"authorEmail\":\"admin@joomla.org\",\"authorUrl\":\"www.joomla.org\",\"version\":\"3.0.0\",\"description\":\"MOD_RELATED_XML_DESCRIPTION\",\"group\":\"\",\"filename\":\"mod_related_items\"}','','','',0,'0000-00-00 00:00:00',0,0),
(213,'mod_search','module','mod_search','',0,1,1,0,'{\"name\":\"mod_search\",\"type\":\"module\",\"creationDate\":\"July 2004\",\"author\":\"Joomla! Project\",\"copyright\":\"Copyright (C) 2005 - 2016 Open Source Matters. All rights reserved.\",\"authorEmail\":\"admin@joomla.org\",\"authorUrl\":\"www.joomla.org\",\"version\":\"3.0.0\",\"description\":\"MOD_SEARCH_XML_DESCRIPTION\",\"group\":\"\",\"filename\":\"mod_search\"}','','','',0,'0000-00-00 00:00:00',0,0),
(214,'mod_stats','module','mod_stats','',0,1,1,0,'{\"name\":\"mod_stats\",\"type\":\"module\",\"creationDate\":\"July 2004\",\"author\":\"Joomla! Project\",\"copyright\":\"Copyright (C) 2005 - 2016 Open Source Matters. All rights reserved.\",\"authorEmail\":\"admin@joomla.org\",\"authorUrl\":\"www.joomla.org\",\"version\":\"3.0.0\",\"description\":\"MOD_STATS_XML_DESCRIPTION\",\"group\":\"\",\"filename\":\"mod_stats\"}','','','',0,'0000-00-00 00:00:00',0,0),
(215,'mod_syndicate','module','mod_syndicate','',0,1,1,1,'{\"name\":\"mod_syndicate\",\"type\":\"module\",\"creationDate\":\"May 2006\",\"author\":\"Joomla! Project\",\"copyright\":\"Copyright (C) 2005 - 2016 Open Source Matters. All rights reserved.\",\"authorEmail\":\"admin@joomla.org\",\"authorUrl\":\"www.joomla.org\",\"version\":\"3.0.0\",\"description\":\"MOD_SYNDICATE_XML_DESCRIPTION\",\"group\":\"\",\"filename\":\"mod_syndicate\"}','','','',0,'0000-00-00 00:00:00',0,0),
(216,'mod_users_latest','module','mod_users_latest','',0,1,1,0,'{\"name\":\"mod_users_latest\",\"type\":\"module\",\"creationDate\":\"December 2009\",\"author\":\"Joomla! Project\",\"copyright\":\"Copyright (C) 2005 - 2016 Open Source Matters. All rights reserved.\",\"authorEmail\":\"admin@joomla.org\",\"authorUrl\":\"www.joomla.org\",\"version\":\"3.0.0\",\"description\":\"MOD_USERS_LATEST_XML_DESCRIPTION\",\"group\":\"\",\"filename\":\"mod_users_latest\"}','','','',0,'0000-00-00 00:00:00',0,0),
(218,'mod_whosonline','module','mod_whosonline','',0,1,1,0,'{\"name\":\"mod_whosonline\",\"type\":\"module\",\"creationDate\":\"July 2004\",\"author\":\"Joomla! Project\",\"copyright\":\"Copyright (C) 2005 - 2016 Open Source Matters. All rights reserved.\",\"authorEmail\":\"admin@joomla.org\",\"authorUrl\":\"www.joomla.org\",\"version\":\"3.0.0\",\"description\":\"MOD_WHOSONLINE_XML_DESCRIPTION\",\"group\":\"\",\"filename\":\"mod_whosonline\"}','','','',0,'0000-00-00 00:00:00',0,0),
(219,'mod_wrapper','module','mod_wrapper','',0,1,1,0,'{\"name\":\"mod_wrapper\",\"type\":\"module\",\"creationDate\":\"October 2004\",\"author\":\"Joomla! Project\",\"copyright\":\"Copyright (C) 2005 - 2016 Open Source Matters. All rights reserved.\",\"authorEmail\":\"admin@joomla.org\",\"authorUrl\":\"www.joomla.org\",\"version\":\"3.0.0\",\"description\":\"MOD_WRAPPER_XML_DESCRIPTION\",\"group\":\"\",\"filename\":\"mod_wrapper\"}','','','',0,'0000-00-00 00:00:00',0,0),
(220,'mod_articles_category','module','mod_articles_category','',0,1,1,0,'{\"name\":\"mod_articles_category\",\"type\":\"module\",\"creationDate\":\"February 2010\",\"author\":\"Joomla! Project\",\"copyright\":\"Copyright (C) 2005 - 2016 Open Source Matters. All rights reserved.\",\"authorEmail\":\"admin@joomla.org\",\"authorUrl\":\"www.joomla.org\",\"version\":\"3.0.0\",\"description\":\"MOD_ARTICLES_CATEGORY_XML_DESCRIPTION\",\"group\":\"\",\"filename\":\"mod_articles_category\"}','','','',0,'0000-00-00 00:00:00',0,0),
(221,'mod_articles_categories','module','mod_articles_categories','',0,1,1,0,'{\"name\":\"mod_articles_categories\",\"type\":\"module\",\"creationDate\":\"February 2010\",\"author\":\"Joomla! Project\",\"copyright\":\"Copyright (C) 2005 - 2016 Open Source Matters. All rights reserved.\",\"authorEmail\":\"admin@joomla.org\",\"authorUrl\":\"www.joomla.org\",\"version\":\"3.0.0\",\"description\":\"MOD_ARTICLES_CATEGORIES_XML_DESCRIPTION\",\"group\":\"\",\"filename\":\"mod_articles_categories\"}','','','',0,'0000-00-00 00:00:00',0,0),
(222,'mod_languages','module','mod_languages','',0,1,1,1,'{\"name\":\"mod_languages\",\"type\":\"module\",\"creationDate\":\"February 2010\",\"author\":\"Joomla! Project\",\"copyright\":\"Copyright (C) 2005 - 2016 Open Source Matters. All rights reserved.\",\"authorEmail\":\"admin@joomla.org\",\"authorUrl\":\"www.joomla.org\",\"version\":\"3.5.0\",\"description\":\"MOD_LANGUAGES_XML_DESCRIPTION\",\"group\":\"\",\"filename\":\"mod_languages\"}','','','',0,'0000-00-00 00:00:00',0,0),
(223,'mod_finder','module','mod_finder','',0,1,0,0,'{\"name\":\"mod_finder\",\"type\":\"module\",\"creationDate\":\"August 2011\",\"author\":\"Joomla! Project\",\"copyright\":\"(C) 2005 - 2016 Open Source Matters. All rights reserved.\",\"authorEmail\":\"admin@joomla.org\",\"authorUrl\":\"www.joomla.org\",\"version\":\"3.0.0\",\"description\":\"MOD_FINDER_XML_DESCRIPTION\",\"group\":\"\",\"filename\":\"mod_finder\"}','','','',0,'0000-00-00 00:00:00',0,0),
(300,'mod_custom','module','mod_custom','',1,1,1,1,'{\"name\":\"mod_custom\",\"type\":\"module\",\"creationDate\":\"July 2004\",\"author\":\"Joomla! Project\",\"copyright\":\"Copyright (C) 2005 - 2016 Open Source Matters. All rights reserved.\",\"authorEmail\":\"admin@joomla.org\",\"authorUrl\":\"www.joomla.org\",\"version\":\"3.0.0\",\"description\":\"MOD_CUSTOM_XML_DESCRIPTION\",\"group\":\"\",\"filename\":\"mod_custom\"}','','','',0,'0000-00-00 00:00:00',0,0),
(301,'mod_feed','module','mod_feed','',1,1,1,0,'{\"name\":\"mod_feed\",\"type\":\"module\",\"creationDate\":\"July 2005\",\"author\":\"Joomla! Project\",\"copyright\":\"Copyright (C) 2005 - 2016 Open Source Matters. All rights reserved.\",\"authorEmail\":\"admin@joomla.org\",\"authorUrl\":\"www.joomla.org\",\"version\":\"3.0.0\",\"description\":\"MOD_FEED_XML_DESCRIPTION\",\"group\":\"\",\"filename\":\"mod_feed\"}','','','',0,'0000-00-00 00:00:00',0,0),
(302,'mod_latest','module','mod_latest','',1,1,1,0,'{\"name\":\"mod_latest\",\"type\":\"module\",\"creationDate\":\"July 2004\",\"author\":\"Joomla! Project\",\"copyright\":\"Copyright (C) 2005 - 2016 Open Source Matters. All rights reserved.\",\"authorEmail\":\"admin@joomla.org\",\"authorUrl\":\"www.joomla.org\",\"version\":\"3.0.0\",\"description\":\"MOD_LATEST_XML_DESCRIPTION\",\"group\":\"\",\"filename\":\"mod_latest\"}','','','',0,'0000-00-00 00:00:00',0,0),
(303,'mod_logged','module','mod_logged','',1,1,1,0,'{\"name\":\"mod_logged\",\"type\":\"module\",\"creationDate\":\"January 2005\",\"author\":\"Joomla! Project\",\"copyright\":\"Copyright (C) 2005 - 2016 Open Source Matters. All rights reserved.\",\"authorEmail\":\"admin@joomla.org\",\"authorUrl\":\"www.joomla.org\",\"version\":\"3.0.0\",\"description\":\"MOD_LOGGED_XML_DESCRIPTION\",\"group\":\"\",\"filename\":\"mod_logged\"}','','','',0,'0000-00-00 00:00:00',0,0),
(304,'mod_login','module','mod_login','',1,1,1,1,'{\"name\":\"mod_login\",\"type\":\"module\",\"creationDate\":\"March 2005\",\"author\":\"Joomla! Project\",\"copyright\":\"Copyright (C) 2005 - 2016 Open Source Matters. All rights reserved.\",\"authorEmail\":\"admin@joomla.org\",\"authorUrl\":\"www.joomla.org\",\"version\":\"3.0.0\",\"description\":\"MOD_LOGIN_XML_DESCRIPTION\",\"group\":\"\",\"filename\":\"mod_login\"}','','','',0,'0000-00-00 00:00:00',0,0),
(305,'mod_menu','module','mod_menu','',1,1,1,0,'{\"name\":\"mod_menu\",\"type\":\"module\",\"creationDate\":\"March 2006\",\"author\":\"Joomla! Project\",\"copyright\":\"Copyright (C) 2005 - 2016 Open Source Matters. All rights reserved.\",\"authorEmail\":\"admin@joomla.org\",\"authorUrl\":\"www.joomla.org\",\"version\":\"3.0.0\",\"description\":\"MOD_MENU_XML_DESCRIPTION\",\"group\":\"\",\"filename\":\"mod_menu\"}','','','',0,'0000-00-00 00:00:00',0,0),
(307,'mod_popular','module','mod_popular','',1,1,1,0,'{\"name\":\"mod_popular\",\"type\":\"module\",\"creationDate\":\"July 2004\",\"author\":\"Joomla! Project\",\"copyright\":\"Copyright (C) 2005 - 2016 Open Source Matters. All rights reserved.\",\"authorEmail\":\"admin@joomla.org\",\"authorUrl\":\"www.joomla.org\",\"version\":\"3.0.0\",\"description\":\"MOD_POPULAR_XML_DESCRIPTION\",\"group\":\"\",\"filename\":\"mod_popular\"}','','','',0,'0000-00-00 00:00:00',0,0),
(308,'mod_quickicon','module','mod_quickicon','',1,1,1,1,'{\"name\":\"mod_quickicon\",\"type\":\"module\",\"creationDate\":\"Nov 2005\",\"author\":\"Joomla! Project\",\"copyright\":\"Copyright (C) 2005 - 2016 Open Source Matters. All rights reserved.\",\"authorEmail\":\"admin@joomla.org\",\"authorUrl\":\"www.joomla.org\",\"version\":\"3.0.0\",\"description\":\"MOD_QUICKICON_XML_DESCRIPTION\",\"group\":\"\",\"filename\":\"mod_quickicon\"}','','','',0,'0000-00-00 00:00:00',0,0),
(309,'mod_status','module','mod_status','',1,1,1,0,'{\"name\":\"mod_status\",\"type\":\"module\",\"creationDate\":\"Feb 2006\",\"author\":\"Joomla! Project\",\"copyright\":\"(C) 2005 - 2016 Open Source Matters. All rights reserved.\",\"authorEmail\":\"admin@joomla.org\",\"authorUrl\":\"www.joomla.org\",\"version\":\"3.0.0\",\"description\":\"MOD_STATUS_XML_DESCRIPTION\",\"group\":\"\",\"filename\":\"mod_status\"}','','','',0,'0000-00-00 00:00:00',0,0),
(310,'mod_submenu','module','mod_submenu','',1,1,1,0,'{\"name\":\"mod_submenu\",\"type\":\"module\",\"creationDate\":\"Feb 2006\",\"author\":\"Joomla! Project\",\"copyright\":\"Copyright (C) 2005 - 2016 Open Source Matters. All rights reserved.\",\"authorEmail\":\"admin@joomla.org\",\"authorUrl\":\"www.joomla.org\",\"version\":\"3.0.0\",\"description\":\"MOD_SUBMENU_XML_DESCRIPTION\",\"group\":\"\",\"filename\":\"mod_submenu\"}','','','',0,'0000-00-00 00:00:00',0,0),
(311,'mod_title','module','mod_title','',1,1,1,0,'{\"name\":\"mod_title\",\"type\":\"module\",\"creationDate\":\"Nov 2005\",\"author\":\"Joomla! Project\",\"copyright\":\"Copyright (C) 2005 - 2016 Open Source Matters. All rights reserved.\",\"authorEmail\":\"admin@joomla.org\",\"authorUrl\":\"www.joomla.org\",\"version\":\"3.0.0\",\"description\":\"MOD_TITLE_XML_DESCRIPTION\",\"group\":\"\",\"filename\":\"mod_title\"}','','','',0,'0000-00-00 00:00:00',0,0),
(312,'mod_toolbar','module','mod_toolbar','',1,1,1,1,'{\"name\":\"mod_toolbar\",\"type\":\"module\",\"creationDate\":\"Nov 2005\",\"author\":\"Joomla! Project\",\"copyright\":\"Copyright (C) 2005 - 2016 Open Source Matters. All rights reserved.\",\"authorEmail\":\"admin@joomla.org\",\"authorUrl\":\"www.joomla.org\",\"version\":\"3.0.0\",\"description\":\"MOD_TOOLBAR_XML_DESCRIPTION\",\"group\":\"\",\"filename\":\"mod_toolbar\"}','','','',0,'0000-00-00 00:00:00',0,0),
(313,'mod_multilangstatus','module','mod_multilangstatus','',1,1,1,0,'{\"name\":\"mod_multilangstatus\",\"type\":\"module\",\"creationDate\":\"September 2011\",\"author\":\"Joomla! Project\",\"copyright\":\"Copyright (C) 2005 - 2016 Open Source Matters. All rights reserved.\",\"authorEmail\":\"admin@joomla.org\",\"authorUrl\":\"www.joomla.org\",\"version\":\"3.0.0\",\"description\":\"MOD_MULTILANGSTATUS_XML_DESCRIPTION\",\"group\":\"\",\"filename\":\"mod_multilangstatus\"}','{\"cache\":\"0\"}','','',0,'0000-00-00 00:00:00',0,0),
(314,'mod_version','module','mod_version','',1,1,1,0,'{\"name\":\"mod_version\",\"type\":\"module\",\"creationDate\":\"January 2012\",\"author\":\"Joomla! Project\",\"copyright\":\"Copyright (C) 2005 - 2016 Open Source Matters. All rights reserved.\",\"authorEmail\":\"admin@joomla.org\",\"authorUrl\":\"www.joomla.org\",\"version\":\"3.0.0\",\"description\":\"MOD_VERSION_XML_DESCRIPTION\",\"group\":\"\",\"filename\":\"mod_version\"}','{\"format\":\"short\",\"product\":\"1\",\"cache\":\"0\"}','','',0,'0000-00-00 00:00:00',0,0),
(315,'mod_stats_admin','module','mod_stats_admin','',1,1,1,0,'{\"name\":\"mod_stats_admin\",\"type\":\"module\",\"creationDate\":\"July 2004\",\"author\":\"Joomla! Project\",\"copyright\":\"Copyright (C) 2005 - 2016 Open Source Matters. All rights reserved.\",\"authorEmail\":\"admin@joomla.org\",\"authorUrl\":\"www.joomla.org\",\"version\":\"3.0.0\",\"description\":\"MOD_STATS_XML_DESCRIPTION\",\"group\":\"\",\"filename\":\"mod_stats_admin\"}','{\"serverinfo\":\"0\",\"siteinfo\":\"0\",\"counter\":\"0\",\"increase\":\"0\",\"cache\":\"1\",\"cache_time\":\"900\",\"cachemode\":\"static\"}','','',0,'0000-00-00 00:00:00',0,0),
(316,'mod_tags_popular','module','mod_tags_popular','',0,1,1,0,'{\"name\":\"mod_tags_popular\",\"type\":\"module\",\"creationDate\":\"January 2013\",\"author\":\"Joomla! Project\",\"copyright\":\"Copyright (C) 2005 - 2016 Open Source Matters. All rights reserved.\",\"authorEmail\":\"admin@joomla.org\",\"authorUrl\":\"www.joomla.org\",\"version\":\"3.1.0\",\"description\":\"MOD_TAGS_POPULAR_XML_DESCRIPTION\",\"group\":\"\",\"filename\":\"mod_tags_popular\"}','{\"maximum\":\"5\",\"timeframe\":\"alltime\",\"owncache\":\"1\"}','','',0,'0000-00-00 00:00:00',0,0),
(317,'mod_tags_similar','module','mod_tags_similar','',0,1,1,0,'{\"name\":\"mod_tags_similar\",\"type\":\"module\",\"creationDate\":\"January 2013\",\"author\":\"Joomla! Project\",\"copyright\":\"Copyright (C) 2005 - 2016 Open Source Matters. All rights reserved.\",\"authorEmail\":\"admin@joomla.org\",\"authorUrl\":\"www.joomla.org\",\"version\":\"3.1.0\",\"description\":\"MOD_TAGS_SIMILAR_XML_DESCRIPTION\",\"group\":\"\",\"filename\":\"mod_tags_similar\"}','{\"maximum\":\"5\",\"matchtype\":\"any\",\"owncache\":\"1\"}','','',0,'0000-00-00 00:00:00',0,0),
(400,'plg_authentication_gmail','plugin','gmail','authentication',0,0,1,0,'{\"name\":\"plg_authentication_gmail\",\"type\":\"plugin\",\"creationDate\":\"February 2006\",\"author\":\"Joomla! Project\",\"copyright\":\"Copyright (C) 2005 - 2016 Open Source Matters. All rights reserved.\",\"authorEmail\":\"admin@joomla.org\",\"authorUrl\":\"www.joomla.org\",\"version\":\"3.0.0\",\"description\":\"PLG_GMAIL_XML_DESCRIPTION\",\"group\":\"\",\"filename\":\"gmail\"}','{\"applysuffix\":\"0\",\"suffix\":\"\",\"verifypeer\":\"1\",\"user_blacklist\":\"\"}','','',0,'0000-00-00 00:00:00',1,0),
(401,'plg_authentication_joomla','plugin','joomla','authentication',0,1,1,1,'{\"name\":\"plg_authentication_joomla\",\"type\":\"plugin\",\"creationDate\":\"November 2005\",\"author\":\"Joomla! Project\",\"copyright\":\"Copyright (C) 2005 - 2016 Open Source Matters. All rights reserved.\",\"authorEmail\":\"admin@joomla.org\",\"authorUrl\":\"www.joomla.org\",\"version\":\"3.0.0\",\"description\":\"PLG_AUTH_JOOMLA_XML_DESCRIPTION\",\"group\":\"\",\"filename\":\"joomla\"}','','','',0,'0000-00-00 00:00:00',0,0),
(402,'plg_authentication_ldap','plugin','ldap','authentication',0,0,1,0,'{\"name\":\"plg_authentication_ldap\",\"type\":\"plugin\",\"creationDate\":\"November 2005\",\"author\":\"Joomla! Project\",\"copyright\":\"Copyright (C) 2005 - 2016 Open Source Matters. All rights reserved.\",\"authorEmail\":\"admin@joomla.org\",\"authorUrl\":\"www.joomla.org\",\"version\":\"3.0.0\",\"description\":\"PLG_LDAP_XML_DESCRIPTION\",\"group\":\"\",\"filename\":\"ldap\"}','{\"host\":\"\",\"port\":\"389\",\"use_ldapV3\":\"0\",\"negotiate_tls\":\"0\",\"no_referrals\":\"0\",\"auth_method\":\"bind\",\"base_dn\":\"\",\"search_string\":\"\",\"users_dn\":\"\",\"username\":\"admin\",\"password\":\"bobby7\",\"ldap_fullname\":\"fullName\",\"ldap_email\":\"mail\",\"ldap_uid\":\"uid\"}','','',0,'0000-00-00 00:00:00',3,0),
(403,'plg_content_contact','plugin','contact','content',0,1,1,0,'{\"name\":\"plg_content_contact\",\"type\":\"plugin\",\"creationDate\":\"January 2014\",\"author\":\"Joomla! Project\",\"copyright\":\"Copyright (C) 2005 - 2016 Open Source Matters. All rights reserved.\",\"authorEmail\":\"admin@joomla.org\",\"authorUrl\":\"www.joomla.org\",\"version\":\"3.2.2\",\"description\":\"PLG_CONTENT_CONTACT_XML_DESCRIPTION\",\"group\":\"\",\"filename\":\"contact\"}','','','',0,'0000-00-00 00:00:00',1,0),
(404,'plg_content_emailcloak','plugin','emailcloak','content',0,1,1,0,'{\"name\":\"plg_content_emailcloak\",\"type\":\"plugin\",\"creationDate\":\"November 2005\",\"author\":\"Joomla! Project\",\"copyright\":\"Copyright (C) 2005 - 2016 Open Source Matters. All rights reserved.\",\"authorEmail\":\"admin@joomla.org\",\"authorUrl\":\"www.joomla.org\",\"version\":\"3.0.0\",\"description\":\"PLG_CONTENT_EMAILCLOAK_XML_DESCRIPTION\",\"group\":\"\",\"filename\":\"emailcloak\"}','{\"mode\":\"1\"}','','',0,'0000-00-00 00:00:00',1,0),
(406,'plg_content_loadmodule','plugin','loadmodule','content',0,1,1,0,'{\"name\":\"plg_content_loadmodule\",\"type\":\"plugin\",\"creationDate\":\"November 2005\",\"author\":\"Joomla! Project\",\"copyright\":\"Copyright (C) 2005 - 2016 Open Source Matters. All rights reserved.\",\"authorEmail\":\"admin@joomla.org\",\"authorUrl\":\"www.joomla.org\",\"version\":\"3.0.0\",\"description\":\"PLG_LOADMODULE_XML_DESCRIPTION\",\"group\":\"\",\"filename\":\"loadmodule\"}','{\"style\":\"xhtml\"}','','',0,'2011-09-18 15:22:50',0,0),
(407,'plg_content_pagebreak','plugin','pagebreak','content',0,1,1,0,'{\"name\":\"plg_content_pagebreak\",\"type\":\"plugin\",\"creationDate\":\"November 2005\",\"author\":\"Joomla! Project\",\"copyright\":\"Copyright (C) 2005 - 2016 Open Source Matters. All rights reserved.\",\"authorEmail\":\"admin@joomla.org\",\"authorUrl\":\"www.joomla.org\",\"version\":\"3.0.0\",\"description\":\"PLG_CONTENT_PAGEBREAK_XML_DESCRIPTION\",\"group\":\"\",\"filename\":\"pagebreak\"}','{\"title\":\"1\",\"multipage_toc\":\"1\",\"showall\":\"1\"}','','',0,'0000-00-00 00:00:00',4,0),
(408,'plg_content_pagenavigation','plugin','pagenavigation','content',0,1,1,0,'{\"name\":\"plg_content_pagenavigation\",\"type\":\"plugin\",\"creationDate\":\"January 2006\",\"author\":\"Joomla! Project\",\"copyright\":\"Copyright (C) 2005 - 2016 Open Source Matters. All rights reserved.\",\"authorEmail\":\"admin@joomla.org\",\"authorUrl\":\"www.joomla.org\",\"version\":\"3.0.0\",\"description\":\"PLG_PAGENAVIGATION_XML_DESCRIPTION\",\"group\":\"\",\"filename\":\"pagenavigation\"}','{\"position\":\"1\"}','','',0,'0000-00-00 00:00:00',5,0),
(409,'plg_content_vote','plugin','vote','content',0,1,1,0,'{\"name\":\"plg_content_vote\",\"type\":\"plugin\",\"creationDate\":\"November 2005\",\"author\":\"Joomla! Project\",\"copyright\":\"Copyright (C) 2005 - 2016 Open Source Matters. All rights reserved.\",\"authorEmail\":\"admin@joomla.org\",\"authorUrl\":\"www.joomla.org\",\"version\":\"3.0.0\",\"description\":\"PLG_VOTE_XML_DESCRIPTION\",\"group\":\"\",\"filename\":\"vote\"}','','','',0,'0000-00-00 00:00:00',6,0),
(410,'plg_editors_codemirror','plugin','codemirror','editors',0,1,1,1,'{\"name\":\"plg_editors_codemirror\",\"type\":\"plugin\",\"creationDate\":\"28 March 2011\",\"author\":\"Marijn Haverbeke\",\"copyright\":\"Copyright (C) 2014 by Marijn Haverbeke <marijnh@gmail.com> and others\",\"authorEmail\":\"marijnh@gmail.com\",\"authorUrl\":\"http:\\/\\/codemirror.net\\/\",\"version\":\"5.18.0\",\"description\":\"PLG_CODEMIRROR_XML_DESCRIPTION\",\"group\":\"\",\"filename\":\"codemirror\"}','{\"lineNumbers\":\"1\",\"lineWrapping\":\"1\",\"matchTags\":\"1\",\"matchBrackets\":\"1\",\"marker-gutter\":\"1\",\"autoCloseTags\":\"1\",\"autoCloseBrackets\":\"1\",\"autoFocus\":\"1\",\"theme\":\"default\",\"tabmode\":\"indent\"}','','',0,'0000-00-00 00:00:00',1,0),
(411,'plg_editors_none','plugin','none','editors',0,1,1,1,'{\"name\":\"plg_editors_none\",\"type\":\"plugin\",\"creationDate\":\"September 2005\",\"author\":\"Joomla! Project\",\"copyright\":\"Copyright (C) 2005 - 2016 Open Source Matters. All rights reserved.\",\"authorEmail\":\"admin@joomla.org\",\"authorUrl\":\"www.joomla.org\",\"version\":\"3.0.0\",\"description\":\"PLG_NONE_XML_DESCRIPTION\",\"group\":\"\",\"filename\":\"none\"}','','','',0,'0000-00-00 00:00:00',2,0),
(412,'plg_editors_tinymce','plugin','tinymce','editors',0,1,1,0,'{\"name\":\"plg_editors_tinymce\",\"type\":\"plugin\",\"creationDate\":\"2005-2016\",\"author\":\"Ephox Corporation\",\"copyright\":\"Ephox Corporation\",\"authorEmail\":\"N\\/A\",\"authorUrl\":\"http:\\/\\/www.tinymce.com\",\"version\":\"4.4.3\",\"description\":\"PLG_TINY_XML_DESCRIPTION\",\"group\":\"\",\"filename\":\"tinymce\"}','{\"mode\":\"1\",\"skin\":\"0\",\"mobile\":\"0\",\"entity_encoding\":\"raw\",\"lang_mode\":\"1\",\"text_direction\":\"ltr\",\"content_css\":\"1\",\"content_css_custom\":\"\",\"relative_urls\":\"1\",\"newlines\":\"0\",\"invalid_elements\":\"script,applet,iframe\",\"extended_elements\":\"\",\"html_height\":\"550\",\"html_width\":\"750\",\"resizing\":\"1\",\"element_path\":\"1\",\"fonts\":\"1\",\"paste\":\"1\",\"searchreplace\":\"1\",\"insertdate\":\"1\",\"colors\":\"1\",\"table\":\"1\",\"smilies\":\"1\",\"hr\":\"1\",\"link\":\"1\",\"media\":\"1\",\"print\":\"1\",\"directionality\":\"1\",\"fullscreen\":\"1\",\"alignment\":\"1\",\"visualchars\":\"1\",\"visualblocks\":\"1\",\"nonbreaking\":\"1\",\"template\":\"1\",\"blockquote\":\"1\",\"wordcount\":\"1\",\"advlist\":\"1\",\"autosave\":\"1\",\"contextmenu\":\"1\",\"inlinepopups\":\"1\",\"custom_plugin\":\"\",\"custom_button\":\"\"}','','',0,'0000-00-00 00:00:00',3,0),
(413,'plg_editors-xtd_article','plugin','article','editors-xtd',0,1,1,0,'{\"name\":\"plg_editors-xtd_article\",\"type\":\"plugin\",\"creationDate\":\"October 2009\",\"author\":\"Joomla! Project\",\"copyright\":\"Copyright (C) 2005 - 2016 Open Source Matters. All rights reserved.\",\"authorEmail\":\"admin@joomla.org\",\"authorUrl\":\"www.joomla.org\",\"version\":\"3.0.0\",\"description\":\"PLG_ARTICLE_XML_DESCRIPTION\",\"group\":\"\",\"filename\":\"article\"}','','','',0,'0000-00-00 00:00:00',1,0),
(414,'plg_editors-xtd_image','plugin','image','editors-xtd',0,1,1,0,'{\"name\":\"plg_editors-xtd_image\",\"type\":\"plugin\",\"creationDate\":\"August 2004\",\"author\":\"Joomla! Project\",\"copyright\":\"Copyright (C) 2005 - 2016 Open Source Matters. All rights reserved.\",\"authorEmail\":\"admin@joomla.org\",\"authorUrl\":\"www.joomla.org\",\"version\":\"3.0.0\",\"description\":\"PLG_IMAGE_XML_DESCRIPTION\",\"group\":\"\",\"filename\":\"image\"}','','','',0,'0000-00-00 00:00:00',2,0),
(415,'plg_editors-xtd_pagebreak','plugin','pagebreak','editors-xtd',0,1,1,0,'{\"name\":\"plg_editors-xtd_pagebreak\",\"type\":\"plugin\",\"creationDate\":\"August 2004\",\"author\":\"Joomla! Project\",\"copyright\":\"Copyright (C) 2005 - 2016 Open Source Matters. All rights reserved.\",\"authorEmail\":\"admin@joomla.org\",\"authorUrl\":\"www.joomla.org\",\"version\":\"3.0.0\",\"description\":\"PLG_EDITORSXTD_PAGEBREAK_XML_DESCRIPTION\",\"group\":\"\",\"filename\":\"pagebreak\"}','','','',0,'0000-00-00 00:00:00',3,0),
(416,'plg_editors-xtd_readmore','plugin','readmore','editors-xtd',0,1,1,0,'{\"name\":\"plg_editors-xtd_readmore\",\"type\":\"plugin\",\"creationDate\":\"March 2006\",\"author\":\"Joomla! Project\",\"copyright\":\"Copyright (C) 2005 - 2016 Open Source Matters. All rights reserved.\",\"authorEmail\":\"admin@joomla.org\",\"authorUrl\":\"www.joomla.org\",\"version\":\"3.0.0\",\"description\":\"PLG_READMORE_XML_DESCRIPTION\",\"group\":\"\",\"filename\":\"readmore\"}','','','',0,'0000-00-00 00:00:00',4,0),
(417,'plg_search_categories','plugin','categories','search',0,1,1,0,'{\"name\":\"plg_search_categories\",\"type\":\"plugin\",\"creationDate\":\"November 2005\",\"author\":\"Joomla! Project\",\"copyright\":\"Copyright (C) 2005 - 2016 Open Source Matters. All rights reserved.\",\"authorEmail\":\"admin@joomla.org\",\"authorUrl\":\"www.joomla.org\",\"version\":\"3.0.0\",\"description\":\"PLG_SEARCH_CATEGORIES_XML_DESCRIPTION\",\"group\":\"\",\"filename\":\"categories\"}','{\"search_limit\":\"50\",\"search_content\":\"1\",\"search_archived\":\"1\"}','','',0,'0000-00-00 00:00:00',0,0),
(418,'plg_search_contacts','plugin','contacts','search',0,1,1,0,'{\"name\":\"plg_search_contacts\",\"type\":\"plugin\",\"creationDate\":\"November 2005\",\"author\":\"Joomla! Project\",\"copyright\":\"Copyright (C) 2005 - 2016 Open Source Matters. All rights reserved.\",\"authorEmail\":\"admin@joomla.org\",\"authorUrl\":\"www.joomla.org\",\"version\":\"3.0.0\",\"description\":\"PLG_SEARCH_CONTACTS_XML_DESCRIPTION\",\"group\":\"\",\"filename\":\"contacts\"}','{\"search_limit\":\"50\",\"search_content\":\"1\",\"search_archived\":\"1\"}','','',0,'0000-00-00 00:00:00',0,0),
(419,'plg_search_content','plugin','content','search',0,1,1,0,'{\"name\":\"plg_search_content\",\"type\":\"plugin\",\"creationDate\":\"November 2005\",\"author\":\"Joomla! Project\",\"copyright\":\"Copyright (C) 2005 - 2016 Open Source Matters. All rights reserved.\",\"authorEmail\":\"admin@joomla.org\",\"authorUrl\":\"www.joomla.org\",\"version\":\"3.0.0\",\"description\":\"PLG_SEARCH_CONTENT_XML_DESCRIPTION\",\"group\":\"\",\"filename\":\"content\"}','{\"search_limit\":\"50\",\"search_content\":\"1\",\"search_archived\":\"1\"}','','',0,'0000-00-00 00:00:00',0,0),
(420,'plg_search_newsfeeds','plugin','newsfeeds','search',0,1,1,0,'{\"name\":\"plg_search_newsfeeds\",\"type\":\"plugin\",\"creationDate\":\"November 2005\",\"author\":\"Joomla! Project\",\"copyright\":\"Copyright (C) 2005 - 2016 Open Source Matters. All rights reserved.\",\"authorEmail\":\"admin@joomla.org\",\"authorUrl\":\"www.joomla.org\",\"version\":\"3.0.0\",\"description\":\"PLG_SEARCH_NEWSFEEDS_XML_DESCRIPTION\",\"group\":\"\",\"filename\":\"newsfeeds\"}','{\"search_limit\":\"50\",\"search_content\":\"1\",\"search_archived\":\"1\"}','','',0,'0000-00-00 00:00:00',0,0),
(422,'plg_system_languagefilter','plugin','languagefilter','system',0,0,1,1,'{\"name\":\"plg_system_languagefilter\",\"type\":\"plugin\",\"creationDate\":\"July 2010\",\"author\":\"Joomla! Project\",\"copyright\":\"Copyright (C) 2005 - 2016 Open Source Matters. All rights reserved.\",\"authorEmail\":\"admin@joomla.org\",\"authorUrl\":\"www.joomla.org\",\"version\":\"3.0.0\",\"description\":\"PLG_SYSTEM_LANGUAGEFILTER_XML_DESCRIPTION\",\"group\":\"\",\"filename\":\"languagefilter\"}','','','',0,'0000-00-00 00:00:00',1,0),
(423,'plg_system_p3p','plugin','p3p','system',0,0,1,0,'{\"name\":\"plg_system_p3p\",\"type\":\"plugin\",\"creationDate\":\"September 2010\",\"author\":\"Joomla! Project\",\"copyright\":\"Copyright (C) 2005 - 2016 Open Source Matters. All rights reserved.\",\"authorEmail\":\"admin@joomla.org\",\"authorUrl\":\"www.joomla.org\",\"version\":\"3.0.0\",\"description\":\"PLG_P3P_XML_DESCRIPTION\",\"group\":\"\",\"filename\":\"p3p\"}','{\"headers\":\"NOI ADM DEV PSAi COM NAV OUR OTRo STP IND DEM\"}','','',0,'0000-00-00 00:00:00',2,0),
(424,'plg_system_cache','plugin','cache','system',0,0,1,1,'{\"name\":\"plg_system_cache\",\"type\":\"plugin\",\"creationDate\":\"February 2007\",\"author\":\"Joomla! Project\",\"copyright\":\"Copyright (C) 2005 - 2016 Open Source Matters. All rights reserved.\",\"authorEmail\":\"admin@joomla.org\",\"authorUrl\":\"www.joomla.org\",\"version\":\"3.0.0\",\"description\":\"PLG_CACHE_XML_DESCRIPTION\",\"group\":\"\",\"filename\":\"cache\"}','{\"browsercache\":\"0\",\"cachetime\":\"15\"}','','',0,'0000-00-00 00:00:00',9,0),
(425,'plg_system_debug','plugin','debug','system',0,1,1,0,'{\"name\":\"plg_system_debug\",\"type\":\"plugin\",\"creationDate\":\"December 2006\",\"author\":\"Joomla! Project\",\"copyright\":\"Copyright (C) 2005 - 2016 Open Source Matters. All rights reserved.\",\"authorEmail\":\"admin@joomla.org\",\"authorUrl\":\"www.joomla.org\",\"version\":\"3.0.0\",\"description\":\"PLG_DEBUG_XML_DESCRIPTION\",\"group\":\"\",\"filename\":\"debug\"}','{\"profile\":\"1\",\"queries\":\"1\",\"memory\":\"1\",\"language_files\":\"1\",\"language_strings\":\"1\",\"strip-first\":\"1\",\"strip-prefix\":\"\",\"strip-suffix\":\"\"}','','',0,'0000-00-00 00:00:00',4,0),
(426,'plg_system_log','plugin','log','system',0,1,1,1,'{\"name\":\"plg_system_log\",\"type\":\"plugin\",\"creationDate\":\"April 2007\",\"author\":\"Joomla! Project\",\"copyright\":\"Copyright (C) 2005 - 2016 Open Source Matters. All rights reserved.\",\"authorEmail\":\"admin@joomla.org\",\"authorUrl\":\"www.joomla.org\",\"version\":\"3.0.0\",\"description\":\"PLG_LOG_XML_DESCRIPTION\",\"group\":\"\",\"filename\":\"log\"}','','','',0,'0000-00-00 00:00:00',5,0),
(427,'plg_system_redirect','plugin','redirect','system',0,0,1,1,'{\"name\":\"plg_system_redirect\",\"type\":\"plugin\",\"creationDate\":\"April 2009\",\"author\":\"Joomla! Project\",\"copyright\":\"Copyright (C) 2005 - 2016 Open Source Matters. All rights reserved.\",\"authorEmail\":\"admin@joomla.org\",\"authorUrl\":\"www.joomla.org\",\"version\":\"3.0.0\",\"description\":\"PLG_SYSTEM_REDIRECT_XML_DESCRIPTION\",\"group\":\"\",\"filename\":\"redirect\"}','','','',0,'0000-00-00 00:00:00',6,0),
(428,'plg_system_remember','plugin','remember','system',0,1,1,1,'{\"name\":\"plg_system_remember\",\"type\":\"plugin\",\"creationDate\":\"April 2007\",\"author\":\"Joomla! Project\",\"copyright\":\"Copyright (C) 2005 - 2016 Open Source Matters. All rights reserved.\",\"authorEmail\":\"admin@joomla.org\",\"authorUrl\":\"www.joomla.org\",\"version\":\"3.0.0\",\"description\":\"PLG_REMEMBER_XML_DESCRIPTION\",\"group\":\"\",\"filename\":\"remember\"}','','','',0,'0000-00-00 00:00:00',7,0),
(429,'plg_system_sef','plugin','sef','system',0,1,1,0,'{\"name\":\"plg_system_sef\",\"type\":\"plugin\",\"creationDate\":\"December 2007\",\"author\":\"Joomla! Project\",\"copyright\":\"Copyright (C) 2005 - 2016 Open Source Matters. All rights reserved.\",\"authorEmail\":\"admin@joomla.org\",\"authorUrl\":\"www.joomla.org\",\"version\":\"3.0.0\",\"description\":\"PLG_SEF_XML_DESCRIPTION\",\"group\":\"\",\"filename\":\"sef\"}','','','',0,'0000-00-00 00:00:00',8,0),
(430,'plg_system_logout','plugin','logout','system',0,1,1,1,'{\"name\":\"plg_system_logout\",\"type\":\"plugin\",\"creationDate\":\"April 2009\",\"author\":\"Joomla! Project\",\"copyright\":\"Copyright (C) 2005 - 2016 Open Source Matters. All rights reserved.\",\"authorEmail\":\"admin@joomla.org\",\"authorUrl\":\"www.joomla.org\",\"version\":\"3.0.0\",\"description\":\"PLG_SYSTEM_LOGOUT_XML_DESCRIPTION\",\"group\":\"\",\"filename\":\"logout\"}','','','',0,'0000-00-00 00:00:00',3,0),
(431,'plg_user_contactcreator','plugin','contactcreator','user',0,0,1,0,'{\"name\":\"plg_user_contactcreator\",\"type\":\"plugin\",\"creationDate\":\"August 2009\",\"author\":\"Joomla! Project\",\"copyright\":\"(C) 2005 - 2016 Open Source Matters. All rights reserved.\",\"authorEmail\":\"admin@joomla.org\",\"authorUrl\":\"www.joomla.org\",\"version\":\"3.0.0\",\"description\":\"PLG_CONTACTCREATOR_XML_DESCRIPTION\",\"group\":\"\",\"filename\":\"contactcreator\"}','{\"autowebpage\":\"\",\"category\":\"34\",\"autopublish\":\"0\"}','','',0,'0000-00-00 00:00:00',1,0),
(432,'plg_user_joomla','plugin','joomla','user',0,1,1,0,'{\"name\":\"plg_user_joomla\",\"type\":\"plugin\",\"creationDate\":\"December 2006\",\"author\":\"Joomla! Project\",\"copyright\":\"(C) 2005 - 2016 Open Source Matters. All rights reserved.\",\"authorEmail\":\"admin@joomla.org\",\"authorUrl\":\"www.joomla.org\",\"version\":\"3.0.0\",\"description\":\"PLG_USER_JOOMLA_XML_DESCRIPTION\",\"group\":\"\",\"filename\":\"joomla\"}','{\"autoregister\":\"1\",\"mail_to_user\":\"1\",\"forceLogout\":\"1\"}','','',0,'0000-00-00 00:00:00',2,0),
(433,'plg_user_profile','plugin','profile','user',0,0,1,0,'{\"name\":\"plg_user_profile\",\"type\":\"plugin\",\"creationDate\":\"January 2008\",\"author\":\"Joomla! Project\",\"copyright\":\"(C) 2005 - 2016 Open Source Matters. All rights reserved.\",\"authorEmail\":\"admin@joomla.org\",\"authorUrl\":\"www.joomla.org\",\"version\":\"3.0.0\",\"description\":\"PLG_USER_PROFILE_XML_DESCRIPTION\",\"group\":\"\",\"filename\":\"profile\"}','{\"register-require_address1\":\"1\",\"register-require_address2\":\"1\",\"register-require_city\":\"1\",\"register-require_region\":\"1\",\"register-require_country\":\"1\",\"register-require_postal_code\":\"1\",\"register-require_phone\":\"1\",\"register-require_website\":\"1\",\"register-require_favoritebook\":\"1\",\"register-require_aboutme\":\"1\",\"register-require_tos\":\"1\",\"register-require_dob\":\"1\",\"profile-require_address1\":\"1\",\"profile-require_address2\":\"1\",\"profile-require_city\":\"1\",\"profile-require_region\":\"1\",\"profile-require_country\":\"1\",\"profile-require_postal_code\":\"1\",\"profile-require_phone\":\"1\",\"profile-require_website\":\"1\",\"profile-require_favoritebook\":\"1\",\"profile-require_aboutme\":\"1\",\"profile-require_tos\":\"1\",\"profile-require_dob\":\"1\"}','','',0,'0000-00-00 00:00:00',0,0),
(434,'plg_extension_joomla','plugin','joomla','extension',0,1,1,1,'{\"name\":\"plg_extension_joomla\",\"type\":\"plugin\",\"creationDate\":\"May 2010\",\"author\":\"Joomla! Project\",\"copyright\":\"Copyright (C) 2005 - 2016 Open Source Matters. All rights reserved.\",\"authorEmail\":\"admin@joomla.org\",\"authorUrl\":\"www.joomla.org\",\"version\":\"3.0.0\",\"description\":\"PLG_EXTENSION_JOOMLA_XML_DESCRIPTION\",\"group\":\"\",\"filename\":\"joomla\"}','','','',0,'0000-00-00 00:00:00',1,0),
(435,'plg_content_joomla','plugin','joomla','content',0,1,1,0,'{\"name\":\"plg_content_joomla\",\"type\":\"plugin\",\"creationDate\":\"November 2010\",\"author\":\"Joomla! Project\",\"copyright\":\"Copyright (C) 2005 - 2016 Open Source Matters. All rights reserved.\",\"authorEmail\":\"admin@joomla.org\",\"authorUrl\":\"www.joomla.org\",\"version\":\"3.0.0\",\"description\":\"PLG_CONTENT_JOOMLA_XML_DESCRIPTION\",\"group\":\"\",\"filename\":\"joomla\"}','','','',0,'0000-00-00 00:00:00',0,0),
(436,'plg_system_languagecode','plugin','languagecode','system',0,0,1,0,'{\"name\":\"plg_system_languagecode\",\"type\":\"plugin\",\"creationDate\":\"November 2011\",\"author\":\"Joomla! Project\",\"copyright\":\"Copyright (C) 2005 - 2016 Open Source Matters. All rights reserved.\",\"authorEmail\":\"admin@joomla.org\",\"authorUrl\":\"www.joomla.org\",\"version\":\"3.0.0\",\"description\":\"PLG_SYSTEM_LANGUAGECODE_XML_DESCRIPTION\",\"group\":\"\",\"filename\":\"languagecode\"}','','','',0,'0000-00-00 00:00:00',10,0),
(437,'plg_quickicon_joomlaupdate','plugin','joomlaupdate','quickicon',0,1,1,1,'{\"name\":\"plg_quickicon_joomlaupdate\",\"type\":\"plugin\",\"creationDate\":\"August 2011\",\"author\":\"Joomla! Project\",\"copyright\":\"Copyright (C) 2005 - 2016 Open Source Matters. All rights reserved.\",\"authorEmail\":\"admin@joomla.org\",\"authorUrl\":\"www.joomla.org\",\"version\":\"3.0.0\",\"description\":\"PLG_QUICKICON_JOOMLAUPDATE_XML_DESCRIPTION\",\"group\":\"\",\"filename\":\"joomlaupdate\"}','','','',0,'0000-00-00 00:00:00',0,0),
(438,'plg_quickicon_extensionupdate','plugin','extensionupdate','quickicon',0,1,1,1,'{\"name\":\"plg_quickicon_extensionupdate\",\"type\":\"plugin\",\"creationDate\":\"August 2011\",\"author\":\"Joomla! Project\",\"copyright\":\"Copyright (C) 2005 - 2016 Open Source Matters. All rights reserved.\",\"authorEmail\":\"admin@joomla.org\",\"authorUrl\":\"www.joomla.org\",\"version\":\"3.0.0\",\"description\":\"PLG_QUICKICON_EXTENSIONUPDATE_XML_DESCRIPTION\",\"group\":\"\",\"filename\":\"extensionupdate\"}','','','',0,'0000-00-00 00:00:00',0,0),
(439,'plg_captcha_recaptcha','plugin','recaptcha','captcha',0,0,1,0,'{\"name\":\"plg_captcha_recaptcha\",\"type\":\"plugin\",\"creationDate\":\"December 2011\",\"author\":\"Joomla! Project\",\"copyright\":\"Copyright (C) 2005 - 2016 Open Source Matters. All rights reserved.\",\"authorEmail\":\"admin@joomla.org\",\"authorUrl\":\"www.joomla.org\",\"version\":\"3.4.0\",\"description\":\"PLG_CAPTCHA_RECAPTCHA_XML_DESCRIPTION\",\"group\":\"\",\"filename\":\"recaptcha\"}','{\"public_key\":\"\",\"private_key\":\"\",\"theme\":\"clean\"}','','',0,'0000-00-00 00:00:00',0,0),
(440,'plg_system_highlight','plugin','highlight','system',0,1,1,0,'{\"name\":\"plg_system_highlight\",\"type\":\"plugin\",\"creationDate\":\"August 2011\",\"author\":\"Joomla! Project\",\"copyright\":\"(C) 2005 - 2016 Open Source Matters. All rights reserved.\",\"authorEmail\":\"admin@joomla.org\",\"authorUrl\":\"www.joomla.org\",\"version\":\"3.0.0\",\"description\":\"PLG_SYSTEM_HIGHLIGHT_XML_DESCRIPTION\",\"group\":\"\",\"filename\":\"highlight\"}','','','',0,'0000-00-00 00:00:00',7,0),
(441,'plg_content_finder','plugin','finder','content',0,0,1,0,'{\"name\":\"plg_content_finder\",\"type\":\"plugin\",\"creationDate\":\"December 2011\",\"author\":\"Joomla! Project\",\"copyright\":\"Copyright (C) 2005 - 2016 Open Source Matters. All rights reserved.\",\"authorEmail\":\"admin@joomla.org\",\"authorUrl\":\"www.joomla.org\",\"version\":\"3.0.0\",\"description\":\"PLG_CONTENT_FINDER_XML_DESCRIPTION\",\"group\":\"\",\"filename\":\"finder\"}','','','',0,'0000-00-00 00:00:00',0,0),
(442,'plg_finder_categories','plugin','categories','finder',0,1,1,0,'{\"name\":\"plg_finder_categories\",\"type\":\"plugin\",\"creationDate\":\"August 2011\",\"author\":\"Joomla! Project\",\"copyright\":\"(C) 2005 - 2016 Open Source Matters. All rights reserved.\",\"authorEmail\":\"admin@joomla.org\",\"authorUrl\":\"www.joomla.org\",\"version\":\"3.0.0\",\"description\":\"PLG_FINDER_CATEGORIES_XML_DESCRIPTION\",\"group\":\"\",\"filename\":\"categories\"}','','','',0,'0000-00-00 00:00:00',1,0),
(443,'plg_finder_contacts','plugin','contacts','finder',0,1,1,0,'{\"name\":\"plg_finder_contacts\",\"type\":\"plugin\",\"creationDate\":\"August 2011\",\"author\":\"Joomla! Project\",\"copyright\":\"(C) 2005 - 2016 Open Source Matters. All rights reserved.\",\"authorEmail\":\"admin@joomla.org\",\"authorUrl\":\"www.joomla.org\",\"version\":\"3.0.0\",\"description\":\"PLG_FINDER_CONTACTS_XML_DESCRIPTION\",\"group\":\"\",\"filename\":\"contacts\"}','','','',0,'0000-00-00 00:00:00',2,0),
(444,'plg_finder_content','plugin','content','finder',0,1,1,0,'{\"name\":\"plg_finder_content\",\"type\":\"plugin\",\"creationDate\":\"August 2011\",\"author\":\"Joomla! Project\",\"copyright\":\"(C) 2005 - 2016 Open Source Matters. All rights reserved.\",\"authorEmail\":\"admin@joomla.org\",\"authorUrl\":\"www.joomla.org\",\"version\":\"3.0.0\",\"description\":\"PLG_FINDER_CONTENT_XML_DESCRIPTION\",\"group\":\"\",\"filename\":\"content\"}','','','',0,'0000-00-00 00:00:00',3,0),
(445,'plg_finder_newsfeeds','plugin','newsfeeds','finder',0,1,1,0,'{\"name\":\"plg_finder_newsfeeds\",\"type\":\"plugin\",\"creationDate\":\"August 2011\",\"author\":\"Joomla! Project\",\"copyright\":\"(C) 2005 - 2016 Open Source Matters. All rights reserved.\",\"authorEmail\":\"admin@joomla.org\",\"authorUrl\":\"www.joomla.org\",\"version\":\"3.0.0\",\"description\":\"PLG_FINDER_NEWSFEEDS_XML_DESCRIPTION\",\"group\":\"\",\"filename\":\"newsfeeds\"}','','','',0,'0000-00-00 00:00:00',4,0),
(447,'plg_finder_tags','plugin','tags','finder',0,1,1,0,'{\"name\":\"plg_finder_tags\",\"type\":\"plugin\",\"creationDate\":\"February 2013\",\"author\":\"Joomla! Project\",\"copyright\":\"(C) 2005 - 2016 Open Source Matters. All rights reserved.\",\"authorEmail\":\"admin@joomla.org\",\"authorUrl\":\"www.joomla.org\",\"version\":\"3.0.0\",\"description\":\"PLG_FINDER_TAGS_XML_DESCRIPTION\",\"group\":\"\",\"filename\":\"tags\"}','','','',0,'0000-00-00 00:00:00',0,0),
(448,'plg_twofactorauth_totp','plugin','totp','twofactorauth',0,0,1,0,'{\"name\":\"plg_twofactorauth_totp\",\"type\":\"plugin\",\"creationDate\":\"August 2013\",\"author\":\"Joomla! Project\",\"copyright\":\"Copyright (C) 2005 - 2016 Open Source Matters. All rights reserved.\",\"authorEmail\":\"admin@joomla.org\",\"authorUrl\":\"www.joomla.org\",\"version\":\"3.2.0\",\"description\":\"PLG_TWOFACTORAUTH_TOTP_XML_DESCRIPTION\",\"group\":\"\",\"filename\":\"totp\"}','','','',0,'0000-00-00 00:00:00',0,0),
(449,'plg_authentication_cookie','plugin','cookie','authentication',0,1,1,0,'{\"name\":\"plg_authentication_cookie\",\"type\":\"plugin\",\"creationDate\":\"July 2013\",\"author\":\"Joomla! Project\",\"copyright\":\"Copyright (C) 2005 - 2016 Open Source Matters. All rights reserved.\",\"authorEmail\":\"admin@joomla.org\",\"authorUrl\":\"www.joomla.org\",\"version\":\"3.0.0\",\"description\":\"PLG_AUTH_COOKIE_XML_DESCRIPTION\",\"group\":\"\",\"filename\":\"cookie\"}','','','',0,'0000-00-00 00:00:00',0,0),
(450,'plg_twofactorauth_yubikey','plugin','yubikey','twofactorauth',0,0,1,0,'{\"name\":\"plg_twofactorauth_yubikey\",\"type\":\"plugin\",\"creationDate\":\"September 2013\",\"author\":\"Joomla! Project\",\"copyright\":\"Copyright (C) 2005 - 2016 Open Source Matters. All rights reserved.\",\"authorEmail\":\"admin@joomla.org\",\"authorUrl\":\"www.joomla.org\",\"version\":\"3.2.0\",\"description\":\"PLG_TWOFACTORAUTH_YUBIKEY_XML_DESCRIPTION\",\"group\":\"\",\"filename\":\"yubikey\"}','','','',0,'0000-00-00 00:00:00',0,0),
(451,'plg_search_tags','plugin','tags','search',0,1,1,0,'{\"name\":\"plg_search_tags\",\"type\":\"plugin\",\"creationDate\":\"March 2014\",\"author\":\"Joomla! Project\",\"copyright\":\"Copyright (C) 2005 - 2016 Open Source Matters. All rights reserved.\",\"authorEmail\":\"admin@joomla.org\",\"authorUrl\":\"www.joomla.org\",\"version\":\"3.0.0\",\"description\":\"PLG_SEARCH_TAGS_XML_DESCRIPTION\",\"group\":\"\",\"filename\":\"tags\"}','{\"search_limit\":\"50\",\"show_tagged_items\":\"1\"}','','',0,'0000-00-00 00:00:00',0,0),
(452,'plg_system_updatenotification','plugin','updatenotification','system',0,1,1,0,'{\"name\":\"plg_system_updatenotification\",\"type\":\"plugin\",\"creationDate\":\"May 2015\",\"author\":\"Joomla! Project\",\"copyright\":\"Copyright (C) 2005 - 2016 Open Source Matters. All rights reserved.\",\"authorEmail\":\"admin@joomla.org\",\"authorUrl\":\"www.joomla.org\",\"version\":\"3.5.0\",\"description\":\"PLG_SYSTEM_UPDATENOTIFICATION_XML_DESCRIPTION\",\"group\":\"\",\"filename\":\"updatenotification\"}','{\"lastrun\":1498061217}','','',0,'0000-00-00 00:00:00',0,0),
(453,'plg_editors-xtd_module','plugin','module','editors-xtd',0,1,1,0,'{\"name\":\"plg_editors-xtd_module\",\"type\":\"plugin\",\"creationDate\":\"October 2015\",\"author\":\"Joomla! Project\",\"copyright\":\"Copyright (C) 2005 - 2016 Open Source Matters. All rights reserved.\",\"authorEmail\":\"admin@joomla.org\",\"authorUrl\":\"www.joomla.org\",\"version\":\"3.5.0\",\"description\":\"PLG_MODULE_XML_DESCRIPTION\",\"group\":\"\",\"filename\":\"module\"}','','','',0,'0000-00-00 00:00:00',0,0),
(454,'plg_system_stats','plugin','stats','system',0,1,1,0,'{\"name\":\"plg_system_stats\",\"type\":\"plugin\",\"creationDate\":\"November 2013\",\"author\":\"Joomla! Project\",\"copyright\":\"Copyright (C) 2005 - 2016 Open Source Matters. All rights reserved.\",\"authorEmail\":\"admin@joomla.org\",\"authorUrl\":\"www.joomla.org\",\"version\":\"3.5.0\",\"description\":\"PLG_SYSTEM_STATS_XML_DESCRIPTION\",\"group\":\"\",\"filename\":\"stats\"}','{\"mode\":3,\"lastrun\":1487757569,\"unique_id\":\"460c8c3d38ec9dc106ff359ede0a2e913a122d56\",\"interval\":12}','','',0,'0000-00-00 00:00:00',0,0),
(455,'plg_installer_packageinstaller','plugin','packageinstaller','installer',0,1,1,1,'{\"name\":\"plg_installer_packageinstaller\",\"type\":\"plugin\",\"creationDate\":\"May 2016\",\"author\":\"Joomla! Project\",\"copyright\":\"Copyright (C) 2005 - 2016 Open Source Matters. All rights reserved.\",\"authorEmail\":\"admin@joomla.org\",\"authorUrl\":\"www.joomla.org\",\"version\":\"3.6.0\",\"description\":\"PLG_INSTALLER_PACKAGEINSTALLER_PLUGIN_XML_DESCRIPTION\",\"group\":\"\",\"filename\":\"packageinstaller\"}','','','',0,'0000-00-00 00:00:00',1,0),
(456,'PLG_INSTALLER_FOLDERINSTALLER','plugin','folderinstaller','installer',0,1,1,1,'{\"name\":\"PLG_INSTALLER_FOLDERINSTALLER\",\"type\":\"plugin\",\"creationDate\":\"May 2016\",\"author\":\"Joomla! Project\",\"copyright\":\"Copyright (C) 2005 - 2016 Open Source Matters. All rights reserved.\",\"authorEmail\":\"admin@joomla.org\",\"authorUrl\":\"www.joomla.org\",\"version\":\"3.6.0\",\"description\":\"PLG_INSTALLER_FOLDERINSTALLER_PLUGIN_XML_DESCRIPTION\",\"group\":\"\",\"filename\":\"folderinstaller\"}','','','',0,'0000-00-00 00:00:00',2,0),
(457,'PLG_INSTALLER_URLINSTALLER','plugin','urlinstaller','installer',0,1,1,1,'{\"name\":\"PLG_INSTALLER_URLINSTALLER\",\"type\":\"plugin\",\"creationDate\":\"May 2016\",\"author\":\"Joomla! Project\",\"copyright\":\"Copyright (C) 2005 - 2016 Open Source Matters. All rights reserved.\",\"authorEmail\":\"admin@joomla.org\",\"authorUrl\":\"www.joomla.org\",\"version\":\"3.6.0\",\"description\":\"PLG_INSTALLER_URLINSTALLER_PLUGIN_XML_DESCRIPTION\",\"group\":\"\",\"filename\":\"urlinstaller\"}','','','',0,'0000-00-00 00:00:00',3,0),
(503,'beez3','template','beez3','',0,1,1,0,'{\"name\":\"beez3\",\"type\":\"template\",\"creationDate\":\"25 November 2009\",\"author\":\"Angie Radtke\",\"copyright\":\"Copyright (C) 2005 - 2016 Open Source Matters, Inc. All rights reserved.\",\"authorEmail\":\"a.radtke@derauftritt.de\",\"authorUrl\":\"http:\\/\\/www.der-auftritt.de\",\"version\":\"3.1.0\",\"description\":\"TPL_BEEZ3_XML_DESCRIPTION\",\"group\":\"\",\"filename\":\"templateDetails\"}','{\"wrapperSmall\":\"53\",\"wrapperLarge\":\"72\",\"sitetitle\":\"\",\"sitedescription\":\"\",\"navposition\":\"center\",\"templatecolor\":\"nature\"}','','',0,'0000-00-00 00:00:00',0,0),
(504,'hathor','template','hathor','',1,1,1,0,'{\"name\":\"hathor\",\"type\":\"template\",\"creationDate\":\"May 2010\",\"author\":\"Andrea Tarr\",\"copyright\":\"Copyright (C) 2005 - 2016 Open Source Matters, Inc. All rights reserved.\",\"authorEmail\":\"admin@joomla.org\",\"authorUrl\":\"\",\"version\":\"3.0.0\",\"description\":\"TPL_HATHOR_XML_DESCRIPTION\",\"group\":\"\",\"filename\":\"templateDetails\"}','{\"showSiteName\":\"0\",\"colourChoice\":\"0\",\"boldText\":\"0\"}','','',0,'0000-00-00 00:00:00',0,0),
(506,'protostar','template','protostar','',0,1,1,0,'{\"name\":\"protostar\",\"type\":\"template\",\"creationDate\":\"4\\/30\\/2012\",\"author\":\"Kyle Ledbetter\",\"copyright\":\"Copyright (C) 2005 - 2016 Open Source Matters, Inc. All rights reserved.\",\"authorEmail\":\"admin@joomla.org\",\"authorUrl\":\"\",\"version\":\"1.0\",\"description\":\"TPL_PROTOSTAR_XML_DESCRIPTION\",\"group\":\"\",\"filename\":\"templateDetails\"}','{\"templateColor\":\"\",\"logoFile\":\"\",\"googleFont\":\"1\",\"googleFontName\":\"Open+Sans\",\"fluidContainer\":\"0\"}','','',0,'0000-00-00 00:00:00',0,0),
(507,'isis','template','isis','',1,1,1,0,'{\"name\":\"isis\",\"type\":\"template\",\"creationDate\":\"3\\/30\\/2012\",\"author\":\"Kyle Ledbetter\",\"copyright\":\"Copyright (C) 2005 - 2016 Open Source Matters, Inc. All rights reserved.\",\"authorEmail\":\"admin@joomla.org\",\"authorUrl\":\"\",\"version\":\"1.0\",\"description\":\"TPL_ISIS_XML_DESCRIPTION\",\"group\":\"\",\"filename\":\"templateDetails\"}','{\"templateColor\":\"\",\"logoFile\":\"\"}','','',0,'0000-00-00 00:00:00',0,0),
(600,'English (en-GB)','language','en-GB','',0,1,1,1,'{\"name\":\"English (en-GB)\",\"type\":\"language\",\"creationDate\":\"December 2016\",\"author\":\"Joomla! Project\",\"copyright\":\"Copyright (C) 2005 - 2016 Open Source Matters. All rights reserved.\",\"authorEmail\":\"admin@joomla.org\",\"authorUrl\":\"www.joomla.org\",\"version\":\"3.6.5\",\"description\":\"en-GB site language\",\"group\":\"\"}','','','',0,'0000-00-00 00:00:00',0,0),
(601,'English (en-GB)','language','en-GB','',1,1,1,1,'{\"name\":\"English (en-GB)\",\"type\":\"language\",\"creationDate\":\"December 2016\",\"author\":\"Joomla! Project\",\"copyright\":\"Copyright (C) 2005 - 2016 Open Source Matters. All rights reserved.\",\"authorEmail\":\"admin@joomla.org\",\"authorUrl\":\"www.joomla.org\",\"version\":\"3.6.5\",\"description\":\"en-GB administrator language\",\"group\":\"\"}','','','',0,'0000-00-00 00:00:00',0,0),
(700,'files_joomla','file','joomla','',0,1,1,1,'{\"name\":\"files_joomla\",\"type\":\"file\",\"creationDate\":\"December 2016\",\"author\":\"Joomla! Project\",\"copyright\":\"(C) 2005 - 2016 Open Source Matters. All rights reserved\",\"authorEmail\":\"admin@joomla.org\",\"authorUrl\":\"www.joomla.org\",\"version\":\"3.6.5\",\"description\":\"FILES_JOOMLA_XML_DESCRIPTION\",\"group\":\"\"}','','','',0,'0000-00-00 00:00:00',0,0),
(802,'English (en-GB) Language Pack','package','pkg_en-GB','',0,1,1,1,'{\"name\":\"English (en-GB) Language Pack\",\"type\":\"package\",\"creationDate\":\"December 2016\",\"author\":\"Joomla! Project\",\"copyright\":\"Copyright (C) 2005 - 2016 Open Source Matters, Inc. All rights reserved.\",\"authorEmail\":\"admin@joomla.org\",\"authorUrl\":\"www.joomla.org\",\"version\":\"3.6.5.1\",\"description\":\"en-GB language pack\",\"group\":\"\",\"filename\":\"pkg_en-GB\"}','','','',0,'0000-00-00 00:00:00',0,0),
(10000,'NorwegianBokmalnb-NO','language','nb-NO','',0,1,0,0,'{\"name\":\"Norwegian Bokmal (nb-NO)\",\"type\":\"language\",\"creationDate\":\"May 2017\",\"author\":\"Norsk Joomla!\",\"copyright\":\"Copyright (C) 2005 - 2017 Open Source Matters. All rights reserved.\",\"authorEmail\":\"nobody@norskjoomla.no\",\"authorUrl\":\"www.norskjoomla.no\",\"version\":\"3.7.2.1\",\"description\":\"Norwegian bokm\\u00e5l site language for Joomla! 3.x\",\"group\":\"\",\"filename\":\"install\"}','{}','','',0,'0000-00-00 00:00:00',0,0),
(10001,'NorwegianBokmalnb-NO','language','nb-NO','',1,1,0,0,'{\"name\":\"Norwegian Bokmal (nb-NO)\",\"type\":\"language\",\"creationDate\":\"May 2017\",\"author\":\"Norsk Joomla!\",\"copyright\":\"Copyright (C) 2005 - 2017 Open Source Matters. All rights reserved.\",\"authorEmail\":\"nobody@norskjoomla.no\",\"authorUrl\":\"www.norskjoomla.no\",\"version\":\"3.7.2.1\",\"description\":\"nb-NO administrator language\",\"group\":\"\",\"filename\":\"install\"}','{}','','',0,'0000-00-00 00:00:00',0,0),
(10002,'Norwegian Bokmål (nb-NO) Language Pack','package','pkg_nb-NO','',0,1,1,0,'{\"name\":\"Norwegian Bokm\\u00e5l (nb-NO) Language Pack\",\"type\":\"package\",\"creationDate\":\"May 2017\",\"author\":\"Norsk Joomla!\",\"copyright\":\"Copyright (C) 2005 - 2017 Open Source Matters, Inc. All rights reserved.\",\"authorEmail\":\"nobody@norskjoomla.no\",\"authorUrl\":\"www.norskjoomla.no\",\"version\":\"3.7.2.1\",\"description\":\"Norsk bokm\\u00e5l (nb-NO) spr\\u00e5kpakke\",\"group\":\"\",\"filename\":\"pkg_nb-NO\"}','{}','','',0,'0000-00-00 00:00:00',0,0),
(10020,'plg_installer_webinstaller','plugin','webinstaller','installer',0,1,1,0,'{\"name\":\"plg_installer_webinstaller\",\"type\":\"plugin\",\"creationDate\":\"28 April 2017\",\"author\":\"Joomla! Project\",\"copyright\":\"Copyright (C) 2013-2017 Open Source Matters. All rights reserved.\",\"authorEmail\":\"admin@joomla.org\",\"authorUrl\":\"www.joomla.org\",\"version\":\"1.1.1\",\"description\":\"PLG_INSTALLER_WEBINSTALLER_XML_DESCRIPTION\",\"group\":\"\",\"filename\":\"webinstaller\"}','{\"tab_position\":\"0\"}','','',0,'0000-00-00 00:00:00',0,0),
(10021,'COM_JEVENTS','component','com_jevents','',1,1,0,0,'{\"name\":\"COM_JEVENTS\",\"type\":\"component\",\"creationDate\":\"May 2017\",\"author\":\"GWE Systems Ltd \",\"copyright\":\"(C) 2009-2017 GWE Systems Ltd, 2006-2008 JEvents Project Group\",\"authorEmail\":\"\",\"authorUrl\":\"http:\\/\\/www.jevents.net\",\"version\":\"3.4.39\",\"description\":\"COM_JEVENTS_DESC\",\"group\":\"\",\"filename\":\"manifest\"}','{\"com_difficulty\":\"1\",\"clubcode\":\"\",\"com_calViewName\":\"flat\",\"darktemplate\":\"0\",\"com_dateformat\":\"0\",\"com_calHeadline\":\"comp\",\"com_calUseIconic\":\"1\",\"iconstoshow\":[\"byyear\",\"bymonth\",\"byweek\",\"byday\",\"search\"],\"com_navbarcolor\":\"green\",\"com_earliestyear\":\"-2\",\"com_latestyear\":\"+5\",\"com_starday\":\"0\",\"com_byview\":\"1\",\"com_print_icon_view\":\"1\",\"com_email_icon_view\":\"1\",\"fixjquery\":\"1\",\"bootstrapcss\":\"1\",\"mergemenus\":\"0\",\"show_adminpanel\":\"1\",\"icaltimezonelive\":\"\",\"regexsearch\":\"1\",\"catseparator\":\",\",\"daylist_multifirst\":\"0\",\"jevadmin\":\"807\",\"authorisedonly\":\"0\",\"jevpublishown\":\"0\",\"jevunpublishonedit\":\"1\",\"category_allow_deny\":\"1\",\"rules\":{\"core.manage\":{\"1\":\"\",\"9\":\"\",\"6\":\"\",\"7\":\"\",\"2\":\"\",\"3\":\"\",\"4\":\"\",\"5\":\"\",\"8\":\"\"},\"core.create\":{\"1\":\"\",\"9\":\"\",\"6\":\"\",\"7\":\"\",\"2\":\"\",\"3\":\"\",\"4\":\"\",\"5\":\"\",\"8\":\"\"},\"core.edit.own\":{\"1\":\"\",\"9\":\"\",\"6\":\"\",\"7\":\"\",\"2\":\"\",\"3\":\"\",\"4\":\"\",\"5\":\"\",\"8\":\"\"},\"core.edit\":{\"1\":\"\",\"9\":\"\",\"6\":\"\",\"7\":\"\",\"2\":\"\",\"3\":\"\",\"4\":\"\",\"5\":\"\",\"8\":\"\"},\"core.edit.state\":{\"1\":\"\",\"9\":\"\",\"6\":\"\",\"7\":\"\",\"2\":\"\",\"3\":\"\",\"4\":\"\",\"5\":\"\",\"8\":\"\"},\"core.edit.state.own\":{\"1\":\"\",\"9\":\"\",\"6\":\"\",\"7\":\"\",\"2\":\"\",\"3\":\"\",\"4\":\"\",\"5\":\"\",\"8\":\"\"},\"core.deleteall\":{\"1\":\"\",\"9\":\"\",\"6\":\"\",\"7\":\"\",\"2\":\"\",\"3\":\"\",\"4\":\"\",\"5\":\"\",\"8\":\"\"},\"core.admin\":{\"1\":\"\",\"9\":\"\",\"6\":\"\",\"7\":\"\",\"2\":\"\",\"3\":\"\",\"4\":\"\",\"5\":\"\",\"8\":\"\"}},\"com_calUseStdTime\":\"1\",\"com_editdateformat\":\"Y-m-d\",\"dayselect\":\"0\",\"disablerepeats\":\"0\",\"defaultcat\":\"0\",\"forcepopupcalendar\":\"1\",\"com_calForceCatColorEventForm\":\"2\",\"editpopup\":\"0\",\"popupw\":\"800\",\"popuph\":\"500\",\"com_single_pane_edit\":\"0\",\"timebeforedescription\":\"0\",\"disablemultiday\":\"0\",\"multiday\":\"1\",\"com_show_editor_buttons\":\"0\",\"com_editor_button_exceptions\":\"pagebreak,readmore\",\"com_notifyboth\":\"0\",\"com_notifyallevents\":\"0\",\"com_notifyauthor\":\"0\",\"showpriority\":\"0\",\"showtimezone\":\"0\",\"checkconflicts\":\"0\",\"skipreferrer\":\"0\",\"defaultstarttime\":\"08:00\",\"defaultendtime\":\"17:00\",\"multicategory\":\"0\",\"blocktoplevelcategories\":\"0\",\"bootstrapchosen\":\"1\",\"allowraw\":\"0\",\"com_edit_toolbar\":\"0\",\"notifymessage\":\"<p>Title : {TITLE} {DESCRIPTION} Event submitted from [ {LIVESITE} ] by [ {AUTHOR} ] View this event : {VIEWLINK} Edit this event : {EDITLINK} Manage your events : <a href=\\\"{MANAGEEVENTS}\\\">Manage Events<\\/a><\\/p>\",\"editreturnto\":\"day.listevents\",\"sender_config\":\"0\",\"sender_name\":\"\",\"sender_email\":\"\",\"email_replyto\":\"1\",\"com_mailview\":\"1\",\"com_hitsview\":\"1\",\"com_repeatview\":\"1\",\"contact_display_name\":\"0\",\"redirect_detail\":\"0\",\"shownavbar_detail\":\"1\",\"permatarget\":\"101\",\"com_calCutTitle\":\"15\",\"com_calMaxDisplay\":\"15\",\"com_calDisplayStarttime\":\"1\",\"com_calShowLegend\":\"1\",\"com_enableToolTip\":\"1\",\"tooltiptype\":\"bootstrap\",\"com_calTTBackground\":\"1\",\"com_calEventListRowsPpg\":\"10\",\"showyearpast\":\"1\",\"com_showrepeats\":\"0\",\"showyeardate\":\"1\",\"year_show_noev_found\":\"0\",\"icaltimezone\":\"\",\"icalkey\":\"SECRET_PHRASE\",\"showicalicon\":\"0\",\"disableicalexport\":\"0\",\"icalmultiday\":\"0\",\"icalmultiday24h\":\"0\",\"feimport\":\"0\",\"allowedit\":\"0\",\"icalformatted\":\"0\",\"source_url\":\"0\",\"default_itemid\":\"\",\"com_rss_cache\":\"1\",\"com_rss_cache_time\":\"3600\",\"com_rss_count\":\"5\",\"com_rss_live_bookmarks\":\"1\",\"com_rss_modid\":\"0\",\"com_rss_title\":\"JEvents RSS Feed for Joomla\",\"com_rss_description\":\"Powered by JEvents!\",\"com_rss_limit_text\":\"0\",\"com_rss_text_length\":\"20\",\"com_rss_logo\":\"\",\"com_cache\":\"0\",\"newsef\":\"1\",\"nocatindetaillink\":\"0\",\"noeventdetailinurl\":\"0\",\"com_blockRobots\":\"1\",\"robotprior\":\"-1 month\",\"robotpost\":\"+1 month\",\"redirectrobots\":\"0\",\"robotmenuitem\":\"\",\"blockall\":\"0\",\"largeDataSetLimit\":\"100000\",\"subquery\":\"0\",\"module_config_from_component\":\"0\",\"modcal_DispLastMonth\":\"NO\",\"modcal_DispLastMonthDays\":\"0\",\"modcal_DispNextMonth\":\"NO\",\"modcal_DispNextMonthDays\":\"0\",\"modcal_LinkCloaking\":\"0\",\"modlatest_MaxEvents\":\"10\",\"modlatest_Mode\":\"0\",\"modlatest_Days\":\"5\",\"startnow\":\"1\",\"modlatest_NoRepeat\":\"0\",\"modlatest_DispYear\":\"0\",\"modlatest_multiday\":\"0\",\"modlatest_DispLinks\":\"1\",\"modlatest_DisDateStyle\":\"0\",\"modlatest_DisTitleStyle\":\"0\",\"modlatest_LinkToCal\":\"0\",\"modlatest_SortReverse\":\"0\",\"modlatest_LinkCloaking\":\"0\",\"modlatest_CustFmtStr\":\"${eventDate}[!a: - ${endDate(%I:%M%p)}]<br\\/>${title}\",\"modlatest_RSS\":\"0\",\"modlatest_contentplugins\":\"0\"}','','',0,'0000-00-00 00:00:00',0,0),
(10022,'MOD_JEV_CALENDAR_TITLE','module','mod_jevents_cal','',0,1,0,0,'{\"name\":\"MOD_JEV_CALENDAR_TITLE\",\"type\":\"module\",\"creationDate\":\"May 2017\",\"author\":\"GWE Systems Ltd\",\"copyright\":\"(C) 2009-2017 GWE Systems Ltd, 2006-2008 JEvents Project Group\",\"authorEmail\":\"\",\"authorUrl\":\"http:\\/\\/www.jevents.net\",\"version\":\"3.4.39\",\"description\":\"MOD_JEV_CALENDAR_DESC\",\"group\":\"\",\"filename\":\"mod_jevents_cal\"}','{\"@spacer\":\"JEV_LATEST_EXTRAS_TAB_LABEL\",\"target_itemid\":\"\",\"catidnew\":\"\",\"include_subcats\":\"1\",\"modcal_useLocalParam\":\"0\",\"showtooltips\":\"0\",\"noeventcheck\":\"0\",\"ignorecatfilter\":\"0\",\"ignorefiltermodule\":\"1\",\"minical_showlink\":\"1\",\"minical_prevyear\":\"1\",\"minical_prevmonth\":\"1\",\"minical_actmonth\":\"1\",\"minical_actyear\":\"1\",\"minical_nextmonth\":\"1\",\"minical_nextyear\":\"1\",\"minical_usedate\":\"1\",\"modcal_DispLastMonth\":\"NO\",\"modcal_DispLastMonthDays\":\"0\",\"modcal_DispNextMonth\":\"NO\",\"modcal_DispNextMonthDays\":\"0\",\"emptydaylinks\":\"1\",\"extras0\":\"\",\"extras1\":\"\",\"extras2\":\"\",\"extras3\":\"\",\"extras4\":\"\",\"extras5\":\"\",\"extras6\":\"\",\"extras7\":\"\",\"extras8\":\"\",\"extras9\":\"\",\"extras10\":\"\",\"extras11\":\"\",\"extras12\":\"\",\"extras13\":\"\",\"com_calViewName\":\"\",\"moduleclass_sfx\":\"\",\"inc_ec_css\":\"1\",\"mod_cal_width\":\"\",\"mod_cal_height\":\"\",\"mod_cal_rowheight\":\"\",\"cache\":\"1\",\"modcal_LinkCloaking\":\"0\"}','','',0,'0000-00-00 00:00:00',0,0),
(10023,'MOD_JEV_LEGEND_TITLE','module','mod_jevents_legend','',0,1,0,0,'{\"name\":\"MOD_JEV_LEGEND_TITLE\",\"type\":\"module\",\"creationDate\":\"May 2017\",\"author\":\"GWE Systems Ltd\",\"copyright\":\"(C) 2009-2017 GWE Systems Ltd, 2006-2008 JEvents Project Group\",\"authorEmail\":\"\",\"authorUrl\":\"http:\\/\\/www.jevents.net\",\"version\":\"3.4.39\",\"description\":\"MOD_JEV_LEGEND_DESC\",\"group\":\"\",\"filename\":\"mod_jevents_legend\"}','{\"com_calViewName\":\"\",\"cache\":\"0\",\"moduleclass_sfx\":\"\",\"show_admin\":\"0\",\"modlegend_inccss\":\"1\",\"nonjeventsdisable\":\"1\",\"target_itemid\":\"\",\"catidnew\":\"\",\"include_subcats\":\"1\",\"hideinactivekids\":\"1\"}','','',0,'0000-00-00 00:00:00',0,0),
(10024,'MOD_JEV_LATEST_EVENTS_TITLE','module','mod_jevents_latest','',0,1,0,0,'{\"name\":\"MOD_JEV_LATEST_EVENTS_TITLE\",\"type\":\"module\",\"creationDate\":\"May 2017\",\"author\":\"GWE Systems Ltd\",\"copyright\":\"(C) 2009-2017 GWE Systems Ltd, 2006-2008 JEvents Project Group\",\"authorEmail\":\"\",\"authorUrl\":\"http:\\/\\/www.jevents.net\",\"version\":\"3.4.39\",\"description\":\"MOD_JEV_LATEST_EVENTS_DESC\",\"group\":\"\",\"filename\":\"mod_jevents_latest\"}','{\"@spacer\":\"ADDITIONAL_CONSTRAINTS\",\"com_calViewName\":\"\",\"cache\":\"0\",\"contentplugins\":\"0\",\"moduleclass_sfx\":\"\",\"catidnew\":\"\",\"include_subcats\":\"1\",\"ignorecatfilter\":\"0\",\"ignorefiltermodule\":\"0\",\"target_itemid\":\"\",\"modlatest_inccss\":\"1\",\"layout\":\"\",\"modlatest_useLocalParam\":\"1\",\"showNavigation\":\"0\",\"CustomFromTemplate\":\"1\",\"modlatest_CustFmtStr\":\"<span class=\\\"icon-calendar\\\"><\\/span>${startDate(%d %b %Y)};<br \\/><span class=\\\"icon-time\\\"><\\/span>${startDate(%I:%M%p)}[!a: - ${endDate(%I:%M%p)}]<br \\/><span class=\\\"icon-hand-right\\\"><\\/span>${title}\",\"modlatest_customcss\":\"\",\"modlatest_MaxEvents\":\"10\",\"modlatest_Mode\":\"3\",\"modlatest_Days\":\"30\",\"startnow\":\"0\",\"pastonly\":\"0\",\"modlatest_NoRepeat\":\"0\",\"modlatest_multiday\":\"0\",\"modlatest_DispLinks\":\"1\",\"modlatest_DispYear\":\"0\",\"modlatest_NoEvents\":\"1\",\"modlatest_DisDateStyle\":\"0\",\"modlatest_DisTitleStyle\":\"0\",\"modlatest_LinkToCal\":\"0\",\"modlatest_LinkCloaking\":\"0\",\"modlatest_SortReverse\":\"0\",\"modlatest_RSS\":\"0\",\"modlatest_rss_title\":\"\",\"modlatest_rss_description\":\"\",\"modlatest_templatetop\":\"\",\"modlatest_templaterow\":\"\",\"modlatest_templatebottom\":\"\",\"bootstrapcss\":\"1\",\"extras0\":\"\",\"extras1\":\"\",\"extras2\":\"\",\"extras3\":\"\",\"extras4\":\"\",\"extras5\":\"\",\"extras6\":\"\",\"extras7\":\"\",\"extras8\":\"\",\"extras9\":\"\",\"extras10\":\"\",\"extras11\":\"\",\"extras12\":\"\",\"extras13\":\"\"}','','',0,'0000-00-00 00:00:00',0,0),
(10025,'MOD_JEV_FILTER_MODULE_TITLE','module','mod_jevents_filter','',0,1,0,0,'{\"name\":\"MOD_JEV_FILTER_MODULE_TITLE\",\"type\":\"module\",\"creationDate\":\"May 2017\",\"author\":\"GWE Systems Ltd\",\"copyright\":\"(C) 2009-2017 GWE Systems Ltd\",\"authorEmail\":\"\",\"authorUrl\":\"http:\\/\\/www.jevents.net\",\"version\":\"3.4.39\",\"description\":\"MOD_JEV_FILTER_MODULE_DESC\",\"group\":\"\",\"filename\":\"mod_jevents_filter\"}','','','',0,'0000-00-00 00:00:00',0,0),
(10026,'MOD_JEV_CUSTOM_MODULE_TITLE','module','mod_jevents_custom','',0,1,0,0,'{\"name\":\"MOD_JEV_CUSTOM_MODULE_TITLE\",\"type\":\"module\",\"creationDate\":\"May 2017\",\"author\":\"GWE Systems Ltd\",\"copyright\":\"(C) 2013-2017 GWE Systems Ltd\",\"authorEmail\":\"\",\"authorUrl\":\"http:\\/\\/www.jevents.net\",\"version\":\"3.4.39\",\"description\":\"MOD_JEV_CUSTOM_MODULE_DESC\",\"group\":\"\",\"filename\":\"mod_jevents_custom\"}','[]','','',0,'0000-00-00 00:00:00',0,0),
(10027,'MOD_JEV_SWITCH_VIEW_TITLE','module','mod_jevents_switchview','',0,1,0,0,'{\"name\":\"MOD_JEV_SWITCH_VIEW_TITLE\",\"type\":\"module\",\"creationDate\":\"May 2017\",\"author\":\"GWE Systems Ltd\",\"copyright\":\"(C) 2009-2017 GWE Systems Ltd, 2006-2008 JEvents Project Group\",\"authorEmail\":\"\",\"authorUrl\":\"http:\\/\\/www.jevents.net\",\"version\":\"3.4.39\",\"description\":\"MOD_JEV_SWITCH_VIEW_DESC\",\"group\":\"\",\"filename\":\"mod_jevents_switchview\"}','{\"cache\":\"0\",\"moduleclass_sfx\":\"\",\"show_preview\":\"0\",\"target_itemid\":\"\"}','','',0,'0000-00-00 00:00:00',0,0),
(10028,'PLG_FINDER_JEVENTS','plugin','jevents','finder',0,0,1,0,'{\"name\":\"PLG_FINDER_JEVENTS\",\"type\":\"plugin\",\"creationDate\":\"May 2017\",\"author\":\"GWE Systems Ltd\",\"copyright\":\"(C) 2010-2017 GWE Systems Ltd. All rights reserved.\",\"authorEmail\":\"\",\"authorUrl\":\"www.gwesystems.com\",\"version\":\"3.4.39\",\"description\":\"PLG_FINDER_JEVENTS_XML_DESCRIPTION\",\"group\":\"\",\"filename\":\"jevents\"}','{\"target_itemid\":\"\"}','','',0,'0000-00-00 00:00:00',0,0),
(10029,'PLG_JEV_SEARCH_TITLE','plugin','eventsearch','search',0,1,1,0,'{\"name\":\"PLG_JEV_SEARCH_TITLE\",\"type\":\"plugin\",\"creationDate\":\"May 2017\",\"author\":\"GWE Systems Ltd\",\"copyright\":\"(C) 2008-2017 GWE Systems Ltd, 2006-2008 JEvents Project Group\",\"authorEmail\":\"\",\"authorUrl\":\"www.jevents.net\",\"version\":\"3.4.39\",\"description\":\"PLG_JEV_SEARCH_DESC\",\"group\":\"\",\"filename\":\"eventsearch\"}','{\"search_limit\":\"50\",\"date_format\":\"%Y-%m-%d\",\"target_itemid\":\"\",\"all_language_search\":\"1\"}','','',0,'0000-00-00 00:00:00',0,0),
(10030,'plg_installer_jeventsinstaller','plugin','jeventsinstaller','installer',0,1,1,0,'{\"name\":\"plg_installer_jeventsinstaller\",\"type\":\"plugin\",\"creationDate\":\"May 2017\",\"author\":\"GWE Systems Ltd\",\"copyright\":\"(C) 2016 GWE Systems Ltd. All rights reserved.\",\"authorEmail\":\"via website\",\"authorUrl\":\"www.gwesystems.com\",\"version\":\"3.4.39\",\"description\":\"PLG_INSTALLER_JEVENTSINSTALLER\",\"group\":\"\",\"filename\":\"jeventsinstaller\"}','{}','','',0,'0000-00-00 00:00:00',0,0),
(10031,'PLG_JEV_CORE_CONTENT_PLUGIN_TITLE','plugin','jevents','content',0,1,1,0,'{\"name\":\"PLG_JEV_CORE_CONTENT_PLUGIN_TITLE\",\"type\":\"plugin\",\"creationDate\":\"May 2017\",\"author\":\"GWE Systems Ltd\",\"copyright\":\"(C) 2012-2017 GWE Systems Ltd\",\"authorEmail\":\"\",\"authorUrl\":\"www.gwesystems.com\",\"version\":\"3.4.39\",\"description\":\"PLG_JEV_CORE_CONTENT_PLUGIN_DESC\",\"group\":\"\",\"filename\":\"jevents\"}','','','',0,'0000-00-00 00:00:00',0,0),
(10032,'googl Shortener','library','googl','',0,1,1,0,'{\"name\":\"googl Shortener\",\"type\":\"library\",\"creationDate\":\"May 2017\",\"author\":\"Sebastian Wyder package by Carlos Camara\",\"copyright\":\"(C) 2010-2017 GWE Systems Ltd. All rights reserved.\",\"authorEmail\":\"carcam@jevents.net\",\"authorUrl\":\"www.gwesystems.com\",\"version\":\"3.4.39\",\"description\":\"Googl Shortener library created by Sebastian Wyder (https:\\/\\/github.com\\/sebi\\/googl-php) and package by Carlos C\\u00e1mara (http:\\/\\/www.jevents.net)\",\"group\":\"\",\"filename\":\"googl\"}','{}','','',0,'0000-00-00 00:00:00',0,0),
(10033,'JEvents - Bootstrap Modal Library','library','jevmodal','',0,1,1,0,'{\"name\":\"JEvents - Bootstrap Modal Library\",\"type\":\"library\",\"creationDate\":\"May 2017\",\"author\":\"GWE Systems Ltd\",\"copyright\":\"(C) 2015-2017 GWE Systems Ltd. All rights reserved.\",\"authorEmail\":\"via website\",\"authorUrl\":\"www.gwesystems.com\",\"version\":\"3.4.39\",\"description\":\"Bootstrap Modal Library for JEvents\",\"group\":\"\",\"filename\":\"jevmodal\"}','{}','','',0,'0000-00-00 00:00:00',0,0),
(10034,'PLG_SYSTEM_GWEJSON','plugin','gwejson','system',0,1,1,0,'{\"name\":\"PLG_SYSTEM_GWEJSON\",\"type\":\"plugin\",\"creationDate\":\"May 2017\",\"author\":\"GWE Systems Ltd\",\"copyright\":\"(C) 2015-2017 GWE Systems Ltd. All rights reserved.\",\"authorEmail\":\"via website\",\"authorUrl\":\"www.gwesystems.com\",\"version\":\"3.4.39\",\"description\":\"PLG_SYSTEM_JSON_EXECUTION_WRAPPER\",\"group\":\"\",\"filename\":\"gwejson\"}','{}','','',0,'0000-00-00 00:00:00',0,0),
(10035,'JEvents - Typeahead Library','library','jevtypeahead','',0,1,1,0,'{\"name\":\"JEvents - Typeahead Library\",\"type\":\"library\",\"creationDate\":\"May 2017\",\"author\":\"GWE Systems Ltd\",\"copyright\":\"(C) 2015 GWE Systems Ltd. All rights reserved.\",\"authorEmail\":\"carcam@jevents.net\",\"authorUrl\":\"www.gwesystems.com\",\"version\":\"3.4.39\",\"description\":\"Typeahead Library for JEvents\",\"group\":\"\",\"filename\":\"jevtypeahead\"}','{}','','',0,'0000-00-00 00:00:00',0,0),
(10036,'JEV_PACKAGE_TITLE','package','pkg_jevents','',0,1,1,0,'{\"name\":\"JEV_PACKAGE_TITLE\",\"type\":\"package\",\"creationDate\":\"May 2017\",\"author\":\"GWE Systems Ltd\",\"copyright\":\"(C) 2012-2017 GWE Systems Ltd\",\"authorEmail\":\"\",\"authorUrl\":\"www.gwesystems.com\",\"version\":\"3.4.39\",\"description\":\"JEV_PACKAGE_DESC\",\"group\":\"\",\"filename\":\"pkg_jevents\"}','{}','','',0,'0000-00-00 00:00:00',0,0),
(10037,'joomspirit_123','template','joomspirit_123','',0,1,1,0,'{\"name\":\"joomspirit_123\",\"type\":\"template\",\"creationDate\":\"01\\/08\\/2016\",\"author\":\"JoomSpirit\",\"copyright\":\"\",\"authorEmail\":\"contact@joomspirit.com\",\"authorUrl\":\"http:\\/\\/www.joomspirit.com\",\"version\":\"1.1\",\"description\":\" \\n\\t<link rel=\\\"stylesheet\\\" href=\\\"..\\/templates\\/joomspirit_123\\/css\\/admin.css\\\" type=\\\"text\\/css\\\" \\/>\\n\\t<link href=\'http:\\/\\/fonts.googleapis.com\\/css?family=Comfortaa:400,300,700|Abel|Arizonia|Berkshire+Swash|Cookie|Dosis:400,200,300,500,600,700,800|Droid+Sans:400,700|Francois+One|Gruppo|Playball|Italianno|Lato:400,100,300,400italic,300italic,100italic,700,700italic,900,900italic|Lobster|Lora:400,400italic,700,700italic|Montserrat:400,700|Oleo+Script|Open+Sans+Condensed:300,300italic,700|Open+Sans:400,300,300italic,400italic,600,600italic,700,700italic,800italic,800|Oswald:400,300,700|Oxygen:400,300,700|PT+Sans+Narrow:400,700|PT+Sans:400,400italic,700,700italic|Prosto+One|Quicksand:400,300,700|Roboto+Condensed:400,300,300italic,400italic,700,700italic|Rokkitt:400,700|Share:400,400italic,700,700italic|Source+Sans+Pro:400,200,200italic,300,300italic,400italic,600,600italic,700,700italic,900,900italic|Ubuntu+Condensed|Ubuntu:400,300,300italic,400italic,500,500italic,700,700italic|Roboto:400,100,100italic,300,300italic,400italic,500,500italic,700,700italic,900,900italic&subset=latin,cyrillic-ext,latin-ext,cyrillic\' rel=\'stylesheet\' type=\'text\\/css\'>\\n\\tIMPORTANT : Read the settings for this template\\n\\tAll informations is in your manual. You must double click on the file manual.html\\n\\tYou will find in how to configure the template, use the typography and the module positions for your modules.\\n\\t\",\"group\":\"\",\"filename\":\"templateDetails\"}','{\"color_theme\":\"theme-dark\",\"scroll_to_top\":\"yes\",\"sticky_menu\":\"yes\",\"uppercase\":\"uppercase-menu-title\",\"search_module\":\"yes\",\"search_word\":\"Search ...\",\"border_image\":\"js-border\",\"hover3d\":\"no\",\"button_small_menu\":\"yes\",\"width_website\":\"1080px\",\"width_left\":\"25\",\"width_right\":\"25\",\"user1_width\":\"32\",\"user2_width\":\"32\",\"user4_width\":\"32\",\"user5_width\":\"32\",\"website_title\":\"Template 123\",\"color_website_title\":\"#ffffff\",\"font_website_title\":\"Source+Sans+Pro\",\"custom_font_website_title\":\"\",\"website_title_fontsize\":\"40px\",\"vertical_position_logo\":\"30\",\"horizontal_position_logo\":\"10\",\"color_main_menu_item\":\"#8c8c8c\",\"color_main_menu_item_active\":\"#7aa371\",\"color_sub_menu_item_active\":\"#ffffff\",\"font_menu\":\"Source+Sans+Pro\",\"custom_font_menu\":\"\",\"main_menu_fontsize\":\"105%\",\"text_menu\":\"menu\",\"color_text_general\":\"#cccccc\",\"font_content\":\"Helvetica\",\"custom_font_content\":\"\",\"fontSize\":\"0.85em\",\"color_link\":\"#7aa371\",\"color_link_hover\":\"#eb9063\",\"colorh1\":\"#ffffff\",\"font_h1\":\"Source+Sans+Pro\",\"custom_font_h1\":\"\",\"h1_fontsize\":\"210%\",\"h1_shadow\":\"no\",\"colorh1_slide\":\"#ffffff\",\"h1_slide_fontsize\":\"240%\",\"h1_slide_shadow\":\"dark\",\"color_module_title\":\"#ffffff\",\"module_title_fontsize\":\"130%\",\"colorh2\":\"#028bc0\",\"font_h2\":\"Source+Sans+Pro\",\"custom_font_h2\":\"\",\"h2_fontsize\":\"150%\",\"h3_fontsize\":\"115%\",\"h4_fontsize\":\"110%\",\"h5_fontsize\":\"100%\",\"text_social_icons\":\"\",\"color_social\":\"#7aa371\",\"twitter\":\"\",\"facebook\":\"\",\"rss\":\"\",\"linkedin\":\"\",\"google\":\"\",\"instagram\":\"\",\"pinterest\":\"\",\"renren\":\"\",\"weibo\":\"\",\"xing\":\"\",\"flickr\":\"\",\"youtube\":\"\",\"vimeo\":\"\",\"tumblr\":\"\",\"custom_icon01\":\"\",\"custom_icon01_text\":\"\",\"custom_icon01_img\":\"\",\"custom_icon02\":\"\",\"custom_icon02_text\":\"\",\"custom_icon02_img\":\"\",\"custom_icon03\":\"\",\"custom_icon03_text\":\"\",\"custom_icon03_img\":\"\",\"custom_icon04\":\"\",\"custom_icon04_text\":\"\",\"custom_icon04_img\":\"\",\"responsive\":\"yes\",\"responsive_side\":\"resp-side-right\",\"responsive_users\":\"resp-users-768\",\"disable_animation\":\"no\",\"animation_logo\":\"home-page\",\"animation_left\":\"yes\",\"animation_right\":\"yes\",\"animation_top\":\"no\",\"animation_user1\":\"no\",\"animation_user2\":\"no\",\"animation_user3\":\"no\",\"animation_user4\":\"yes\",\"animation_user5\":\"yes\",\"animation_user6\":\"yes\",\"animation_bottom\":\"yes\",\"animation_footer\":\"yes\",\"google_code\":\"\"}','','',0,'0000-00-00 00:00:00',0,0);

/*Table structure for table `gw48a_finder_filters` */


CREATE TABLE `gw48a_finder_filters` (
  `filter_id` int unsigned NOT NULL AUTO_INCREMENT,
  `title` varchar(255) NOT NULL,
  `alias` varchar(255) NOT NULL,
  `state` tinyint(1) NOT NULL DEFAULT '1',
  `created` datetime NOT NULL DEFAULT '0000-00-00 00:00:00',
  `created_by` int unsigned NOT NULL,
  `created_by_alias` varchar(255) NOT NULL,
  `modified` datetime NOT NULL DEFAULT '0000-00-00 00:00:00',
  `modified_by` int unsigned NOT NULL DEFAULT '0',
  `checked_out` int unsigned NOT NULL DEFAULT '0',
  `checked_out_time` datetime NOT NULL DEFAULT '0000-00-00 00:00:00',
  `map_count` int unsigned NOT NULL DEFAULT '0',
  `data` text NOT NULL,
  `params` mediumtext,
  PRIMARY KEY (`filter_id`)
) ENGINE=InnoDB DEFAULT CHARSET=utf8mb4 COLLATE=utf8mb4_0900_ai_ci;

/*Data for the table `gw48a_finder_filters` */

/*Table structure for table `gw48a_finder_links` */


CREATE TABLE `gw48a_finder_links` (
  `link_id` int unsigned NOT NULL AUTO_INCREMENT,
  `url` varchar(255) NOT NULL,
  `route` varchar(255) NOT NULL,
  `title` varchar(400) DEFAULT NULL,
  `description` varchar(255) DEFAULT NULL,
  `indexdate` datetime NOT NULL DEFAULT '0000-00-00 00:00:00',
  `md5sum` varchar(32) DEFAULT NULL,
  `published` tinyint(1) NOT NULL DEFAULT '1',
  `state` int DEFAULT '1',
  `access` int DEFAULT '0',
  `language` varchar(8) NOT NULL,
  `publish_start_date` datetime NOT NULL DEFAULT '0000-00-00 00:00:00',
  `publish_end_date` datetime NOT NULL DEFAULT '0000-00-00 00:00:00',
  `start_date` datetime NOT NULL DEFAULT '0000-00-00 00:00:00',
  `end_date` datetime NOT NULL DEFAULT '0000-00-00 00:00:00',
  `list_price` double unsigned NOT NULL DEFAULT '0',
  `sale_price` double unsigned NOT NULL DEFAULT '0',
  `type_id` int NOT NULL,
  `object` mediumblob NOT NULL,
  PRIMARY KEY (`link_id`),
  KEY `idx_type` (`type_id`),
  KEY `idx_title` (`title`(100)),
  KEY `idx_md5` (`md5sum`),
  KEY `idx_url` (`url`(75)),
  KEY `idx_published_list` (`published`,`state`,`access`,`publish_start_date`,`publish_end_date`,`list_price`),
  KEY `idx_published_sale` (`published`,`state`,`access`,`publish_start_date`,`publish_end_date`,`sale_price`)
) ENGINE=InnoDB DEFAULT CHARSET=utf8mb4 COLLATE=utf8mb4_0900_ai_ci;

/*Data for the table `gw48a_finder_links` */

/*Table structure for table `gw48a_finder_links_terms0` */


CREATE TABLE `gw48a_finder_links_terms0` (
  `link_id` int unsigned NOT NULL,
  `term_id` int unsigned NOT NULL,
  `weight` float unsigned NOT NULL,
  PRIMARY KEY (`link_id`,`term_id`),
  KEY `idx_term_weight` (`term_id`,`weight`),
  KEY `idx_link_term_weight` (`link_id`,`term_id`,`weight`)
) ENGINE=InnoDB DEFAULT CHARSET=utf8mb4 COLLATE=utf8mb4_0900_ai_ci;

/*Data for the table `gw48a_finder_links_terms0` */

/*Table structure for table `gw48a_finder_links_terms1` */


CREATE TABLE `gw48a_finder_links_terms1` (
  `link_id` int unsigned NOT NULL,
  `term_id` int unsigned NOT NULL,
  `weight` float unsigned NOT NULL,
  PRIMARY KEY (`link_id`,`term_id`),
  KEY `idx_term_weight` (`term_id`,`weight`),
  KEY `idx_link_term_weight` (`link_id`,`term_id`,`weight`)
) ENGINE=InnoDB DEFAULT CHARSET=utf8mb4 COLLATE=utf8mb4_0900_ai_ci;

/*Data for the table `gw48a_finder_links_terms1` */

/*Table structure for table `gw48a_finder_links_terms2` */


CREATE TABLE `gw48a_finder_links_terms2` (
  `link_id` int unsigned NOT NULL,
  `term_id` int unsigned NOT NULL,
  `weight` float unsigned NOT NULL,
  PRIMARY KEY (`link_id`,`term_id`),
  KEY `idx_term_weight` (`term_id`,`weight`),
  KEY `idx_link_term_weight` (`link_id`,`term_id`,`weight`)
) ENGINE=InnoDB DEFAULT CHARSET=utf8mb4 COLLATE=utf8mb4_0900_ai_ci;

/*Data for the table `gw48a_finder_links_terms2` */

/*Table structure for table `gw48a_finder_links_terms3` */


CREATE TABLE `gw48a_finder_links_terms3` (
  `link_id` int unsigned NOT NULL,
  `term_id` int unsigned NOT NULL,
  `weight` float unsigned NOT NULL,
  PRIMARY KEY (`link_id`,`term_id`),
  KEY `idx_term_weight` (`term_id`,`weight`),
  KEY `idx_link_term_weight` (`link_id`,`term_id`,`weight`)
) ENGINE=InnoDB DEFAULT CHARSET=utf8mb4 COLLATE=utf8mb4_0900_ai_ci;

/*Data for the table `gw48a_finder_links_terms3` */

/*Table structure for table `gw48a_finder_links_terms4` */


CREATE TABLE `gw48a_finder_links_terms4` (
  `link_id` int unsigned NOT NULL,
  `term_id` int unsigned NOT NULL,
  `weight` float unsigned NOT NULL,
  PRIMARY KEY (`link_id`,`term_id`),
  KEY `idx_term_weight` (`term_id`,`weight`),
  KEY `idx_link_term_weight` (`link_id`,`term_id`,`weight`)
) ENGINE=InnoDB DEFAULT CHARSET=utf8mb4 COLLATE=utf8mb4_0900_ai_ci;

/*Data for the table `gw48a_finder_links_terms4` */

/*Table structure for table `gw48a_finder_links_terms5` */


CREATE TABLE `gw48a_finder_links_terms5` (
  `link_id` int unsigned NOT NULL,
  `term_id` int unsigned NOT NULL,
  `weight` float unsigned NOT NULL,
  PRIMARY KEY (`link_id`,`term_id`),
  KEY `idx_term_weight` (`term_id`,`weight`),
  KEY `idx_link_term_weight` (`link_id`,`term_id`,`weight`)
) ENGINE=InnoDB DEFAULT CHARSET=utf8mb4 COLLATE=utf8mb4_0900_ai_ci;

/*Data for the table `gw48a_finder_links_terms5` */

/*Table structure for table `gw48a_finder_links_terms6` */


CREATE TABLE `gw48a_finder_links_terms6` (
  `link_id` int unsigned NOT NULL,
  `term_id` int unsigned NOT NULL,
  `weight` float unsigned NOT NULL,
  PRIMARY KEY (`link_id`,`term_id`),
  KEY `idx_term_weight` (`term_id`,`weight`),
  KEY `idx_link_term_weight` (`link_id`,`term_id`,`weight`)
) ENGINE=InnoDB DEFAULT CHARSET=utf8mb4 COLLATE=utf8mb4_0900_ai_ci;

/*Data for the table `gw48a_finder_links_terms6` */

/*Table structure for table `gw48a_finder_links_terms7` */


CREATE TABLE `gw48a_finder_links_terms7` (
  `link_id` int unsigned NOT NULL,
  `term_id` int unsigned NOT NULL,
  `weight` float unsigned NOT NULL,
  PRIMARY KEY (`link_id`,`term_id`),
  KEY `idx_term_weight` (`term_id`,`weight`),
  KEY `idx_link_term_weight` (`link_id`,`term_id`,`weight`)
) ENGINE=InnoDB DEFAULT CHARSET=utf8mb4 COLLATE=utf8mb4_0900_ai_ci;

/*Data for the table `gw48a_finder_links_terms7` */

/*Table structure for table `gw48a_finder_links_terms8` */


CREATE TABLE `gw48a_finder_links_terms8` (
  `link_id` int unsigned NOT NULL,
  `term_id` int unsigned NOT NULL,
  `weight` float unsigned NOT NULL,
  PRIMARY KEY (`link_id`,`term_id`),
  KEY `idx_term_weight` (`term_id`,`weight`),
  KEY `idx_link_term_weight` (`link_id`,`term_id`,`weight`)
) ENGINE=InnoDB DEFAULT CHARSET=utf8mb4 COLLATE=utf8mb4_0900_ai_ci;

/*Data for the table `gw48a_finder_links_terms8` */

/*Table structure for table `gw48a_finder_links_terms9` */


CREATE TABLE `gw48a_finder_links_terms9` (
  `link_id` int unsigned NOT NULL,
  `term_id` int unsigned NOT NULL,
  `weight` float unsigned NOT NULL,
  PRIMARY KEY (`link_id`,`term_id`),
  KEY `idx_term_weight` (`term_id`,`weight`),
  KEY `idx_link_term_weight` (`link_id`,`term_id`,`weight`)
) ENGINE=InnoDB DEFAULT CHARSET=utf8mb4 COLLATE=utf8mb4_0900_ai_ci;

/*Data for the table `gw48a_finder_links_terms9` */

/*Table structure for table `gw48a_finder_links_termsa` */


CREATE TABLE `gw48a_finder_links_termsa` (
  `link_id` int unsigned NOT NULL,
  `term_id` int unsigned NOT NULL,
  `weight` float unsigned NOT NULL,
  PRIMARY KEY (`link_id`,`term_id`),
  KEY `idx_term_weight` (`term_id`,`weight`),
  KEY `idx_link_term_weight` (`link_id`,`term_id`,`weight`)
) ENGINE=InnoDB DEFAULT CHARSET=utf8mb4 COLLATE=utf8mb4_0900_ai_ci;

/*Data for the table `gw48a_finder_links_termsa` */

/*Table structure for table `gw48a_finder_links_termsb` */


CREATE TABLE `gw48a_finder_links_termsb` (
  `link_id` int unsigned NOT NULL,
  `term_id` int unsigned NOT NULL,
  `weight` float unsigned NOT NULL,
  PRIMARY KEY (`link_id`,`term_id`),
  KEY `idx_term_weight` (`term_id`,`weight`),
  KEY `idx_link_term_weight` (`link_id`,`term_id`,`weight`)
) ENGINE=InnoDB DEFAULT CHARSET=utf8mb4 COLLATE=utf8mb4_0900_ai_ci;

/*Data for the table `gw48a_finder_links_termsb` */

/*Table structure for table `gw48a_finder_links_termsc` */


CREATE TABLE `gw48a_finder_links_termsc` (
  `link_id` int unsigned NOT NULL,
  `term_id` int unsigned NOT NULL,
  `weight` float unsigned NOT NULL,
  PRIMARY KEY (`link_id`,`term_id`),
  KEY `idx_term_weight` (`term_id`,`weight`),
  KEY `idx_link_term_weight` (`link_id`,`term_id`,`weight`)
) ENGINE=InnoDB DEFAULT CHARSET=utf8mb4 COLLATE=utf8mb4_0900_ai_ci;

/*Data for the table `gw48a_finder_links_termsc` */

/*Table structure for table `gw48a_finder_links_termsd` */


CREATE TABLE `gw48a_finder_links_termsd` (
  `link_id` int unsigned NOT NULL,
  `term_id` int unsigned NOT NULL,
  `weight` float unsigned NOT NULL,
  PRIMARY KEY (`link_id`,`term_id`),
  KEY `idx_term_weight` (`term_id`,`weight`),
  KEY `idx_link_term_weight` (`link_id`,`term_id`,`weight`)
) ENGINE=InnoDB DEFAULT CHARSET=utf8mb4 COLLATE=utf8mb4_0900_ai_ci;

/*Data for the table `gw48a_finder_links_termsd` */

/*Table structure for table `gw48a_finder_links_termse` */


CREATE TABLE `gw48a_finder_links_termse` (
  `link_id` int unsigned NOT NULL,
  `term_id` int unsigned NOT NULL,
  `weight` float unsigned NOT NULL,
  PRIMARY KEY (`link_id`,`term_id`),
  KEY `idx_term_weight` (`term_id`,`weight`),
  KEY `idx_link_term_weight` (`link_id`,`term_id`,`weight`)
) ENGINE=InnoDB DEFAULT CHARSET=utf8mb4 COLLATE=utf8mb4_0900_ai_ci;

/*Data for the table `gw48a_finder_links_termse` */

/*Table structure for table `gw48a_finder_links_termsf` */


CREATE TABLE `gw48a_finder_links_termsf` (
  `link_id` int unsigned NOT NULL,
  `term_id` int unsigned NOT NULL,
  `weight` float unsigned NOT NULL,
  PRIMARY KEY (`link_id`,`term_id`),
  KEY `idx_term_weight` (`term_id`,`weight`),
  KEY `idx_link_term_weight` (`link_id`,`term_id`,`weight`)
) ENGINE=InnoDB DEFAULT CHARSET=utf8mb4 COLLATE=utf8mb4_0900_ai_ci;

/*Data for the table `gw48a_finder_links_termsf` */

/*Table structure for table `gw48a_finder_taxonomy` */


CREATE TABLE `gw48a_finder_taxonomy` (
  `id` int unsigned NOT NULL AUTO_INCREMENT,
  `parent_id` int unsigned NOT NULL DEFAULT '0',
  `title` varchar(255) NOT NULL,
  `state` tinyint unsigned NOT NULL DEFAULT '1',
  `access` tinyint unsigned NOT NULL DEFAULT '0',
  `ordering` tinyint unsigned NOT NULL DEFAULT '0',
  PRIMARY KEY (`id`),
  KEY `parent_id` (`parent_id`),
  KEY `state` (`state`),
  KEY `ordering` (`ordering`),
  KEY `access` (`access`),
  KEY `idx_parent_published` (`parent_id`,`state`,`access`)
) ENGINE=InnoDB AUTO_INCREMENT=2 DEFAULT CHARSET=utf8mb4 COLLATE=utf8mb4_0900_ai_ci;

/*Data for the table `gw48a_finder_taxonomy` */

insert  into `gw48a_finder_taxonomy`(`id`,`parent_id`,`title`,`state`,`access`,`ordering`) values 
(1,0,'ROOT',0,0,0);

/*Table structure for table `gw48a_finder_taxonomy_map` */


CREATE TABLE `gw48a_finder_taxonomy_map` (
  `link_id` int unsigned NOT NULL,
  `node_id` int unsigned NOT NULL,
  PRIMARY KEY (`link_id`,`node_id`),
  KEY `link_id` (`link_id`),
  KEY `node_id` (`node_id`)
) ENGINE=InnoDB DEFAULT CHARSET=utf8mb4 COLLATE=utf8mb4_0900_ai_ci;

/*Data for the table `gw48a_finder_taxonomy_map` */

/*Table structure for table `gw48a_finder_terms` */


CREATE TABLE `gw48a_finder_terms` (
  `term_id` int unsigned NOT NULL AUTO_INCREMENT,
  `term` varchar(75) NOT NULL,
  `stem` varchar(75) NOT NULL,
  `common` tinyint unsigned NOT NULL DEFAULT '0',
  `phrase` tinyint unsigned NOT NULL DEFAULT '0',
  `weight` float unsigned NOT NULL DEFAULT '0',
  `soundex` varchar(75) NOT NULL,
  `links` int NOT NULL DEFAULT '0',
  `language` char(3) NOT NULL DEFAULT '',
  PRIMARY KEY (`term_id`),
  UNIQUE KEY `idx_term` (`term`),
  KEY `idx_term_phrase` (`term`,`phrase`),
  KEY `idx_stem_phrase` (`stem`,`phrase`),
  KEY `idx_soundex_phrase` (`soundex`,`phrase`)
) ENGINE=InnoDB DEFAULT CHARSET=utf8mb4 COLLATE=utf8mb4_0900_ai_ci;

/*Data for the table `gw48a_finder_terms` */

/*Table structure for table `gw48a_finder_terms_common` */


CREATE TABLE `gw48a_finder_terms_common` (
  `term` varchar(75) NOT NULL,
  `language` varchar(3) NOT NULL,
  KEY `idx_word_lang` (`term`,`language`),
  KEY `idx_lang` (`language`)
) ENGINE=InnoDB DEFAULT CHARSET=utf8mb4 COLLATE=utf8mb4_0900_ai_ci;

/*Data for the table `gw48a_finder_terms_common` */

insert  into `gw48a_finder_terms_common`(`term`,`language`) values 
('a','en'),
('about','en'),
('after','en'),
('ago','en'),
('all','en'),
('am','en'),
('an','en'),
('and','en'),
('ani','en'),
('any','en'),
('are','en'),
('aren\'t','en'),
('as','en'),
('at','en'),
('be','en'),
('but','en'),
('by','en'),
('for','en'),
('from','en'),
('get','en'),
('go','en'),
('how','en'),
('if','en'),
('in','en'),
('into','en'),
('is','en'),
('isn\'t','en'),
('it','en'),
('its','en'),
('me','en'),
('more','en'),
('most','en'),
('must','en'),
('my','en'),
('new','en'),
('no','en'),
('none','en'),
('not','en'),
('noth','en'),
('nothing','en'),
('of','en'),
('off','en'),
('often','en'),
('old','en'),
('on','en'),
('onc','en'),
('once','en'),
('onli','en'),
('only','en'),
('or','en'),
('other','en'),
('our','en'),
('ours','en'),
('out','en'),
('over','en'),
('page','en'),
('she','en'),
('should','en'),
('small','en'),
('so','en'),
('some','en'),
('than','en'),
('thank','en'),
('that','en'),
('the','en'),
('their','en'),
('theirs','en'),
('them','en'),
('then','en'),
('there','en'),
('these','en'),
('they','en'),
('this','en'),
('those','en'),
('thus','en'),
('time','en'),
('times','en'),
('to','en'),
('too','en'),
('true','en'),
('under','en'),
('until','en'),
('up','en'),
('upon','en'),
('use','en'),
('user','en'),
('users','en'),
('veri','en'),
('version','en'),
('very','en'),
('via','en'),
('want','en'),
('was','en'),
('way','en'),
('were','en'),
('what','en'),
('when','en'),
('where','en'),
('whi','en'),
('which','en'),
('who','en'),
('whom','en'),
('whose','en'),
('why','en'),
('wide','en'),
('will','en'),
('with','en'),
('within','en'),
('without','en'),
('would','en'),
('yes','en'),
('yet','en'),
('you','en'),
('your','en'),
('yours','en');

/*Table structure for table `gw48a_finder_tokens` */


CREATE TABLE `gw48a_finder_tokens` (
  `term` varchar(75) NOT NULL,
  `stem` varchar(75) NOT NULL,
  `common` tinyint unsigned NOT NULL DEFAULT '0',
  `phrase` tinyint unsigned NOT NULL DEFAULT '0',
  `weight` float unsigned NOT NULL DEFAULT '1',
  `context` tinyint unsigned NOT NULL DEFAULT '2',
  `language` char(3) NOT NULL DEFAULT '',
  KEY `idx_word` (`term`),
  KEY `idx_context` (`context`)
) ENGINE=MEMORY DEFAULT CHARSET=utf8mb4 COLLATE=utf8mb4_0900_ai_ci;

/*Data for the table `gw48a_finder_tokens` */

/*Table structure for table `gw48a_finder_tokens_aggregate` */


CREATE TABLE `gw48a_finder_tokens_aggregate` (
  `term_id` int unsigned NOT NULL,
  `map_suffix` char(1) NOT NULL,
  `term` varchar(75) NOT NULL,
  `stem` varchar(75) NOT NULL,
  `common` tinyint unsigned NOT NULL DEFAULT '0',
  `phrase` tinyint unsigned NOT NULL DEFAULT '0',
  `term_weight` float unsigned NOT NULL,
  `context` tinyint unsigned NOT NULL DEFAULT '2',
  `context_weight` float unsigned NOT NULL,
  `total_weight` float unsigned NOT NULL,
  `language` char(3) NOT NULL DEFAULT '',
  KEY `token` (`term`),
  KEY `keyword_id` (`term_id`)
) ENGINE=MEMORY DEFAULT CHARSET=utf8mb4 COLLATE=utf8mb4_0900_ai_ci;

/*Data for the table `gw48a_finder_tokens_aggregate` */

/*Table structure for table `gw48a_finder_types` */


CREATE TABLE `gw48a_finder_types` (
  `id` int unsigned NOT NULL AUTO_INCREMENT,
  `title` varchar(100) NOT NULL,
  `mime` varchar(100) NOT NULL,
  PRIMARY KEY (`id`),
  UNIQUE KEY `title` (`title`)
) ENGINE=InnoDB AUTO_INCREMENT=6 DEFAULT CHARSET=utf8mb4 COLLATE=utf8mb4_0900_ai_ci;

/*Data for the table `gw48a_finder_types` */

insert  into `gw48a_finder_types`(`id`,`title`,`mime`) values 
(1,'Tag',''),
(2,'Category',''),
(3,'Contact',''),
(4,'Article',''),
(5,'News Feed','');

/*Table structure for table `gw48a_jev_defaults` */


CREATE TABLE `gw48a_jev_defaults` (
  `id` int unsigned NOT NULL AUTO_INCREMENT,
  `title` varchar(100) NOT NULL DEFAULT '',
  `name` varchar(50) NOT NULL DEFAULT '',
  `subject` text NOT NULL,
  `value` text NOT NULL,
  `state` tinyint NOT NULL DEFAULT '1',
  `params` text NOT NULL,
  `language` varchar(20) NOT NULL DEFAULT '*',
  `catid` int NOT NULL DEFAULT '0',
  PRIMARY KEY (`id`),
  KEY `name` (`name`),
  KEY `langcodename` (`language`,`catid`,`name`)
) ENGINE=InnoDB AUTO_INCREMENT=11 DEFAULT CHARSET=utf8mb3;

/*Data for the table `gw48a_jev_defaults` */

insert  into `gw48a_jev_defaults`(`id`,`title`,`name`,`subject`,`value`,`state`,`params`,`language`,`catid`) values 
(1,'JEV_EVENT_DETAIL_PAGE','icalevent.detail_body','','',0,'','*',0),
(2,'JEV_EVENT_EDIT_PAGE','icalevent.edit_page','','',0,'','*',0),
(3,'JEV_EVENT_LIST_ROW','icalevent.list_row','','',0,'','*',0),
(4,'JEV_EVENT_MONTH_CALENDAR_CELL','month.calendar_cell','','',0,'','*',0),
(5,'JEV_EVENT_MONTH_CALENDAR_TIP','month.calendar_tip','','',0,'','*',0),
(6,'JEV_EVENT_DETAIL_PAGE','icalevent.detail_body','','',0,'','*',8),
(7,'JEV_EVENT_EDIT_PAGE','icalevent.edit_page','','',0,'','*',8),
(8,'JEV_EVENT_LIST_ROW','icalevent.list_row','','',0,'','*',8),
(9,'JEV_EVENT_MONTH_CALENDAR_CELL','month.calendar_cell','','',0,'','*',8),
(10,'JEV_EVENT_MONTH_CALENDAR_TIP','month.calendar_tip','','',0,'','*',8);

/*Table structure for table `gw48a_jev_users` */


CREATE TABLE `gw48a_jev_users` (
  `id` int unsigned NOT NULL AUTO_INCREMENT,
  `user_id` int NOT NULL DEFAULT '0',
  `published` tinyint NOT NULL DEFAULT '0',
  `canuploadimages` tinyint NOT NULL DEFAULT '0',
  `canuploadmovies` tinyint NOT NULL DEFAULT '0',
  `cancreate` tinyint NOT NULL DEFAULT '0',
  `canedit` tinyint NOT NULL DEFAULT '0',
  `canpublishown` tinyint NOT NULL DEFAULT '0',
  `candeleteown` tinyint NOT NULL DEFAULT '0',
  `canpublishall` tinyint NOT NULL DEFAULT '0',
  `candeleteall` tinyint NOT NULL DEFAULT '0',
  `cancreateown` tinyint NOT NULL DEFAULT '0',
  `cancreateglobal` tinyint NOT NULL DEFAULT '0',
  `eventslimit` int NOT NULL DEFAULT '0',
  `extraslimit` int NOT NULL DEFAULT '0',
  `categories` varchar(255) NOT NULL DEFAULT '',
  `calendars` varchar(255) NOT NULL DEFAULT '',
  `created` datetime NOT NULL DEFAULT '0000-00-00 00:00:00',
  PRIMARY KEY (`id`),
  KEY `user` (`user_id`)
) ENGINE=InnoDB DEFAULT CHARSET=utf8mb3;

/*Data for the table `gw48a_jev_users` */

/*Table structure for table `gw48a_jevents_catmap` */


CREATE TABLE `gw48a_jevents_catmap` (
  `evid` int NOT NULL AUTO_INCREMENT,
  `catid` int NOT NULL DEFAULT '1',
  `ordering` int unsigned NOT NULL DEFAULT '0',
  UNIQUE KEY `key_event_category` (`evid`,`catid`),
  KEY `key_evid` (`evid`)
) ENGINE=InnoDB AUTO_INCREMENT=2 DEFAULT CHARSET=utf8mb3;

/*Data for the table `gw48a_jevents_catmap` */

insert  into `gw48a_jevents_catmap`(`evid`,`catid`,`ordering`) values 
(1,8,0);

/*Table structure for table `gw48a_jevents_exception` */


CREATE TABLE `gw48a_jevents_exception` (
  `ex_id` int NOT NULL AUTO_INCREMENT,
  `rp_id` int NOT NULL DEFAULT '0',
  `eventid` int NOT NULL DEFAULT '1',
  `eventdetail_id` int NOT NULL DEFAULT '0',
  `exception_type` int NOT NULL DEFAULT '0',
  `startrepeat` datetime NOT NULL DEFAULT '0000-00-00 00:00:00',
  `oldstartrepeat` datetime NOT NULL DEFAULT '0000-00-00 00:00:00',
  `tempfield` datetime NOT NULL DEFAULT '0000-00-00 00:00:00',
  PRIMARY KEY (`ex_id`),
  KEY `eventid` (`eventid`),
  KEY `rp_id` (`rp_id`)
) ENGINE=InnoDB DEFAULT CHARSET=utf8mb3;

/*Data for the table `gw48a_jevents_exception` */

/*Table structure for table `gw48a_jevents_filtermap` */


CREATE TABLE `gw48a_jevents_filtermap` (
  `fid` int NOT NULL AUTO_INCREMENT,
  `userid` int NOT NULL DEFAULT '0',
  `filters` text NOT NULL,
  `md5` varchar(255) NOT NULL,
  `andor` tinyint NOT NULL DEFAULT '0',
  `modid` int NOT NULL DEFAULT '0',
  `name` varchar(255) NOT NULL DEFAULT '',
  PRIMARY KEY (`fid`),
  KEY `md5` (`md5`)
) ENGINE=InnoDB DEFAULT CHARSET=utf8mb3;

/*Data for the table `gw48a_jevents_filtermap` */

/*Table structure for table `gw48a_jevents_icsfile` */


CREATE TABLE `gw48a_jevents_icsfile` (
  `ics_id` int NOT NULL AUTO_INCREMENT,
  `srcURL` varchar(500) NOT NULL DEFAULT '',
  `label` varchar(30) NOT NULL DEFAULT '',
  `filename` varchar(120) NOT NULL DEFAULT '',
  `icaltype` tinyint NOT NULL DEFAULT '0',
  `isdefault` tinyint NOT NULL DEFAULT '0',
  `ignoreembedcat` tinyint NOT NULL DEFAULT '0',
  `state` tinyint NOT NULL DEFAULT '1',
  `access` int unsigned NOT NULL DEFAULT '0',
  `catid` int NOT NULL DEFAULT '1',
  `created` datetime NOT NULL DEFAULT '0000-00-00 00:00:00',
  `created_by` int unsigned NOT NULL DEFAULT '0',
  `created_by_alias` varchar(100) NOT NULL DEFAULT '',
  `modified_by` int unsigned NOT NULL DEFAULT '0',
  `refreshed` datetime NOT NULL DEFAULT '0000-00-00 00:00:00',
  `autorefresh` tinyint NOT NULL DEFAULT '0',
  `overlaps` tinyint NOT NULL DEFAULT '0',
  PRIMARY KEY (`ics_id`),
  UNIQUE KEY `label` (`label`),
  KEY `stateidx` (`state`)
) ENGINE=InnoDB AUTO_INCREMENT=2 DEFAULT CHARSET=utf8mb3;

/*Data for the table `gw48a_jevents_icsfile` */

insert  into `gw48a_jevents_icsfile`(`ics_id`,`srcURL`,`label`,`filename`,`icaltype`,`isdefault`,`ignoreembedcat`,`state`,`access`,`catid`,`created`,`created_by`,`created_by_alias`,`modified_by`,`refreshed`,`autorefresh`,`overlaps`) values 
(1,'','Default','Initial ICS File',2,1,0,1,1,8,'0000-00-00 00:00:00',0,'',0,'0000-00-00 00:00:00',0,0);

/*Table structure for table `gw48a_jevents_repetition` */


CREATE TABLE `gw48a_jevents_repetition` (
  `rp_id` int NOT NULL AUTO_INCREMENT,
  `eventid` int NOT NULL DEFAULT '1',
  `eventdetail_id` int NOT NULL DEFAULT '0',
  `duplicatecheck` varchar(32) NOT NULL DEFAULT '',
  `startrepeat` datetime NOT NULL DEFAULT '0000-00-00 00:00:00',
  `endrepeat` datetime NOT NULL DEFAULT '0000-00-00 00:00:00',
  PRIMARY KEY (`rp_id`),
  UNIQUE KEY `duplicatecheck` (`duplicatecheck`),
  KEY `eventid` (`eventid`),
  KEY `eventstart` (`eventid`,`startrepeat`),
  KEY `eventend` (`eventid`,`endrepeat`),
  KEY `eventdetail` (`eventdetail_id`),
  KEY `startrepeat` (`startrepeat`),
  KEY `startend` (`startrepeat`,`endrepeat`),
  KEY `endrepeat` (`endrepeat`)
) ENGINE=InnoDB AUTO_INCREMENT=5 DEFAULT CHARSET=utf8mb3;

/*Data for the table `gw48a_jevents_repetition` */

insert  into `gw48a_jevents_repetition`(`rp_id`,`eventid`,`eventdetail_id`,`duplicatecheck`,`startrepeat`,`endrepeat`) values 
(1,1,1,'152528ba71e0b68e8992dbdbbaf94f9e','2017-12-29 19:00:00','2017-12-29 23:59:59'),
(2,2,2,'97aa034a56a4ea489e8935be63450300','2017-06-21 08:00:00','2017-06-21 17:00:00'),
(3,3,3,'0a0bfad32761cccffb3e131412079ff6','2017-06-21 08:00:00','2017-06-21 17:00:00'),
(4,4,4,'d9f182642ff2b85a9d0c30d62d7e2560','2017-06-21 08:00:00','2017-06-21 17:00:00');

/*Table structure for table `gw48a_jevents_rrule` */


CREATE TABLE `gw48a_jevents_rrule` (
  `rr_id` int NOT NULL AUTO_INCREMENT,
  `eventid` int NOT NULL DEFAULT '1',
  `freq` varchar(30) NOT NULL DEFAULT '',
  `until` int NOT NULL DEFAULT '1',
  `untilraw` varchar(30) NOT NULL DEFAULT '',
  `count` int NOT NULL DEFAULT '1',
  `rinterval` int NOT NULL DEFAULT '1',
  `bysecond` varchar(50) NOT NULL DEFAULT '',
  `byminute` varchar(50) NOT NULL DEFAULT '',
  `byhour` varchar(50) NOT NULL DEFAULT '',
  `byday` varchar(50) NOT NULL DEFAULT '',
  `bymonthday` varchar(50) NOT NULL DEFAULT '',
  `byyearday` varchar(100) NOT NULL DEFAULT '',
  `byweekno` varchar(50) NOT NULL DEFAULT '',
  `bymonth` varchar(50) NOT NULL DEFAULT '',
  `bysetpos` varchar(50) NOT NULL DEFAULT '',
  `wkst` varchar(50) NOT NULL DEFAULT '',
  `irregulardates` text NOT NULL,
  PRIMARY KEY (`rr_id`),
  KEY `eventid` (`eventid`)
) ENGINE=InnoDB AUTO_INCREMENT=5 DEFAULT CHARSET=utf8mb3;

/*Data for the table `gw48a_jevents_rrule` */

insert  into `gw48a_jevents_rrule`(`rr_id`,`eventid`,`freq`,`until`,`untilraw`,`count`,`rinterval`,`bysecond`,`byminute`,`byhour`,`byday`,`bymonthday`,`byyearday`,`byweekno`,`bymonth`,`bysetpos`,`wkst`,`irregulardates`) values 
(1,1,'none',0,'',1,1,'','','','WE','','','','','','',''),
(2,2,'none',0,'',1,1,'','','','WE','','','','','','','[]'),
(3,3,'none',0,'',1,1,'','','','WE','','','','','','','[]'),
(4,4,'none',0,'',1,1,'','','','WE','','','','','','','[]');

/*Table structure for table `gw48a_jevents_translation` */


CREATE TABLE `gw48a_jevents_translation` (
  `translation_id` int NOT NULL AUTO_INCREMENT,
  `evdet_id` int NOT NULL DEFAULT '0',
  `description` longtext NOT NULL,
  `location` varchar(120) NOT NULL DEFAULT '',
  `summary` longtext NOT NULL,
  `contact` varchar(120) NOT NULL DEFAULT '',
  `extra_info` text NOT NULL,
  `language` varchar(20) NOT NULL DEFAULT '*',
  PRIMARY KEY (`translation_id`),
  KEY `evdet_id` (`evdet_id`),
  KEY `langdetail` (`evdet_id`,`language`)
) ENGINE=InnoDB DEFAULT CHARSET=utf8mb3;

/*Data for the table `gw48a_jevents_translation` */

/*Table structure for table `gw48a_jevents_vevdetail` */


CREATE TABLE `gw48a_jevents_vevdetail` (
  `evdet_id` int NOT NULL AUTO_INCREMENT,
  `rawdata` longtext NOT NULL,
  `dtstart` int NOT NULL DEFAULT '0',
  `dtstartraw` varchar(30) NOT NULL DEFAULT '',
  `duration` int NOT NULL DEFAULT '0',
  `durationraw` varchar(30) NOT NULL DEFAULT '',
  `dtend` int NOT NULL DEFAULT '0',
  `dtendraw` varchar(30) NOT NULL DEFAULT '',
  `dtstamp` varchar(30) NOT NULL DEFAULT '',
  `class` varchar(10) NOT NULL DEFAULT '',
  `categories` varchar(120) NOT NULL DEFAULT '',
  `color` varchar(20) NOT NULL DEFAULT '',
  `description` longtext NOT NULL,
  `geolon` float NOT NULL DEFAULT '0',
  `geolat` float NOT NULL DEFAULT '0',
  `location` varchar(120) NOT NULL DEFAULT '',
  `priority` tinyint unsigned NOT NULL DEFAULT '0',
  `status` varchar(20) NOT NULL DEFAULT '',
  `summary` longtext NOT NULL,
  `contact` varchar(120) NOT NULL DEFAULT '',
  `organizer` varchar(120) NOT NULL DEFAULT '',
  `url` text NOT NULL,
  `extra_info` text NOT NULL,
  `created` varchar(30) NOT NULL DEFAULT '',
  `sequence` int NOT NULL DEFAULT '1',
  `state` tinyint NOT NULL DEFAULT '1',
  `modified` datetime NOT NULL DEFAULT '0000-00-00 00:00:00',
  `multiday` tinyint NOT NULL DEFAULT '1',
  `hits` int NOT NULL DEFAULT '0',
  `noendtime` tinyint NOT NULL DEFAULT '0',
  PRIMARY KEY (`evdet_id`)
) ENGINE=InnoDB AUTO_INCREMENT=5 DEFAULT CHARSET=utf8mb3;

/*Data for the table `gw48a_jevents_vevdetail` */

insert  into `gw48a_jevents_vevdetail`(`evdet_id`,`rawdata`,`dtstart`,`dtstartraw`,`duration`,`durationraw`,`dtend`,`dtendraw`,`dtstamp`,`class`,`categories`,`color`,`description`,`geolon`,`geolat`,`location`,`priority`,`status`,`summary`,`contact`,`organizer`,`url`,`extra_info`,`created`,`sequence`,`state`,`modified`,`multiday`,`hits`,`noendtime`) values 
(1,'',1514570400,'',0,'',1514588399,'','','','','','',0,0,'',0,'','Romjulsfest','','','','','',0,1,'2017-06-21 18:49:07',1,0,1),
(2,'',1498024800,'',0,'',1498057200,'','','','','','',0,0,'',0,'','test','','','','','',0,1,'2017-06-21 19:08:11',1,0,0),
(3,'',1498024800,'',0,'',1498057200,'','','','','','',0,0,'',0,'','test','','','','','',0,1,'2017-06-21 19:08:11',1,0,0),
(4,'',1498024800,'',0,'',1498057200,'','','','','','',0,0,'',0,'','test','','','','','',0,1,'2017-06-21 19:23:57',1,0,0);

/*Table structure for table `gw48a_jevents_vevent` */


CREATE TABLE `gw48a_jevents_vevent` (
  `ev_id` int NOT NULL AUTO_INCREMENT,
  `icsid` int NOT NULL DEFAULT '0',
  `catid` int NOT NULL DEFAULT '1',
  `uid` varchar(255) NOT NULL DEFAULT '',
  `refreshed` datetime NOT NULL DEFAULT '0000-00-00 00:00:00',
  `created` datetime NOT NULL DEFAULT '0000-00-00 00:00:00',
  `created_by` int unsigned NOT NULL DEFAULT '0',
  `created_by_alias` varchar(100) NOT NULL DEFAULT '',
  `modified_by` int unsigned NOT NULL DEFAULT '0',
  `rawdata` longtext NOT NULL,
  `recurrence_id` varchar(30) NOT NULL DEFAULT '',
  `detail_id` int NOT NULL DEFAULT '0',
  `state` tinyint NOT NULL DEFAULT '1',
  `lockevent` tinyint NOT NULL DEFAULT '0',
  `author_notified` tinyint NOT NULL DEFAULT '0',
  `access` int unsigned NOT NULL DEFAULT '0',
  `tzid` varchar(100) NOT NULL DEFAULT '',
  PRIMARY KEY (`ev_id`),
  KEY `icsid` (`icsid`),
  KEY `stateidx` (`state`),
  KEY `evaccess` (`access`)
) ENGINE=InnoDB AUTO_INCREMENT=5 DEFAULT CHARSET=utf8mb3;

/*Data for the table `gw48a_jevents_vevent` */

insert  into `gw48a_jevents_vevent`(`ev_id`,`icsid`,`catid`,`uid`,`refreshed`,`created`,`created_by`,`created_by_alias`,`modified_by`,`rawdata`,`recurrence_id`,`detail_id`,`state`,`lockevent`,`author_notified`,`access`,`tzid`) values 
(1,1,8,'94668ec272aff3fd1b9b8bc7acb81be4','0000-00-00 00:00:00','2017-06-21 18:49:07',807,'',807,'a:20:{s:3:\"UID\";s:32:\"94668ec272aff3fd1b9b8bc7acb81be4\";s:11:\"X-EXTRAINFO\";s:0:\"\";s:8:\"LOCATION\";s:0:\"\";s:11:\"allDayEvent\";s:3:\"off\";s:7:\"CONTACT\";s:0:\"\";s:11:\"DESCRIPTION\";s:0:\"\";s:12:\"publish_down\";s:10:\"2017-12-29\";s:10:\"publish_up\";s:10:\"2017-12-29\";s:13:\"publish_down2\";s:10:\"2017-12-29\";s:11:\"publish_up2\";s:10:\"2017-12-29\";s:7:\"SUMMARY\";s:11:\"Romjulsfest\";s:3:\"URL\";s:0:\"\";s:11:\"X-CREATEDBY\";i:807;s:7:\"DTSTART\";i:1514570400;s:5:\"DTEND\";i:1514588399;s:5:\"RRULE\";a:4:{s:4:\"FREQ\";s:4:\"none\";s:5:\"COUNT\";i:1;s:8:\"INTERVAL\";s:1:\"1\";s:5:\"BYDAY\";s:2:\"WE\";}s:8:\"MULTIDAY\";s:1:\"1\";s:9:\"NOENDTIME\";s:1:\"1\";s:7:\"X-COLOR\";s:0:\"\";s:9:\"LOCKEVENT\";s:1:\"0\";}','',1,-1,0,0,1,''),
(2,1,8,'d45f1e0b354470b3249826ccfab0acb7','0000-00-00 00:00:00','2017-06-21 19:08:11',807,'',807,'a:20:{s:3:\"UID\";s:32:\"d45f1e0b354470b3249826ccfab0acb7\";s:11:\"X-EXTRAINFO\";s:0:\"\";s:8:\"LOCATION\";s:0:\"\";s:11:\"allDayEvent\";s:3:\"off\";s:7:\"CONTACT\";s:0:\"\";s:11:\"DESCRIPTION\";s:0:\"\";s:12:\"publish_down\";s:9:\"2017-6-21\";s:10:\"publish_up\";s:9:\"2017-6-21\";s:13:\"publish_down2\";s:9:\"2017-6-21\";s:11:\"publish_up2\";s:9:\"2017-6-21\";s:7:\"SUMMARY\";s:4:\"test\";s:3:\"URL\";s:0:\"\";s:11:\"X-CREATEDBY\";i:807;s:7:\"DTSTART\";i:1498024800;s:5:\"DTEND\";i:1498057200;s:5:\"RRULE\";a:5:{s:4:\"FREQ\";s:4:\"none\";s:5:\"COUNT\";i:1;s:8:\"INTERVAL\";s:1:\"1\";s:14:\"IRREGULARDATES\";a:0:{}s:5:\"BYDAY\";s:2:\"WE\";}s:8:\"MULTIDAY\";s:1:\"1\";s:9:\"NOENDTIME\";s:1:\"0\";s:7:\"X-COLOR\";s:0:\"\";s:9:\"LOCKEVENT\";s:1:\"0\";}','',2,-1,0,0,1,''),
(3,1,8,'28d0300c79b82e1734177965b00a4874','0000-00-00 00:00:00','2017-06-21 19:08:11',807,'',807,'a:20:{s:3:\"UID\";s:32:\"28d0300c79b82e1734177965b00a4874\";s:11:\"X-EXTRAINFO\";s:0:\"\";s:8:\"LOCATION\";s:0:\"\";s:11:\"allDayEvent\";s:3:\"off\";s:7:\"CONTACT\";s:0:\"\";s:11:\"DESCRIPTION\";s:0:\"\";s:12:\"publish_down\";s:9:\"2017-6-21\";s:10:\"publish_up\";s:9:\"2017-6-21\";s:13:\"publish_down2\";s:9:\"2017-6-21\";s:11:\"publish_up2\";s:9:\"2017-6-21\";s:7:\"SUMMARY\";s:4:\"test\";s:3:\"URL\";s:0:\"\";s:11:\"X-CREATEDBY\";i:807;s:7:\"DTSTART\";i:1498024800;s:5:\"DTEND\";i:1498057200;s:5:\"RRULE\";a:5:{s:4:\"FREQ\";s:4:\"none\";s:5:\"COUNT\";i:1;s:8:\"INTERVAL\";s:1:\"1\";s:14:\"IRREGULARDATES\";a:0:{}s:5:\"BYDAY\";s:2:\"WE\";}s:8:\"MULTIDAY\";s:1:\"1\";s:9:\"NOENDTIME\";s:1:\"0\";s:7:\"X-COLOR\";s:0:\"\";s:9:\"LOCKEVENT\";s:1:\"0\";}','',3,-1,0,0,1,''),
(4,1,9,'8e348e3f0da511e01023ccb910204d6c','0000-00-00 00:00:00','2017-06-21 19:23:57',807,'',807,'a:20:{s:3:\"UID\";s:32:\"8e348e3f0da511e01023ccb910204d6c\";s:11:\"X-EXTRAINFO\";s:0:\"\";s:8:\"LOCATION\";s:0:\"\";s:11:\"allDayEvent\";s:3:\"off\";s:7:\"CONTACT\";s:0:\"\";s:11:\"DESCRIPTION\";s:0:\"\";s:12:\"publish_down\";s:9:\"2017-6-21\";s:10:\"publish_up\";s:9:\"2017-6-21\";s:13:\"publish_down2\";s:9:\"2017-6-21\";s:11:\"publish_up2\";s:9:\"2017-6-21\";s:7:\"SUMMARY\";s:4:\"test\";s:3:\"URL\";s:0:\"\";s:11:\"X-CREATEDBY\";i:807;s:7:\"DTSTART\";i:1498024800;s:5:\"DTEND\";i:1498057200;s:5:\"RRULE\";a:5:{s:4:\"FREQ\";s:4:\"none\";s:5:\"COUNT\";i:1;s:8:\"INTERVAL\";s:1:\"1\";s:14:\"IRREGULARDATES\";a:0:{}s:5:\"BYDAY\";s:2:\"WE\";}s:8:\"MULTIDAY\";s:1:\"1\";s:9:\"NOENDTIME\";s:1:\"0\";s:7:\"X-COLOR\";s:0:\"\";s:9:\"LOCKEVENT\";s:1:\"0\";}','',4,1,0,0,1,'');

/*Table structure for table `gw48a_languages` */


CREATE TABLE `gw48a_languages` (
  `lang_id` int unsigned NOT NULL AUTO_INCREMENT,
  `asset_id` int NOT NULL,
  `lang_code` char(7) CHARACTER SET utf8mb4 COLLATE utf8mb4_bin NOT NULL,
  `title` varchar(50) CHARACTER SET utf8mb4 COLLATE utf8mb4_unicode_ci NOT NULL,
  `title_native` varchar(50) CHARACTER SET utf8mb4 COLLATE utf8mb4_unicode_ci NOT NULL,
  `sef` varchar(50) CHARACTER SET utf8mb4 COLLATE utf8mb4_unicode_ci NOT NULL,
  `image` varchar(50) CHARACTER SET utf8mb4 COLLATE utf8mb4_unicode_ci NOT NULL,
  `description` varchar(512) CHARACTER SET utf8mb4 COLLATE utf8mb4_unicode_ci NOT NULL,
  `metakey` text CHARACTER SET utf8mb4 COLLATE utf8mb4_unicode_ci NOT NULL,
  `metadesc` text CHARACTER SET utf8mb4 COLLATE utf8mb4_unicode_ci NOT NULL,
  `sitename` varchar(1024) CHARACTER SET utf8mb4 COLLATE utf8mb4_unicode_ci NOT NULL DEFAULT '',
  `published` int NOT NULL DEFAULT '0',
  `access` int unsigned NOT NULL DEFAULT '0',
  `ordering` int NOT NULL DEFAULT '0',
  PRIMARY KEY (`lang_id`),
  UNIQUE KEY `idx_sef` (`sef`),
  UNIQUE KEY `idx_image` (`image`),
  UNIQUE KEY `idx_langcode` (`lang_code`),
  KEY `idx_access` (`access`),
  KEY `idx_ordering` (`ordering`)
) ENGINE=InnoDB AUTO_INCREMENT=2 DEFAULT CHARSET=utf8mb4 COLLATE=utf8mb4_unicode_ci;

/*Data for the table `gw48a_languages` */

insert  into `gw48a_languages`(`lang_id`,`asset_id`,`lang_code`,`title`,`title_native`,`sef`,`image`,`description`,`metakey`,`metadesc`,`sitename`,`published`,`access`,`ordering`) values 
(1,0,'en-GB','English (UK)','English (UK)','en','en_gb','','','','',1,1,1);

/*Table structure for table `gw48a_menu` */


CREATE TABLE `gw48a_menu` (
  `id` int NOT NULL AUTO_INCREMENT,
  `menutype` varchar(24) CHARACTER SET utf8mb4 COLLATE utf8mb4_unicode_ci NOT NULL COMMENT 'The type of menu this item belongs to. FK to #__menu_types.menutype',
  `title` varchar(255) CHARACTER SET utf8mb4 COLLATE utf8mb4_unicode_ci NOT NULL COMMENT 'The display title of the menu item.',
  `alias` varchar(400) CHARACTER SET utf8mb4 COLLATE utf8mb4_bin NOT NULL COMMENT 'The SEF alias of the menu item.',
  `note` varchar(255) CHARACTER SET utf8mb4 COLLATE utf8mb4_unicode_ci NOT NULL DEFAULT '',
  `path` varchar(1024) CHARACTER SET utf8mb4 COLLATE utf8mb4_unicode_ci NOT NULL COMMENT 'The computed path of the menu item based on the alias field.',
  `link` varchar(1024) CHARACTER SET utf8mb4 COLLATE utf8mb4_unicode_ci NOT NULL COMMENT 'The actually link the menu item refers to.',
  `type` varchar(16) CHARACTER SET utf8mb4 COLLATE utf8mb4_unicode_ci NOT NULL COMMENT 'The type of link: Component, URL, Alias, Separator',
  `published` tinyint NOT NULL DEFAULT '0' COMMENT 'The published state of the menu link.',
  `parent_id` int unsigned NOT NULL DEFAULT '1' COMMENT 'The parent menu item in the menu tree.',
  `level` int unsigned NOT NULL DEFAULT '0' COMMENT 'The relative level in the tree.',
  `component_id` int unsigned NOT NULL DEFAULT '0' COMMENT 'FK to #__extensions.id',
  `checked_out` int unsigned NOT NULL DEFAULT '0' COMMENT 'FK to #__users.id',
  `checked_out_time` timestamp NOT NULL DEFAULT '0000-00-00 00:00:00' COMMENT 'The time the menu item was checked out.',
  `browserNav` tinyint NOT NULL DEFAULT '0' COMMENT 'The click behaviour of the link.',
  `access` int unsigned NOT NULL DEFAULT '0' COMMENT 'The access level required to view the menu item.',
  `img` varchar(255) CHARACTER SET utf8mb4 COLLATE utf8mb4_unicode_ci NOT NULL COMMENT 'The image of the menu item.',
  `template_style_id` int unsigned NOT NULL DEFAULT '0',
  `params` text CHARACTER SET utf8mb4 COLLATE utf8mb4_unicode_ci NOT NULL COMMENT 'JSON encoded data for the menu item.',
  `lft` int NOT NULL DEFAULT '0' COMMENT 'Nested set lft.',
  `rgt` int NOT NULL DEFAULT '0' COMMENT 'Nested set rgt.',
  `home` tinyint unsigned NOT NULL DEFAULT '0' COMMENT 'Indicates if this menu item is the home or default page.',
  `language` char(7) CHARACTER SET utf8mb4 COLLATE utf8mb4_unicode_ci NOT NULL DEFAULT '',
  `client_id` tinyint NOT NULL DEFAULT '0',
  PRIMARY KEY (`id`),
  UNIQUE KEY `idx_client_id_parent_id_alias_language` (`client_id`,`parent_id`,`alias`(100),`language`),
  KEY `idx_componentid` (`component_id`,`menutype`,`published`,`access`),
  KEY `idx_menutype` (`menutype`),
  KEY `idx_left_right` (`lft`,`rgt`),
  KEY `idx_alias` (`alias`(100)),
  KEY `idx_path` (`path`(100)),
  KEY `idx_language` (`language`)
) ENGINE=InnoDB AUTO_INCREMENT=105 DEFAULT CHARSET=utf8mb4 COLLATE=utf8mb4_unicode_ci;

/*Data for the table `gw48a_menu` */

insert  into `gw48a_menu`(`id`,`menutype`,`title`,`alias`,`note`,`path`,`link`,`type`,`published`,`parent_id`,`level`,`component_id`,`checked_out`,`checked_out_time`,`browserNav`,`access`,`img`,`template_style_id`,`params`,`lft`,`rgt`,`home`,`language`,`client_id`) values 
(1,'','Menu_Item_Root','root','','','','',1,0,0,0,0,'0000-00-00 00:00:00',0,0,'',0,'',0,43,0,'*',0),
(2,'menu','com_banners','Banners','','Banners','index.php?option=com_banners','component',0,1,1,4,0,'0000-00-00 00:00:00',0,0,'class:banners',0,'',1,10,0,'*',1),
(3,'menu','com_banners','Banners','','Banners/Banners','index.php?option=com_banners','component',0,2,2,4,0,'0000-00-00 00:00:00',0,0,'class:banners',0,'',2,3,0,'*',1),
(4,'menu','com_banners_categories','Categories','','Banners/Categories','index.php?option=com_categories&extension=com_banners','component',0,2,2,6,0,'0000-00-00 00:00:00',0,0,'class:banners-cat',0,'',4,5,0,'*',1),
(5,'menu','com_banners_clients','Clients','','Banners/Clients','index.php?option=com_banners&view=clients','component',0,2,2,4,0,'0000-00-00 00:00:00',0,0,'class:banners-clients',0,'',6,7,0,'*',1),
(6,'menu','com_banners_tracks','Tracks','','Banners/Tracks','index.php?option=com_banners&view=tracks','component',0,2,2,4,0,'0000-00-00 00:00:00',0,0,'class:banners-tracks',0,'',8,9,0,'*',1),
(7,'menu','com_contact','Contacts','','Contacts','index.php?option=com_contact','component',0,1,1,8,0,'0000-00-00 00:00:00',0,0,'class:contact',0,'',11,16,0,'*',1),
(8,'menu','com_contact_contacts','Contacts','','Contacts/Contacts','index.php?option=com_contact','component',0,7,2,8,0,'0000-00-00 00:00:00',0,0,'class:contact',0,'',12,13,0,'*',1),
(9,'menu','com_contact_categories','Categories','','Contacts/Categories','index.php?option=com_categories&extension=com_contact','component',0,7,2,6,0,'0000-00-00 00:00:00',0,0,'class:contact-cat',0,'',14,15,0,'*',1),
(10,'menu','com_messages','Messaging','','Messaging','index.php?option=com_messages','component',0,1,1,15,0,'0000-00-00 00:00:00',0,0,'class:messages',0,'',17,20,0,'*',1),
(11,'menu','com_messages_add','New Private Message','','Messaging/New Private Message','index.php?option=com_messages&task=message.add','component',0,10,2,15,0,'0000-00-00 00:00:00',0,0,'class:messages-add',0,'',18,19,0,'*',1),
(13,'menu','com_newsfeeds','News Feeds','','News Feeds','index.php?option=com_newsfeeds','component',0,1,1,17,0,'0000-00-00 00:00:00',0,0,'class:newsfeeds',0,'',21,26,0,'*',1),
(14,'menu','com_newsfeeds_feeds','Feeds','','News Feeds/Feeds','index.php?option=com_newsfeeds','component',0,13,2,17,0,'0000-00-00 00:00:00',0,0,'class:newsfeeds',0,'',22,23,0,'*',1),
(15,'menu','com_newsfeeds_categories','Categories','','News Feeds/Categories','index.php?option=com_categories&extension=com_newsfeeds','component',0,13,2,6,0,'0000-00-00 00:00:00',0,0,'class:newsfeeds-cat',0,'',24,25,0,'*',1),
(16,'menu','com_redirect','Redirect','','Redirect','index.php?option=com_redirect','component',0,1,1,24,0,'0000-00-00 00:00:00',0,0,'class:redirect',0,'',27,28,0,'*',1),
(17,'menu','com_search','Basic Search','','Basic Search','index.php?option=com_search','component',0,1,1,19,0,'0000-00-00 00:00:00',0,0,'class:search',0,'',29,30,0,'*',1),
(18,'menu','com_finder','Smart Search','','Smart Search','index.php?option=com_finder','component',0,1,1,27,0,'0000-00-00 00:00:00',0,0,'class:finder',0,'',31,32,0,'*',1),
(19,'menu','com_joomlaupdate','Joomla! Update','','Joomla! Update','index.php?option=com_joomlaupdate','component',1,1,1,28,0,'0000-00-00 00:00:00',0,0,'class:joomlaupdate',0,'',33,34,0,'*',1),
(20,'main','com_tags','Tags','','Tags','index.php?option=com_tags','component',0,1,1,29,0,'0000-00-00 00:00:00',0,1,'class:tags',0,'',35,36,0,'',1),
(21,'main','com_postinstall','Post-installation messages','','Post-installation messages','index.php?option=com_postinstall','component',0,1,1,32,0,'0000-00-00 00:00:00',0,1,'class:postinstall',0,'',37,38,0,'*',1),
(101,'mainmenu','Velkommen til Undrumsdal','forsiden','','forsiden','index.php?option=com_content&view=featured','component',1,1,1,22,0,'0000-00-00 00:00:00',0,1,' ',0,'{\"featured_categories\":[\"\"],\"layout_type\":\"blog\",\"num_leading_articles\":\"1\",\"num_intro_articles\":\"3\",\"num_columns\":\"3\",\"num_links\":\"0\",\"multi_column_order\":\"1\",\"orderby_pri\":\"\",\"orderby_sec\":\"date\",\"order_date\":\"\",\"show_pagination\":\"2\",\"show_pagination_results\":\"1\",\"show_title\":\"\",\"link_titles\":\"\",\"show_intro\":\"\",\"info_block_position\":\"\",\"info_block_show_title\":\"\",\"show_category\":\"\",\"link_category\":\"\",\"show_parent_category\":\"\",\"link_parent_category\":\"\",\"show_author\":\"\",\"link_author\":\"\",\"show_create_date\":\"\",\"show_modify_date\":\"\",\"show_publish_date\":\"\",\"show_item_navigation\":\"\",\"show_vote\":\"\",\"show_readmore\":\"\",\"show_readmore_title\":\"\",\"show_icons\":\"\",\"show_print_icon\":\"\",\"show_email_icon\":\"\",\"show_hits\":\"\",\"show_tags\":\"\",\"show_noauth\":\"\",\"show_feed_link\":\"1\",\"feed_summary\":\"\",\"menu-anchor_title\":\"\",\"menu-anchor_css\":\"\",\"menu_image\":\"\",\"menu_text\":1,\"menu_show\":1,\"page_title\":\"\",\"show_page_heading\":\"1\",\"page_heading\":\"\",\"pageclass_sfx\":\"\",\"menu-meta_description\":\"\",\"menu-meta_keywords\":\"\",\"robots\":\"\",\"secure\":0}',39,40,1,'*',0),
(104,'main','COM_JEVENTS_MENU','com-jevents-menu','','com-jevents-menu','index.php?option=com_jevents','component',0,1,1,10021,0,'0000-00-00 00:00:00',0,1,'class:component',0,'{}',41,42,0,'',1);

/*Table structure for table `gw48a_menu_types` */


CREATE TABLE `gw48a_menu_types` (
  `id` int unsigned NOT NULL AUTO_INCREMENT,
  `asset_id` int NOT NULL,
  `menutype` varchar(24) CHARACTER SET utf8mb4 COLLATE utf8mb4_unicode_ci NOT NULL,
  `title` varchar(48) CHARACTER SET utf8mb4 COLLATE utf8mb4_unicode_ci NOT NULL,
  `description` varchar(255) CHARACTER SET utf8mb4 COLLATE utf8mb4_unicode_ci NOT NULL DEFAULT '',
  PRIMARY KEY (`id`),
  UNIQUE KEY `idx_menutype` (`menutype`)
) ENGINE=InnoDB AUTO_INCREMENT=2 DEFAULT CHARSET=utf8mb4 COLLATE=utf8mb4_unicode_ci;

/*Data for the table `gw48a_menu_types` */

insert  into `gw48a_menu_types`(`id`,`asset_id`,`menutype`,`title`,`description`) values 
(1,0,'mainmenu','Main Menu','The main menu for the site');

/*Table structure for table `gw48a_messages` */


CREATE TABLE `gw48a_messages` (
  `message_id` int unsigned NOT NULL AUTO_INCREMENT,
  `user_id_from` int unsigned NOT NULL DEFAULT '0',
  `user_id_to` int unsigned NOT NULL DEFAULT '0',
  `folder_id` tinyint unsigned NOT NULL DEFAULT '0',
  `date_time` datetime NOT NULL DEFAULT '0000-00-00 00:00:00',
  `state` tinyint(1) NOT NULL DEFAULT '0',
  `priority` tinyint unsigned NOT NULL DEFAULT '0',
  `subject` varchar(255) CHARACTER SET utf8mb4 COLLATE utf8mb4_unicode_ci NOT NULL DEFAULT '',
  `message` text CHARACTER SET utf8mb4 COLLATE utf8mb4_unicode_ci NOT NULL,
  PRIMARY KEY (`message_id`),
  KEY `useridto_state` (`user_id_to`,`state`)
) ENGINE=InnoDB DEFAULT CHARSET=utf8mb4 COLLATE=utf8mb4_unicode_ci;

/*Data for the table `gw48a_messages` */

/*Table structure for table `gw48a_messages_cfg` */


CREATE TABLE `gw48a_messages_cfg` (
  `user_id` int unsigned NOT NULL DEFAULT '0',
  `cfg_name` varchar(100) CHARACTER SET utf8mb4 COLLATE utf8mb4_unicode_ci NOT NULL DEFAULT '',
  `cfg_value` varchar(255) CHARACTER SET utf8mb4 COLLATE utf8mb4_unicode_ci NOT NULL DEFAULT '',
  UNIQUE KEY `idx_user_var_name` (`user_id`,`cfg_name`)
) ENGINE=InnoDB DEFAULT CHARSET=utf8mb4 COLLATE=utf8mb4_unicode_ci;

/*Data for the table `gw48a_messages_cfg` */

/*Table structure for table `gw48a_modules` */


CREATE TABLE `gw48a_modules` (
  `id` int NOT NULL AUTO_INCREMENT,
  `asset_id` int unsigned NOT NULL DEFAULT '0' COMMENT 'FK to the #__assets table.',
  `title` varchar(100) CHARACTER SET utf8mb4 COLLATE utf8mb4_unicode_ci NOT NULL DEFAULT '',
  `note` varchar(255) CHARACTER SET utf8mb4 COLLATE utf8mb4_unicode_ci NOT NULL DEFAULT '',
  `content` text CHARACTER SET utf8mb4 COLLATE utf8mb4_unicode_ci NOT NULL,
  `ordering` int NOT NULL DEFAULT '0',
  `position` varchar(50) CHARACTER SET utf8mb4 COLLATE utf8mb4_unicode_ci NOT NULL DEFAULT '',
  `checked_out` int unsigned NOT NULL DEFAULT '0',
  `checked_out_time` datetime NOT NULL DEFAULT '0000-00-00 00:00:00',
  `publish_up` datetime NOT NULL DEFAULT '0000-00-00 00:00:00',
  `publish_down` datetime NOT NULL DEFAULT '0000-00-00 00:00:00',
  `published` tinyint(1) NOT NULL DEFAULT '0',
  `module` varchar(50) CHARACTER SET utf8mb4 COLLATE utf8mb4_unicode_ci DEFAULT NULL,
  `access` int unsigned NOT NULL DEFAULT '0',
  `showtitle` tinyint unsigned NOT NULL DEFAULT '1',
  `params` text CHARACTER SET utf8mb4 COLLATE utf8mb4_unicode_ci NOT NULL,
  `client_id` tinyint NOT NULL DEFAULT '0',
  `language` char(7) CHARACTER SET utf8mb4 COLLATE utf8mb4_unicode_ci NOT NULL,
  PRIMARY KEY (`id`),
  KEY `published` (`published`,`access`),
  KEY `newsfeeds` (`module`,`published`),
  KEY `idx_language` (`language`)
) ENGINE=InnoDB AUTO_INCREMENT=100 DEFAULT CHARSET=utf8mb4 COLLATE=utf8mb4_unicode_ci;

/*Data for the table `gw48a_modules` */

insert  into `gw48a_modules`(`id`,`asset_id`,`title`,`note`,`content`,`ordering`,`position`,`checked_out`,`checked_out_time`,`publish_up`,`publish_down`,`published`,`module`,`access`,`showtitle`,`params`,`client_id`,`language`) values 
(1,39,'Main Menu','','',1,'position-7',0,'0000-00-00 00:00:00','0000-00-00 00:00:00','0000-00-00 00:00:00',0,'mod_menu',1,1,'{\"menutype\":\"mainmenu\",\"startLevel\":\"0\",\"endLevel\":\"0\",\"showAllChildren\":\"0\",\"tag_id\":\"\",\"class_sfx\":\"\",\"window_open\":\"\",\"layout\":\"\",\"moduleclass_sfx\":\"_menu\",\"cache\":\"1\",\"cache_time\":\"900\",\"cachemode\":\"itemid\"}',0,'*'),
(2,40,'Login','','',1,'login',0,'0000-00-00 00:00:00','0000-00-00 00:00:00','0000-00-00 00:00:00',1,'mod_login',1,1,'',1,'*'),
(3,41,'Popular Articles','','',3,'cpanel',0,'0000-00-00 00:00:00','0000-00-00 00:00:00','0000-00-00 00:00:00',1,'mod_popular',3,1,'{\"count\":\"5\",\"catid\":\"\",\"user_id\":\"0\",\"layout\":\"_:default\",\"moduleclass_sfx\":\"\",\"cache\":\"0\"}',1,'*'),
(4,42,'Recently Added Articles','','',4,'cpanel',0,'0000-00-00 00:00:00','0000-00-00 00:00:00','0000-00-00 00:00:00',1,'mod_latest',3,1,'{\"count\":\"5\",\"ordering\":\"c_dsc\",\"catid\":\"\",\"user_id\":\"0\",\"layout\":\"_:default\",\"moduleclass_sfx\":\"\",\"cache\":\"0\"}',1,'*'),
(8,43,'Toolbar','','',1,'toolbar',0,'0000-00-00 00:00:00','0000-00-00 00:00:00','0000-00-00 00:00:00',1,'mod_toolbar',3,1,'',1,'*'),
(9,44,'Quick Icons','','',1,'icon',0,'0000-00-00 00:00:00','0000-00-00 00:00:00','0000-00-00 00:00:00',1,'mod_quickicon',3,1,'',1,'*'),
(10,45,'Logged-in Users','','',2,'cpanel',0,'0000-00-00 00:00:00','0000-00-00 00:00:00','0000-00-00 00:00:00',1,'mod_logged',3,1,'{\"count\":\"5\",\"name\":\"1\",\"layout\":\"_:default\",\"moduleclass_sfx\":\"\",\"cache\":\"0\"}',1,'*'),
(12,46,'Admin Menu','','',1,'menu',0,'0000-00-00 00:00:00','0000-00-00 00:00:00','0000-00-00 00:00:00',1,'mod_menu',3,1,'{\"layout\":\"\",\"moduleclass_sfx\":\"\",\"shownew\":\"1\",\"showhelp\":\"1\",\"cache\":\"0\"}',1,'*'),
(13,47,'Admin Submenu','','',1,'submenu',0,'0000-00-00 00:00:00','0000-00-00 00:00:00','0000-00-00 00:00:00',1,'mod_submenu',3,1,'',1,'*'),
(14,48,'User Status','','',2,'status',0,'0000-00-00 00:00:00','0000-00-00 00:00:00','0000-00-00 00:00:00',1,'mod_status',3,1,'',1,'*'),
(15,49,'Title','','',1,'title',0,'0000-00-00 00:00:00','0000-00-00 00:00:00','0000-00-00 00:00:00',1,'mod_title',3,1,'',1,'*'),
(16,50,'Login Form','','',7,'position-7',0,'0000-00-00 00:00:00','0000-00-00 00:00:00','0000-00-00 00:00:00',0,'mod_login',1,1,'{\"greeting\":\"1\",\"name\":\"0\"}',0,'*'),
(17,51,'Breadcrumbs','','',1,'position-2',0,'0000-00-00 00:00:00','0000-00-00 00:00:00','0000-00-00 00:00:00',1,'mod_breadcrumbs',1,1,'{\"moduleclass_sfx\":\"\",\"showHome\":\"1\",\"homeText\":\"\",\"showComponent\":\"1\",\"separator\":\"\",\"cache\":\"0\",\"cache_time\":\"0\",\"cachemode\":\"itemid\"}',0,'*'),
(79,52,'Multilanguage status','','',1,'status',0,'0000-00-00 00:00:00','0000-00-00 00:00:00','0000-00-00 00:00:00',0,'mod_multilangstatus',3,1,'{\"layout\":\"_:default\",\"moduleclass_sfx\":\"\",\"cache\":\"0\"}',1,'*'),
(86,53,'Joomla Version','','',1,'footer',0,'0000-00-00 00:00:00','0000-00-00 00:00:00','0000-00-00 00:00:00',1,'mod_version',3,1,'{\"format\":\"short\",\"product\":\"1\",\"layout\":\"_:default\",\"moduleclass_sfx\":\"\",\"cache\":\"0\"}',1,'*'),
(87,55,'Reavisa','','',1,'position-7',0,'0000-00-00 00:00:00','0000-00-00 00:00:00','0000-00-00 00:00:00',1,'mod_wrapper',1,0,'{\"url\":\"http:\\/\\/www.reavisa.no\\/tag\\/undrumsdal\\/\",\"add\":\"1\",\"scrolling\":\"no\",\"width\":\"400\",\"height\":\"800\",\"height_auto\":\"0\",\"frameborder\":\"0\",\"target\":\"\",\"layout\":\"_:default\",\"moduleclass_sfx\":\"\",\"cache\":\"1\",\"cache_time\":\"900\",\"cachemode\":\"static\",\"module_tag\":\"div\",\"bootstrap_size\":\"0\",\"header_tag\":\"h3\",\"header_class\":\"\",\"style\":\"0\"}',0,'*'),
(94,67,'JEvents - Calendar Module','','',1,'position-2',0,'0000-00-00 00:00:00','2017-06-21 17:22:25','0000-00-00 00:00:00',1,'mod_jevents_cal',1,1,'{\"target_itemid\":\"\",\"include_subcats\":\"1\",\"modcal_useLocalParam\":\"0\",\"showtooltips\":\"0\",\"noeventcheck\":\"0\",\"ignorecatfilter\":\"0\",\"ignorefiltermodule\":\"1\",\"minical_showlink\":\"1\",\"minical_prevyear\":\"1\",\"minical_prevmonth\":\"1\",\"minical_actmonth\":\"1\",\"minical_actyear\":\"1\",\"minical_nextmonth\":\"1\",\"minical_nextyear\":\"1\",\"minical_usedate\":\"1\",\"modcal_DispLastMonth\":\"NO\",\"modcal_DispLastMonthDays\":\"0\",\"modcal_DispNextMonth\":\"NO\",\"modcal_DispNextMonthDays\":\"0\",\"emptydaylinks\":\"1\",\"com_calViewName\":\"global\",\"moduleclass_sfx\":\"\",\"inc_ec_css\":\"1\",\"mod_cal_width\":\"\",\"mod_cal_height\":\"\",\"mod_cal_rowheight\":\"\",\"cache\":\"1\",\"modcal_LinkCloaking\":\"0\",\"module_tag\":\"div\",\"bootstrap_size\":\"0\",\"header_tag\":\"h3\",\"header_class\":\"\",\"style\":\"0\"}',0,'*'),
(95,68,'JEvents - Legend Module','','',0,'',0,'0000-00-00 00:00:00','0000-00-00 00:00:00','0000-00-00 00:00:00',0,'mod_jevents_legend',1,1,'',0,'*'),
(96,69,'JEvents - Latest Events Module','','',1,'top',0,'0000-00-00 00:00:00','0000-00-00 00:00:00','0000-00-00 00:00:00',1,'mod_jevents_latest',1,1,'{\"com_calViewName\":\"global\",\"cache\":\"0\",\"contentplugins\":\"0\",\"moduleclass_sfx\":\"\",\"include_subcats\":\"1\",\"ignorecatfilter\":\"0\",\"ignorefiltermodule\":\"0\",\"target_itemid\":\"\",\"modlatest_inccss\":\"1\",\"layout\":\"\",\"modlatest_useLocalParam\":\"1\",\"showNavigation\":\"0\",\"modlatest_CustFmtStr\":\"<span class=\\\"icon-calendar\\\"><\\/span>${startDate(%d %b %Y)};\\r\\n<span class=\\\"icon-time\\\"><\\/span>${startDate(%I:%M%p)}[!a: - ${endDate(%I:%M%p)}]\\r\\n<span class=\\\"icon-hand-right\\\"><\\/span>${title}\",\"modlatest_customcss\":\"\",\"modlatest_MaxEvents\":\"10\",\"modlatest_Mode\":\"3\",\"modlatest_Days\":\"30\",\"startnow\":\"0\",\"pastonly\":\"0\",\"modlatest_NoRepeat\":\"0\",\"modlatest_multiday\":\"0\",\"modlatest_DispLinks\":\"1\",\"modlatest_DispYear\":\"0\",\"modlatest_NoEvents\":\"1\",\"modlatest_DisDateStyle\":\"0\",\"modlatest_DisTitleStyle\":\"0\",\"modlatest_LinkToCal\":\"0\",\"modlatest_LinkCloaking\":\"0\",\"modlatest_SortReverse\":\"0\",\"modlatest_RSS\":\"0\",\"modlatest_rss_title\":\"\",\"modlatest_rss_description\":\"\",\"modlatest_templatetop\":\"\",\"modlatest_templaterow\":\"\",\"modlatest_templatebottom\":\"\",\"bootstrapcss\":\"1\",\"module_tag\":\"div\",\"bootstrap_size\":\"0\",\"header_tag\":\"h3\",\"header_class\":\"\",\"style\":\"0\"}',0,'*'),
(97,70,'JEvents - Filter Module','','',0,'',0,'0000-00-00 00:00:00','0000-00-00 00:00:00','0000-00-00 00:00:00',0,'mod_jevents_filter',1,1,'',0,'*'),
(98,71,'JEvents - Custom Module','','',0,'',0,'0000-00-00 00:00:00','0000-00-00 00:00:00','0000-00-00 00:00:00',0,'mod_jevents_custom',1,1,'',0,'*'),
(99,72,'JEvents - Switch View Module','','',0,'',0,'0000-00-00 00:00:00','0000-00-00 00:00:00','0000-00-00 00:00:00',0,'mod_jevents_switchview',1,1,'',0,'*');

/*Table structure for table `gw48a_modules_menu` */


CREATE TABLE `gw48a_modules_menu` (
  `moduleid` int NOT NULL DEFAULT '0',
  `menuid` int NOT NULL DEFAULT '0',
  PRIMARY KEY (`moduleid`,`menuid`)
) ENGINE=InnoDB DEFAULT CHARSET=utf8mb4 COLLATE=utf8mb4_unicode_ci;

/*Data for the table `gw48a_modules_menu` */

insert  into `gw48a_modules_menu`(`moduleid`,`menuid`) values 
(1,0),
(2,0),
(3,0),
(4,0),
(6,0),
(7,0),
(8,0),
(9,0),
(10,0),
(12,0),
(13,0),
(14,0),
(15,0),
(16,0),
(17,0),
(79,0),
(86,0),
(87,0),
(94,0),
(96,0);

/*Table structure for table `gw48a_newsfeeds` */


CREATE TABLE `gw48a_newsfeeds` (
  `catid` int NOT NULL DEFAULT '0',
  `id` int unsigned NOT NULL AUTO_INCREMENT,
  `name` varchar(100) CHARACTER SET utf8mb4 COLLATE utf8mb4_unicode_ci NOT NULL DEFAULT '',
  `alias` varchar(400) CHARACTER SET utf8mb4 COLLATE utf8mb4_bin NOT NULL DEFAULT '',
  `link` varchar(2048) CHARACTER SET utf8mb4 COLLATE utf8mb4_unicode_ci NOT NULL DEFAULT '',
  `published` tinyint(1) NOT NULL DEFAULT '0',
  `numarticles` int unsigned NOT NULL DEFAULT '1',
  `cache_time` int unsigned NOT NULL DEFAULT '3600',
  `checked_out` int unsigned NOT NULL DEFAULT '0',
  `checked_out_time` datetime NOT NULL DEFAULT '0000-00-00 00:00:00',
  `ordering` int NOT NULL DEFAULT '0',
  `rtl` tinyint NOT NULL DEFAULT '0',
  `access` int unsigned NOT NULL DEFAULT '0',
  `language` char(7) CHARACTER SET utf8mb4 COLLATE utf8mb4_unicode_ci NOT NULL DEFAULT '',
  `params` text CHARACTER SET utf8mb4 COLLATE utf8mb4_unicode_ci NOT NULL,
  `created` datetime NOT NULL DEFAULT '0000-00-00 00:00:00',
  `created_by` int unsigned NOT NULL DEFAULT '0',
  `created_by_alias` varchar(255) CHARACTER SET utf8mb4 COLLATE utf8mb4_unicode_ci NOT NULL DEFAULT '',
  `modified` datetime NOT NULL DEFAULT '0000-00-00 00:00:00',
  `modified_by` int unsigned NOT NULL DEFAULT '0',
  `metakey` text CHARACTER SET utf8mb4 COLLATE utf8mb4_unicode_ci NOT NULL,
  `metadesc` text CHARACTER SET utf8mb4 COLLATE utf8mb4_unicode_ci NOT NULL,
  `metadata` text CHARACTER SET utf8mb4 COLLATE utf8mb4_unicode_ci NOT NULL,
  `xreference` varchar(50) CHARACTER SET utf8mb4 COLLATE utf8mb4_unicode_ci NOT NULL COMMENT 'A reference to enable linkages to external data sets.',
  `publish_up` datetime NOT NULL DEFAULT '0000-00-00 00:00:00',
  `publish_down` datetime NOT NULL DEFAULT '0000-00-00 00:00:00',
  `description` text CHARACTER SET utf8mb4 COLLATE utf8mb4_unicode_ci NOT NULL,
  `version` int unsigned NOT NULL DEFAULT '1',
  `hits` int unsigned NOT NULL DEFAULT '0',
  `images` text CHARACTER SET utf8mb4 COLLATE utf8mb4_unicode_ci NOT NULL,
  PRIMARY KEY (`id`),
  KEY `idx_access` (`access`),
  KEY `idx_checkout` (`checked_out`),
  KEY `idx_state` (`published`),
  KEY `idx_catid` (`catid`),
  KEY `idx_createdby` (`created_by`),
  KEY `idx_language` (`language`),
  KEY `idx_xreference` (`xreference`)
) ENGINE=InnoDB DEFAULT CHARSET=utf8mb4 COLLATE=utf8mb4_unicode_ci;

/*Data for the table `gw48a_newsfeeds` */

/*Table structure for table `gw48a_overrider` */


CREATE TABLE `gw48a_overrider` (
  `id` int NOT NULL AUTO_INCREMENT COMMENT 'Primary Key',
  `constant` varchar(255) CHARACTER SET utf8mb4 COLLATE utf8mb4_unicode_ci NOT NULL,
  `string` text CHARACTER SET utf8mb4 COLLATE utf8mb4_unicode_ci NOT NULL,
  `file` varchar(255) CHARACTER SET utf8mb4 COLLATE utf8mb4_unicode_ci NOT NULL,
  PRIMARY KEY (`id`)
) ENGINE=InnoDB DEFAULT CHARSET=utf8mb4 COLLATE=utf8mb4_unicode_ci;

/*Data for the table `gw48a_overrider` */

/*Table structure for table `gw48a_postinstall_messages` */


CREATE TABLE `gw48a_postinstall_messages` (
  `postinstall_message_id` bigint unsigned NOT NULL AUTO_INCREMENT,
  `extension_id` bigint NOT NULL DEFAULT '700' COMMENT 'FK to #__extensions',
  `title_key` varchar(255) CHARACTER SET utf8mb4 COLLATE utf8mb4_unicode_ci NOT NULL DEFAULT '' COMMENT 'Lang key for the title',
  `description_key` varchar(255) CHARACTER SET utf8mb4 COLLATE utf8mb4_unicode_ci NOT NULL DEFAULT '' COMMENT 'Lang key for description',
  `action_key` varchar(255) CHARACTER SET utf8mb4 COLLATE utf8mb4_unicode_ci NOT NULL DEFAULT '',
  `language_extension` varchar(255) CHARACTER SET utf8mb4 COLLATE utf8mb4_unicode_ci NOT NULL DEFAULT 'com_postinstall' COMMENT 'Extension holding lang keys',
  `language_client_id` tinyint NOT NULL DEFAULT '1',
  `type` varchar(10) CHARACTER SET utf8mb4 COLLATE utf8mb4_unicode_ci NOT NULL DEFAULT 'link' COMMENT 'Message type - message, link, action',
  `action_file` varchar(255) CHARACTER SET utf8mb4 COLLATE utf8mb4_unicode_ci DEFAULT '' COMMENT 'RAD URI to the PHP file containing action method',
  `action` varchar(255) CHARACTER SET utf8mb4 COLLATE utf8mb4_unicode_ci DEFAULT '' COMMENT 'Action method name or URL',
  `condition_file` varchar(255) CHARACTER SET utf8mb4 COLLATE utf8mb4_unicode_ci DEFAULT NULL COMMENT 'RAD URI to file holding display condition method',
  `condition_method` varchar(255) CHARACTER SET utf8mb4 COLLATE utf8mb4_unicode_ci DEFAULT NULL COMMENT 'Display condition method, must return boolean',
  `version_introduced` varchar(50) CHARACTER SET utf8mb4 COLLATE utf8mb4_unicode_ci NOT NULL DEFAULT '3.2.0' COMMENT 'Version when this message was introduced',
  `enabled` tinyint NOT NULL DEFAULT '1',
  PRIMARY KEY (`postinstall_message_id`)
) ENGINE=InnoDB AUTO_INCREMENT=5 DEFAULT CHARSET=utf8mb4 COLLATE=utf8mb4_unicode_ci;

/*Data for the table `gw48a_postinstall_messages` */

insert  into `gw48a_postinstall_messages`(`postinstall_message_id`,`extension_id`,`title_key`,`description_key`,`action_key`,`language_extension`,`language_client_id`,`type`,`action_file`,`action`,`condition_file`,`condition_method`,`version_introduced`,`enabled`) values 
(1,700,'PLG_TWOFACTORAUTH_TOTP_POSTINSTALL_TITLE','PLG_TWOFACTORAUTH_TOTP_POSTINSTALL_BODY','PLG_TWOFACTORAUTH_TOTP_POSTINSTALL_ACTION','plg_twofactorauth_totp',1,'action','site://plugins/twofactorauth/totp/postinstall/actions.php','twofactorauth_postinstall_action','site://plugins/twofactorauth/totp/postinstall/actions.php','twofactorauth_postinstall_condition','3.2.0',0),
(2,700,'COM_CPANEL_WELCOME_BEGINNERS_TITLE','COM_CPANEL_WELCOME_BEGINNERS_MESSAGE','','com_cpanel',1,'message','','','','','3.2.0',0),
(3,700,'COM_CPANEL_MSG_STATS_COLLECTION_TITLE','COM_CPANEL_MSG_STATS_COLLECTION_BODY','','com_cpanel',1,'message','','','admin://components/com_admin/postinstall/statscollection.php','admin_postinstall_statscollection_condition','3.5.0',0),
(4,700,'PLG_SYSTEM_UPDATENOTIFICATION_POSTINSTALL_UPDATECACHETIME','PLG_SYSTEM_UPDATENOTIFICATION_POSTINSTALL_UPDATECACHETIME_BODY','PLG_SYSTEM_UPDATENOTIFICATION_POSTINSTALL_UPDATECACHETIME_ACTION','plg_system_updatenotification',1,'action','site://plugins/system/updatenotification/postinstall/updatecachetime.php','updatecachetime_postinstall_action','site://plugins/system/updatenotification/postinstall/updatecachetime.php','updatecachetime_postinstall_condition','3.6.3',1);

/*Table structure for table `gw48a_redirect_links` */


CREATE TABLE `gw48a_redirect_links` (
  `id` int unsigned NOT NULL AUTO_INCREMENT,
  `old_url` varchar(2048) CHARACTER SET utf8mb4 COLLATE utf8mb4_unicode_ci NOT NULL,
  `new_url` varchar(2048) CHARACTER SET utf8mb4 COLLATE utf8mb4_unicode_ci DEFAULT NULL,
  `referer` varchar(2048) CHARACTER SET utf8mb4 COLLATE utf8mb4_unicode_ci NOT NULL,
  `comment` varchar(255) CHARACTER SET utf8mb4 COLLATE utf8mb4_unicode_ci NOT NULL,
  `hits` int unsigned NOT NULL DEFAULT '0',
  `published` tinyint NOT NULL,
  `created_date` datetime NOT NULL DEFAULT '0000-00-00 00:00:00',
  `modified_date` datetime NOT NULL DEFAULT '0000-00-00 00:00:00',
  `header` smallint NOT NULL DEFAULT '301',
  PRIMARY KEY (`id`),
  KEY `idx_old_url` (`old_url`(100)),
  KEY `idx_link_modifed` (`modified_date`)
) ENGINE=InnoDB DEFAULT CHARSET=utf8mb4 COLLATE=utf8mb4_unicode_ci;

/*Data for the table `gw48a_redirect_links` */

/*Table structure for table `gw48a_schemas` */


CREATE TABLE `gw48a_schemas` (
  `extension_id` int NOT NULL,
  `version_id` varchar(20) CHARACTER SET utf8mb4 COLLATE utf8mb4_unicode_ci NOT NULL,
  PRIMARY KEY (`extension_id`,`version_id`)
) ENGINE=InnoDB DEFAULT CHARSET=utf8mb4 COLLATE=utf8mb4_unicode_ci;

/*Data for the table `gw48a_schemas` */

insert  into `gw48a_schemas`(`extension_id`,`version_id`) values 
(700,'3.6.3-2016-08-16');

/*Table structure for table `gw48a_session` */


CREATE TABLE `gw48a_session` (
  `session_id` varchar(191) CHARACTER SET utf8mb4 COLLATE utf8mb4_unicode_ci NOT NULL DEFAULT '',
  `client_id` tinyint unsigned NOT NULL DEFAULT '0',
  `guest` tinyint unsigned DEFAULT '1',
  `time` varchar(14) CHARACTER SET utf8mb4 COLLATE utf8mb4_unicode_ci DEFAULT '',
  `data` mediumtext CHARACTER SET utf8mb4 COLLATE utf8mb4_unicode_ci,
  `userid` int DEFAULT '0',
  `username` varchar(150) CHARACTER SET utf8mb4 COLLATE utf8mb4_unicode_ci DEFAULT '',
  PRIMARY KEY (`session_id`),
  KEY `userid` (`userid`),
  KEY `time` (`time`)
) ENGINE=InnoDB DEFAULT CHARSET=utf8mb4 COLLATE=utf8mb4_unicode_ci;

/*Data for the table `gw48a_session` */

insert  into `gw48a_session`(`session_id`,`client_id`,`guest`,`time`,`data`,`userid`,`username`) values 
('07ncd7jejete29supr0uuhvin0',0,1,'1498066043','joomla|s:644:\"TzoyNDoiSm9vbWxhXFJlZ2lzdHJ5XFJlZ2lzdHJ5IjozOntzOjc6IgAqAGRhdGEiO086ODoic3RkQ2xhc3MiOjE6e3M6OToiX19kZWZhdWx0IjtPOjg6InN0ZENsYXNzIjozOntzOjc6InNlc3Npb24iO086ODoic3RkQ2xhc3MiOjI6e3M6NzoiY291bnRlciI7aToxO3M6NToidGltZXIiO086ODoic3RkQ2xhc3MiOjM6e3M6NToic3RhcnQiO2k6MTQ5ODA2NjA0MztzOjQ6Imxhc3QiO2k6MTQ5ODA2NjA0MztzOjM6Im5vdyI7aToxNDk4MDY2MDQzO319czo4OiJyZWdpc3RyeSI7TzoyNDoiSm9vbWxhXFJlZ2lzdHJ5XFJlZ2lzdHJ5IjozOntzOjc6IgAqAGRhdGEiO086ODoic3RkQ2xhc3MiOjA6e31zOjE0OiIAKgBpbml0aWFsaXplZCI7YjoxO3M6OToic2VwYXJhdG9yIjtzOjE6Ii4iO31zOjQ6InVzZXIiO086NToiSlVzZXIiOjE6e3M6MjoiaWQiO2k6MDt9fX1zOjE0OiIAKgBpbml0aWFsaXplZCI7YjowO3M6OToic2VwYXJhdG9yIjtzOjE6Ii4iO30=\";',0,''),
('46jfp85ub2bf7pa18tc887v5g6',1,0,'1498066921','joomla|s:2484:\"TzoyNDoiSm9vbWxhXFJlZ2lzdHJ5XFJlZ2lzdHJ5IjozOntzOjc6IgAqAGRhdGEiO086ODoic3RkQ2xhc3MiOjE6e3M6OToiX19kZWZhdWx0IjtPOjg6InN0ZENsYXNzIjo0OntzOjc6InNlc3Npb24iO086ODoic3RkQ2xhc3MiOjQ6e3M6NzoiY291bnRlciI7aToxNjU7czo1OiJ0aW1lciI7Tzo4OiJzdGRDbGFzcyI6Mzp7czo1OiJzdGFydCI7aToxNDk4MDYyMjk1O3M6NDoibGFzdCI7aToxNDk4MDY2Nzc0O3M6Mzoibm93IjtpOjE0OTgwNjY5MjA7fXM6NjoiY2xpZW50IjtPOjg6InN0ZENsYXNzIjoxOntzOjk6ImZvcndhcmRlZCI7czoxNDoiMTcyLjE2LjIzMS4yMjciO31zOjU6InRva2VuIjtzOjMyOiJCR1A0eUdLbW5QbnBNZk9TVkNuYklEdE9ueWpTRFlreCI7fXM6ODoicmVnaXN0cnkiO086MjQ6Ikpvb21sYVxSZWdpc3RyeVxSZWdpc3RyeSI6Mzp7czo3OiIAKgBkYXRhIjtPOjg6InN0ZENsYXNzIjozOntzOjEzOiJjb21faW5zdGFsbGVyIjtPOjg6InN0ZENsYXNzIjo1OntzOjc6Im1lc3NhZ2UiO3M6MDoiIjtzOjE3OiJleHRlbnNpb25fbWVzc2FnZSI7czowOiIiO3M6NjoidXBkYXRlIjtPOjg6InN0ZENsYXNzIjozOntzOjY6ImZpbHRlciI7YTo0OntzOjY6InNlYXJjaCI7czowOiIiO3M6OToiY2xpZW50X2lkIjtzOjA6IiI7czo0OiJ0eXBlIjtzOjA6IiI7czo2OiJmb2xkZXIiO3M6MDoiIjt9czo0OiJsaXN0IjthOjI6e3M6MTI6ImZ1bGxvcmRlcmluZyI7czoxMDoidS5uYW1lIEFTQyI7czo1OiJsaW1pdCI7czoyOiIyNSI7fXM6MTA6ImxpbWl0c3RhcnQiO2k6MDt9czoxMjoicmVkaXJlY3RfdXJsIjtOO3M6NjoibWFuYWdlIjtPOjg6InN0ZENsYXNzIjozOntzOjY6ImZpbHRlciI7YTo1OntzOjY6InNlYXJjaCI7czozOiJqZXYiO3M6Njoic3RhdHVzIjtzOjA6IiI7czo5OiJjbGllbnRfaWQiO3M6MDoiIjtzOjQ6InR5cGUiO3M6MDoiIjtzOjY6ImZvbGRlciI7czowOiIiO31zOjQ6Imxpc3QiO2E6Mjp7czoxMjoiZnVsbG9yZGVyaW5nIjtzOjg6Im5hbWUgQVNDIjtzOjU6ImxpbWl0IjtzOjI6IjIwIjt9czoxMDoibGltaXRzdGFydCI7aTowO319czoxMToiY29tX21vZHVsZXMiO086ODoic3RkQ2xhc3MiOjI6e3M6NDoiZWRpdCI7Tzo4OiJzdGRDbGFzcyI6MTp7czo2OiJtb2R1bGUiO086ODoic3RkQ2xhc3MiOjI6e3M6MjoiaWQiO2E6MDp7fXM6NDoiZGF0YSI7Tjt9fXM6MzoiYWRkIjtPOjg6InN0ZENsYXNzIjoxOntzOjY6Im1vZHVsZSI7Tzo4OiJzdGRDbGFzcyI6Mjp7czoxMjoiZXh0ZW5zaW9uX2lkIjtOO3M6NjoicGFyYW1zIjtOO319fXM6MTQ6ImNvbV9jYXRlZ29yaWVzIjtPOjg6InN0ZENsYXNzIjoyOntzOjEwOiJjYXRlZ29yaWVzIjtPOjg6InN0ZENsYXNzIjoxOntzOjc6ImpldmVudHMiO086ODoic3RkQ2xhc3MiOjI6e3M6NjoiZmlsdGVyIjtPOjg6InN0ZENsYXNzIjoxOntzOjk6ImV4dGVuc2lvbiI7czoxMToiY29tX2pldmVudHMiO31zOjQ6Imxpc3QiO2E6NDp7czo5OiJkaXJlY3Rpb24iO3M6MzoiYXNjIjtzOjU6ImxpbWl0IjtzOjI6IjIwIjtzOjg6Im9yZGVyaW5nIjtzOjU6ImEubGZ0IjtzOjU6InN0YXJ0IjtkOjA7fX19czo0OiJlZGl0IjtPOjg6InN0ZENsYXNzIjoxOntzOjg6ImNhdGVnb3J5IjtPOjg6InN0ZENsYXNzIjoyOntzOjI6ImlkIjthOjA6e31zOjQ6ImRhdGEiO047fX19fXM6MTQ6IgAqAGluaXRpYWxpemVkIjtiOjE7czo5OiJzZXBhcmF0b3IiO3M6MToiLiI7fXM6NDoidXNlciI7Tzo1OiJKVXNlciI6MTp7czoyOiJpZCI7czozOiI4MDciO31zOjExOiJhcHBsaWNhdGlvbiI7Tzo4OiJzdGRDbGFzcyI6MTp7czo1OiJxdWV1ZSI7Tjt9fX1zOjE0OiIAKgBpbml0aWFsaXplZCI7YjowO3M6OToic2VwYXJhdG9yIjtzOjE6Ii4iO30=\";',807,'root'),
('a5aeuqsf93a3nuk6ripqec6807',0,1,'1498066193','joomla|s:644:\"TzoyNDoiSm9vbWxhXFJlZ2lzdHJ5XFJlZ2lzdHJ5IjozOntzOjc6IgAqAGRhdGEiO086ODoic3RkQ2xhc3MiOjE6e3M6OToiX19kZWZhdWx0IjtPOjg6InN0ZENsYXNzIjozOntzOjc6InNlc3Npb24iO086ODoic3RkQ2xhc3MiOjI6e3M6NzoiY291bnRlciI7aToxO3M6NToidGltZXIiO086ODoic3RkQ2xhc3MiOjM6e3M6NToic3RhcnQiO2k6MTQ5ODA2NjE5MjtzOjQ6Imxhc3QiO2k6MTQ5ODA2NjE5MjtzOjM6Im5vdyI7aToxNDk4MDY2MTkyO319czo4OiJyZWdpc3RyeSI7TzoyNDoiSm9vbWxhXFJlZ2lzdHJ5XFJlZ2lzdHJ5IjozOntzOjc6IgAqAGRhdGEiO086ODoic3RkQ2xhc3MiOjA6e31zOjE0OiIAKgBpbml0aWFsaXplZCI7YjoxO3M6OToic2VwYXJhdG9yIjtzOjE6Ii4iO31zOjQ6InVzZXIiO086NToiSlVzZXIiOjE6e3M6MjoiaWQiO2k6MDt9fX1zOjE0OiIAKgBpbml0aWFsaXplZCI7YjowO3M6OToic2VwYXJhdG9yIjtzOjE6Ii4iO30=\";',0,''),
('cse70ooi0rm549i96b3t9tptt7',0,1,'1498066193','joomla|s:644:\"TzoyNDoiSm9vbWxhXFJlZ2lzdHJ5XFJlZ2lzdHJ5IjozOntzOjc6IgAqAGRhdGEiO086ODoic3RkQ2xhc3MiOjE6e3M6OToiX19kZWZhdWx0IjtPOjg6InN0ZENsYXNzIjozOntzOjc6InNlc3Npb24iO086ODoic3RkQ2xhc3MiOjI6e3M6NzoiY291bnRlciI7aToxO3M6NToidGltZXIiO086ODoic3RkQ2xhc3MiOjM6e3M6NToic3RhcnQiO2k6MTQ5ODA2NjE5MztzOjQ6Imxhc3QiO2k6MTQ5ODA2NjE5MztzOjM6Im5vdyI7aToxNDk4MDY2MTkzO319czo4OiJyZWdpc3RyeSI7TzoyNDoiSm9vbWxhXFJlZ2lzdHJ5XFJlZ2lzdHJ5IjozOntzOjc6IgAqAGRhdGEiO086ODoic3RkQ2xhc3MiOjA6e31zOjE0OiIAKgBpbml0aWFsaXplZCI7YjoxO3M6OToic2VwYXJhdG9yIjtzOjE6Ii4iO31zOjQ6InVzZXIiO086NToiSlVzZXIiOjE6e3M6MjoiaWQiO2k6MDt9fX1zOjE0OiIAKgBpbml0aWFsaXplZCI7YjowO3M6OToic2VwYXJhdG9yIjtzOjE6Ii4iO30=\";',0,''),
('g8opf31qgupi913shn8tnsnvh0',0,1,'1498066821','joomla|s:644:\"TzoyNDoiSm9vbWxhXFJlZ2lzdHJ5XFJlZ2lzdHJ5IjozOntzOjc6IgAqAGRhdGEiO086ODoic3RkQ2xhc3MiOjE6e3M6OToiX19kZWZhdWx0IjtPOjg6InN0ZENsYXNzIjozOntzOjc6InNlc3Npb24iO086ODoic3RkQ2xhc3MiOjI6e3M6NzoiY291bnRlciI7aToxO3M6NToidGltZXIiO086ODoic3RkQ2xhc3MiOjM6e3M6NToic3RhcnQiO2k6MTQ5ODA2NjgyMTtzOjQ6Imxhc3QiO2k6MTQ5ODA2NjgyMTtzOjM6Im5vdyI7aToxNDk4MDY2ODIxO319czo4OiJyZWdpc3RyeSI7TzoyNDoiSm9vbWxhXFJlZ2lzdHJ5XFJlZ2lzdHJ5IjozOntzOjc6IgAqAGRhdGEiO086ODoic3RkQ2xhc3MiOjA6e31zOjE0OiIAKgBpbml0aWFsaXplZCI7YjoxO3M6OToic2VwYXJhdG9yIjtzOjE6Ii4iO31zOjQ6InVzZXIiO086NToiSlVzZXIiOjE6e3M6MjoiaWQiO2k6MDt9fX1zOjE0OiIAKgBpbml0aWFsaXplZCI7YjowO3M6OToic2VwYXJhdG9yIjtzOjE6Ii4iO30=\";',0,''),
('gt4k398t3mv39c217e7qk9fgm5',0,1,'1498066285','joomla|s:644:\"TzoyNDoiSm9vbWxhXFJlZ2lzdHJ5XFJlZ2lzdHJ5IjozOntzOjc6IgAqAGRhdGEiO086ODoic3RkQ2xhc3MiOjE6e3M6OToiX19kZWZhdWx0IjtPOjg6InN0ZENsYXNzIjozOntzOjc6InNlc3Npb24iO086ODoic3RkQ2xhc3MiOjI6e3M6NzoiY291bnRlciI7aToxO3M6NToidGltZXIiO086ODoic3RkQ2xhc3MiOjM6e3M6NToic3RhcnQiO2k6MTQ5ODA2NjI4NTtzOjQ6Imxhc3QiO2k6MTQ5ODA2NjI4NTtzOjM6Im5vdyI7aToxNDk4MDY2Mjg1O319czo4OiJyZWdpc3RyeSI7TzoyNDoiSm9vbWxhXFJlZ2lzdHJ5XFJlZ2lzdHJ5IjozOntzOjc6IgAqAGRhdGEiO086ODoic3RkQ2xhc3MiOjA6e31zOjE0OiIAKgBpbml0aWFsaXplZCI7YjoxO3M6OToic2VwYXJhdG9yIjtzOjE6Ii4iO31zOjQ6InVzZXIiO086NToiSlVzZXIiOjE6e3M6MjoiaWQiO2k6MDt9fX1zOjE0OiIAKgBpbml0aWFsaXplZCI7YjowO3M6OToic2VwYXJhdG9yIjtzOjE6Ii4iO30=\";',0,''),
('kvia47j5g607mk5ltid894gj24',0,1,'1498066873','joomla|s:644:\"TzoyNDoiSm9vbWxhXFJlZ2lzdHJ5XFJlZ2lzdHJ5IjozOntzOjc6IgAqAGRhdGEiO086ODoic3RkQ2xhc3MiOjE6e3M6OToiX19kZWZhdWx0IjtPOjg6InN0ZENsYXNzIjozOntzOjc6InNlc3Npb24iO086ODoic3RkQ2xhc3MiOjI6e3M6NzoiY291bnRlciI7aToxO3M6NToidGltZXIiO086ODoic3RkQ2xhc3MiOjM6e3M6NToic3RhcnQiO2k6MTQ5ODA2Njg3MjtzOjQ6Imxhc3QiO2k6MTQ5ODA2Njg3MjtzOjM6Im5vdyI7aToxNDk4MDY2ODcyO319czo4OiJyZWdpc3RyeSI7TzoyNDoiSm9vbWxhXFJlZ2lzdHJ5XFJlZ2lzdHJ5IjozOntzOjc6IgAqAGRhdGEiO086ODoic3RkQ2xhc3MiOjA6e31zOjE0OiIAKgBpbml0aWFsaXplZCI7YjoxO3M6OToic2VwYXJhdG9yIjtzOjE6Ii4iO31zOjQ6InVzZXIiO086NToiSlVzZXIiOjE6e3M6MjoiaWQiO2k6MDt9fX1zOjE0OiIAKgBpbml0aWFsaXplZCI7YjowO3M6OToic2VwYXJhdG9yIjtzOjE6Ii4iO30=\";',0,''),
('l65tiajitijlr8mqfjq8n0d545',0,1,'1498066821','joomla|s:644:\"TzoyNDoiSm9vbWxhXFJlZ2lzdHJ5XFJlZ2lzdHJ5IjozOntzOjc6IgAqAGRhdGEiO086ODoic3RkQ2xhc3MiOjE6e3M6OToiX19kZWZhdWx0IjtPOjg6InN0ZENsYXNzIjozOntzOjc6InNlc3Npb24iO086ODoic3RkQ2xhc3MiOjI6e3M6NzoiY291bnRlciI7aToxO3M6NToidGltZXIiO086ODoic3RkQ2xhc3MiOjM6e3M6NToic3RhcnQiO2k6MTQ5ODA2NjgyMTtzOjQ6Imxhc3QiO2k6MTQ5ODA2NjgyMTtzOjM6Im5vdyI7aToxNDk4MDY2ODIxO319czo4OiJyZWdpc3RyeSI7TzoyNDoiSm9vbWxhXFJlZ2lzdHJ5XFJlZ2lzdHJ5IjozOntzOjc6IgAqAGRhdGEiO086ODoic3RkQ2xhc3MiOjA6e31zOjE0OiIAKgBpbml0aWFsaXplZCI7YjoxO3M6OToic2VwYXJhdG9yIjtzOjE6Ii4iO31zOjQ6InVzZXIiO086NToiSlVzZXIiOjE6e3M6MjoiaWQiO2k6MDt9fX1zOjE0OiIAKgBpbml0aWFsaXplZCI7YjowO3M6OToic2VwYXJhdG9yIjtzOjE6Ii4iO30=\";',0,''),
('nocft90qo6o16vqddhhi076k92',0,1,'1498066855','joomla|s:1200:\"TzoyNDoiSm9vbWxhXFJlZ2lzdHJ5XFJlZ2lzdHJ5IjozOntzOjc6IgAqAGRhdGEiO086ODoic3RkQ2xhc3MiOjE6e3M6OToiX19kZWZhdWx0IjtPOjg6InN0ZENsYXNzIjozOntzOjc6InNlc3Npb24iO086ODoic3RkQ2xhc3MiOjQ6e3M6NzoiY291bnRlciI7aTo2MDtzOjU6InRpbWVyIjtPOjg6InN0ZENsYXNzIjozOntzOjU6InN0YXJ0IjtpOjE0OTgwNjM0NzQ7czo0OiJsYXN0IjtpOjE0OTgwNjY4MTg7czozOiJub3ciO2k6MTQ5ODA2Njg1NDt9czo2OiJjbGllbnQiO086ODoic3RkQ2xhc3MiOjE6e3M6OToiZm9yd2FyZGVkIjtzOjE0OiIxNzIuMTYuMjMxLjIyNyI7fXM6NToidG9rZW4iO3M6MzI6IjFITEVqeEhSVGxkZXF0Tk81Y0ZXVGVGNTNsMTF1Y0pkIjt9czo4OiJyZWdpc3RyeSI7TzoyNDoiSm9vbWxhXFJlZ2lzdHJ5XFJlZ2lzdHJ5IjozOntzOjc6IgAqAGRhdGEiO086ODoic3RkQ2xhc3MiOjM6e3M6NzoiamV2ZW50cyI7Tzo4OiJzdGRDbGFzcyI6MTp7czoxMDoibW9kdWxlaWQ5NiI7Tzo4OiJzdGRDbGFzcyI6NDp7czoxMzoic2hvd25FdmVudElkcyI7YToxOntpOjA7YToxOntpOjA7czoxOiI0Ijt9fXM6NDoicGFnZSI7aTowO3M6MTQ6ImZpcnN0RXZlbnREYXRlIjtzOjE5OiIyMDE3LTA2LTIxIDA4OjAwOjAwIjtzOjEzOiJsYXN0RXZlbnREYXRlIjtzOjE5OiIyMDE3LTA2LTIxIDA4OjAwOjAwIjt9fXM6MTY6InB1Ymxpc2hlZF9mdl9zZXMiO3M6MToiMCI7czoxNToianVzdG1pbmVfZnZfc2VzIjtzOjE6IjAiO31zOjE0OiIAKgBpbml0aWFsaXplZCI7YjoxO3M6OToic2VwYXJhdG9yIjtzOjE6Ii4iO31zOjQ6InVzZXIiO086NToiSlVzZXIiOjE6e3M6MjoiaWQiO2k6MDt9fX1zOjE0OiIAKgBpbml0aWFsaXplZCI7YjowO3M6OToic2VwYXJhdG9yIjtzOjE6Ii4iO30=\";',0,''),
('ps539j414rvfubdedgjpn533u3',0,1,'1498066873','joomla|s:644:\"TzoyNDoiSm9vbWxhXFJlZ2lzdHJ5XFJlZ2lzdHJ5IjozOntzOjc6IgAqAGRhdGEiO086ODoic3RkQ2xhc3MiOjE6e3M6OToiX19kZWZhdWx0IjtPOjg6InN0ZENsYXNzIjozOntzOjc6InNlc3Npb24iO086ODoic3RkQ2xhc3MiOjI6e3M6NzoiY291bnRlciI7aToxO3M6NToidGltZXIiO086ODoic3RkQ2xhc3MiOjM6e3M6NToic3RhcnQiO2k6MTQ5ODA2Njg3MztzOjQ6Imxhc3QiO2k6MTQ5ODA2Njg3MztzOjM6Im5vdyI7aToxNDk4MDY2ODczO319czo4OiJyZWdpc3RyeSI7TzoyNDoiSm9vbWxhXFJlZ2lzdHJ5XFJlZ2lzdHJ5IjozOntzOjc6IgAqAGRhdGEiO086ODoic3RkQ2xhc3MiOjA6e31zOjE0OiIAKgBpbml0aWFsaXplZCI7YjoxO3M6OToic2VwYXJhdG9yIjtzOjE6Ii4iO31zOjQ6InVzZXIiO086NToiSlVzZXIiOjE6e3M6MjoiaWQiO2k6MDt9fX1zOjE0OiIAKgBpbml0aWFsaXplZCI7YjowO3M6OToic2VwYXJhdG9yIjtzOjE6Ii4iO30=\";',0,''),
('qvl1eicgsq56bulnqkbddnsdf0',0,1,'1498066043','joomla|s:644:\"TzoyNDoiSm9vbWxhXFJlZ2lzdHJ5XFJlZ2lzdHJ5IjozOntzOjc6IgAqAGRhdGEiO086ODoic3RkQ2xhc3MiOjE6e3M6OToiX19kZWZhdWx0IjtPOjg6InN0ZENsYXNzIjozOntzOjc6InNlc3Npb24iO086ODoic3RkQ2xhc3MiOjI6e3M6NzoiY291bnRlciI7aToxO3M6NToidGltZXIiO086ODoic3RkQ2xhc3MiOjM6e3M6NToic3RhcnQiO2k6MTQ5ODA2NjA0MztzOjQ6Imxhc3QiO2k6MTQ5ODA2NjA0MztzOjM6Im5vdyI7aToxNDk4MDY2MDQzO319czo4OiJyZWdpc3RyeSI7TzoyNDoiSm9vbWxhXFJlZ2lzdHJ5XFJlZ2lzdHJ5IjozOntzOjc6IgAqAGRhdGEiO086ODoic3RkQ2xhc3MiOjA6e31zOjE0OiIAKgBpbml0aWFsaXplZCI7YjoxO3M6OToic2VwYXJhdG9yIjtzOjE6Ii4iO31zOjQ6InVzZXIiO086NToiSlVzZXIiOjE6e3M6MjoiaWQiO2k6MDt9fX1zOjE0OiIAKgBpbml0aWFsaXplZCI7YjowO3M6OToic2VwYXJhdG9yIjtzOjE6Ii4iO30=\";',0,''),
('sjs5s6c37ttlpk5lq1vaa9hme1',0,1,'1498066285','joomla|s:644:\"TzoyNDoiSm9vbWxhXFJlZ2lzdHJ5XFJlZ2lzdHJ5IjozOntzOjc6IgAqAGRhdGEiO086ODoic3RkQ2xhc3MiOjE6e3M6OToiX19kZWZhdWx0IjtPOjg6InN0ZENsYXNzIjozOntzOjc6InNlc3Npb24iO086ODoic3RkQ2xhc3MiOjI6e3M6NzoiY291bnRlciI7aToxO3M6NToidGltZXIiO086ODoic3RkQ2xhc3MiOjM6e3M6NToic3RhcnQiO2k6MTQ5ODA2NjI4NTtzOjQ6Imxhc3QiO2k6MTQ5ODA2NjI4NTtzOjM6Im5vdyI7aToxNDk4MDY2Mjg1O319czo4OiJyZWdpc3RyeSI7TzoyNDoiSm9vbWxhXFJlZ2lzdHJ5XFJlZ2lzdHJ5IjozOntzOjc6IgAqAGRhdGEiO086ODoic3RkQ2xhc3MiOjA6e31zOjE0OiIAKgBpbml0aWFsaXplZCI7YjoxO3M6OToic2VwYXJhdG9yIjtzOjE6Ii4iO31zOjQ6InVzZXIiO086NToiSlVzZXIiOjE6e3M6MjoiaWQiO2k6MDt9fX1zOjE0OiIAKgBpbml0aWFsaXplZCI7YjowO3M6OToic2VwYXJhdG9yIjtzOjE6Ii4iO30=\";',0,'');

/*Table structure for table `gw48a_tags` */


CREATE TABLE `gw48a_tags` (
  `id` int unsigned NOT NULL AUTO_INCREMENT,
  `parent_id` int unsigned NOT NULL DEFAULT '0',
  `lft` int NOT NULL DEFAULT '0',
  `rgt` int NOT NULL DEFAULT '0',
  `level` int unsigned NOT NULL DEFAULT '0',
  `path` varchar(400) CHARACTER SET utf8mb4 COLLATE utf8mb4_unicode_ci NOT NULL DEFAULT '',
  `title` varchar(255) CHARACTER SET utf8mb4 COLLATE utf8mb4_unicode_ci NOT NULL,
  `alias` varchar(400) CHARACTER SET utf8mb4 COLLATE utf8mb4_bin NOT NULL DEFAULT '',
  `note` varchar(255) CHARACTER SET utf8mb4 COLLATE utf8mb4_unicode_ci NOT NULL DEFAULT '',
  `description` mediumtext CHARACTER SET utf8mb4 COLLATE utf8mb4_unicode_ci NOT NULL,
  `published` tinyint(1) NOT NULL DEFAULT '0',
  `checked_out` int unsigned NOT NULL DEFAULT '0',
  `checked_out_time` datetime NOT NULL DEFAULT '0000-00-00 00:00:00',
  `access` int unsigned NOT NULL DEFAULT '0',
  `params` text CHARACTER SET utf8mb4 COLLATE utf8mb4_unicode_ci NOT NULL,
  `metadesc` varchar(1024) CHARACTER SET utf8mb4 COLLATE utf8mb4_unicode_ci NOT NULL COMMENT 'The meta description for the page.',
  `metakey` varchar(1024) CHARACTER SET utf8mb4 COLLATE utf8mb4_unicode_ci NOT NULL COMMENT 'The meta keywords for the page.',
  `metadata` varchar(2048) CHARACTER SET utf8mb4 COLLATE utf8mb4_unicode_ci NOT NULL COMMENT 'JSON encoded metadata properties.',
  `created_user_id` int unsigned NOT NULL DEFAULT '0',
  `created_time` datetime NOT NULL DEFAULT '0000-00-00 00:00:00',
  `created_by_alias` varchar(255) CHARACTER SET utf8mb4 COLLATE utf8mb4_unicode_ci NOT NULL DEFAULT '',
  `modified_user_id` int unsigned NOT NULL DEFAULT '0',
  `modified_time` datetime NOT NULL DEFAULT '0000-00-00 00:00:00',
  `images` text CHARACTER SET utf8mb4 COLLATE utf8mb4_unicode_ci NOT NULL,
  `urls` text CHARACTER SET utf8mb4 COLLATE utf8mb4_unicode_ci NOT NULL,
  `hits` int unsigned NOT NULL DEFAULT '0',
  `language` char(7) CHARACTER SET utf8mb4 COLLATE utf8mb4_unicode_ci NOT NULL,
  `version` int unsigned NOT NULL DEFAULT '1',
  `publish_up` datetime NOT NULL DEFAULT '0000-00-00 00:00:00',
  `publish_down` datetime NOT NULL DEFAULT '0000-00-00 00:00:00',
  PRIMARY KEY (`id`),
  KEY `tag_idx` (`published`,`access`),
  KEY `idx_access` (`access`),
  KEY `idx_checkout` (`checked_out`),
  KEY `idx_path` (`path`(100)),
  KEY `idx_left_right` (`lft`,`rgt`),
  KEY `idx_alias` (`alias`(100)),
  KEY `idx_language` (`language`)
) ENGINE=InnoDB AUTO_INCREMENT=2 DEFAULT CHARSET=utf8mb4 COLLATE=utf8mb4_unicode_ci;

/*Data for the table `gw48a_tags` */

insert  into `gw48a_tags`(`id`,`parent_id`,`lft`,`rgt`,`level`,`path`,`title`,`alias`,`note`,`description`,`published`,`checked_out`,`checked_out_time`,`access`,`params`,`metadesc`,`metakey`,`metadata`,`created_user_id`,`created_time`,`created_by_alias`,`modified_user_id`,`modified_time`,`images`,`urls`,`hits`,`language`,`version`,`publish_up`,`publish_down`) values 
(1,0,0,1,0,'','ROOT','root','','',1,0,'0000-00-00 00:00:00',1,'','','','',807,'2011-01-01 00:00:01','',0,'0000-00-00 00:00:00','','',0,'*',1,'0000-00-00 00:00:00','0000-00-00 00:00:00');

/*Table structure for table `gw48a_template_styles` */


CREATE TABLE `gw48a_template_styles` (
  `id` int unsigned NOT NULL AUTO_INCREMENT,
  `template` varchar(50) CHARACTER SET utf8mb4 COLLATE utf8mb4_unicode_ci NOT NULL DEFAULT '',
  `client_id` tinyint unsigned NOT NULL DEFAULT '0',
  `home` char(7) CHARACTER SET utf8mb4 COLLATE utf8mb4_unicode_ci NOT NULL DEFAULT '0',
  `title` varchar(255) CHARACTER SET utf8mb4 COLLATE utf8mb4_unicode_ci NOT NULL DEFAULT '',
  `params` text CHARACTER SET utf8mb4 COLLATE utf8mb4_unicode_ci NOT NULL,
  PRIMARY KEY (`id`),
  KEY `idx_template` (`template`),
  KEY `idx_home` (`home`)
) ENGINE=InnoDB AUTO_INCREMENT=10 DEFAULT CHARSET=utf8mb4 COLLATE=utf8mb4_unicode_ci;

/*Data for the table `gw48a_template_styles` */

insert  into `gw48a_template_styles`(`id`,`template`,`client_id`,`home`,`title`,`params`) values 
(4,'beez3',0,'0','Beez3 - Default','{\"wrapperSmall\":\"53\",\"wrapperLarge\":\"72\",\"logo\":\"images\\/joomla_black.png\",\"sitetitle\":\"Joomla!\",\"sitedescription\":\"Open Source Content Management\",\"navposition\":\"left\",\"templatecolor\":\"personal\",\"html5\":\"0\"}'),
(5,'hathor',1,'0','Hathor - Default','{\"showSiteName\":\"0\",\"colourChoice\":\"\",\"boldText\":\"0\"}'),
(7,'protostar',0,'0','protostar - Default','{\"templateColor\":\"\",\"logoFile\":\"\",\"googleFont\":\"1\",\"googleFontName\":\"Open+Sans\",\"fluidContainer\":\"0\"}'),
(8,'isis',1,'1','isis - Default','{\"templateColor\":\"\",\"logoFile\":\"\"}'),
(9,'joomspirit_123',0,'1','joomspirit_123 - Default','{\"color_theme\":\"theme-dark\",\"scroll_to_top\":\"yes\",\"sticky_menu\":\"yes\",\"uppercase\":\"uppercase-menu-title\",\"search_module\":\"yes\",\"search_word\":\"Search ...\",\"border_image\":\"js-border\",\"hover3d\":\"no\",\"button_small_menu\":\"yes\",\"width_website\":\"1080px\",\"width_left\":\"25\",\"width_right\":\"25\",\"user1_width\":\"32\",\"user2_width\":\"32\",\"user4_width\":\"32\",\"user5_width\":\"32\",\"website_title\":\"Template 123\",\"color_website_title\":\"#ffffff\",\"font_website_title\":\"Source+Sans+Pro\",\"custom_font_website_title\":\"\",\"website_title_fontsize\":\"40px\",\"vertical_position_logo\":\"30\",\"horizontal_position_logo\":\"10\",\"color_main_menu_item\":\"#8c8c8c\",\"color_main_menu_item_active\":\"#7aa371\",\"color_sub_menu_item_active\":\"#ffffff\",\"font_menu\":\"Source+Sans+Pro\",\"custom_font_menu\":\"\",\"main_menu_fontsize\":\"105%\",\"text_menu\":\"menu\",\"color_text_general\":\"#cccccc\",\"font_content\":\"Helvetica\",\"custom_font_content\":\"\",\"fontSize\":\"0.85em\",\"color_link\":\"#7aa371\",\"color_link_hover\":\"#eb9063\",\"colorh1\":\"#ffffff\",\"font_h1\":\"Source+Sans+Pro\",\"custom_font_h1\":\"\",\"h1_fontsize\":\"210%\",\"h1_shadow\":\"no\",\"colorh1_slide\":\"#ffffff\",\"h1_slide_fontsize\":\"240%\",\"h1_slide_shadow\":\"dark\",\"color_module_title\":\"#ffffff\",\"module_title_fontsize\":\"130%\",\"colorh2\":\"#028bc0\",\"font_h2\":\"Source+Sans+Pro\",\"custom_font_h2\":\"\",\"h2_fontsize\":\"150%\",\"h3_fontsize\":\"115%\",\"h4_fontsize\":\"110%\",\"h5_fontsize\":\"100%\",\"text_social_icons\":\"\",\"color_social\":\"#7aa371\",\"twitter\":\"\",\"facebook\":\"\",\"rss\":\"\",\"linkedin\":\"\",\"google\":\"\",\"instagram\":\"\",\"pinterest\":\"\",\"renren\":\"\",\"weibo\":\"\",\"xing\":\"\",\"flickr\":\"\",\"youtube\":\"\",\"vimeo\":\"\",\"tumblr\":\"\",\"custom_icon01\":\"\",\"custom_icon01_text\":\"\",\"custom_icon01_img\":\"\",\"custom_icon02\":\"\",\"custom_icon02_text\":\"\",\"custom_icon02_img\":\"\",\"custom_icon03\":\"\",\"custom_icon03_text\":\"\",\"custom_icon03_img\":\"\",\"custom_icon04\":\"\",\"custom_icon04_text\":\"\",\"custom_icon04_img\":\"\",\"responsive\":\"yes\",\"responsive_side\":\"resp-side-right\",\"responsive_users\":\"resp-users-768\",\"disable_animation\":\"no\",\"animation_logo\":\"home-page\",\"animation_left\":\"yes\",\"animation_right\":\"yes\",\"animation_top\":\"no\",\"animation_user1\":\"no\",\"animation_user2\":\"no\",\"animation_user3\":\"no\",\"animation_user4\":\"yes\",\"animation_user5\":\"yes\",\"animation_user6\":\"yes\",\"animation_bottom\":\"yes\",\"animation_footer\":\"yes\",\"google_code\":\"\"}');

/*Table structure for table `gw48a_ucm_base` */


CREATE TABLE `gw48a_ucm_base` (
  `ucm_id` int unsigned NOT NULL,
  `ucm_item_id` int NOT NULL,
  `ucm_type_id` int NOT NULL,
  `ucm_language_id` int NOT NULL,
  PRIMARY KEY (`ucm_id`),
  KEY `idx_ucm_item_id` (`ucm_item_id`),
  KEY `idx_ucm_type_id` (`ucm_type_id`),
  KEY `idx_ucm_language_id` (`ucm_language_id`)
) ENGINE=InnoDB DEFAULT CHARSET=utf8mb4 COLLATE=utf8mb4_unicode_ci;

/*Data for the table `gw48a_ucm_base` */

/*Table structure for table `gw48a_ucm_content` */


CREATE TABLE `gw48a_ucm_content` (
  `core_content_id` int unsigned NOT NULL AUTO_INCREMENT,
  `core_type_alias` varchar(400) CHARACTER SET utf8mb4 COLLATE utf8mb4_unicode_ci NOT NULL DEFAULT '' COMMENT 'FK to the content types table',
  `core_title` varchar(400) CHARACTER SET utf8mb4 COLLATE utf8mb4_unicode_ci NOT NULL,
  `core_alias` varchar(400) CHARACTER SET utf8mb4 COLLATE utf8mb4_bin NOT NULL DEFAULT '',
  `core_body` mediumtext CHARACTER SET utf8mb4 COLLATE utf8mb4_unicode_ci NOT NULL,
  `core_state` tinyint(1) NOT NULL DEFAULT '0',
  `core_checked_out_time` varchar(255) CHARACTER SET utf8mb4 COLLATE utf8mb4_unicode_ci NOT NULL DEFAULT '',
  `core_checked_out_user_id` int unsigned NOT NULL DEFAULT '0',
  `core_access` int unsigned NOT NULL DEFAULT '0',
  `core_params` text CHARACTER SET utf8mb4 COLLATE utf8mb4_unicode_ci NOT NULL,
  `core_featured` tinyint unsigned NOT NULL DEFAULT '0',
  `core_metadata` varchar(2048) CHARACTER SET utf8mb4 COLLATE utf8mb4_unicode_ci NOT NULL COMMENT 'JSON encoded metadata properties.',
  `core_created_user_id` int unsigned NOT NULL DEFAULT '0',
  `core_created_by_alias` varchar(255) CHARACTER SET utf8mb4 COLLATE utf8mb4_unicode_ci NOT NULL DEFAULT '',
  `core_created_time` datetime NOT NULL DEFAULT '0000-00-00 00:00:00',
  `core_modified_user_id` int unsigned NOT NULL DEFAULT '0' COMMENT 'Most recent user that modified',
  `core_modified_time` datetime NOT NULL DEFAULT '0000-00-00 00:00:00',
  `core_language` char(7) CHARACTER SET utf8mb4 COLLATE utf8mb4_unicode_ci NOT NULL,
  `core_publish_up` datetime NOT NULL,
  `core_publish_down` datetime NOT NULL,
  `core_content_item_id` int unsigned DEFAULT NULL COMMENT 'ID from the individual type table',
  `asset_id` int unsigned DEFAULT NULL COMMENT 'FK to the #__assets table.',
  `core_images` text CHARACTER SET utf8mb4 COLLATE utf8mb4_unicode_ci NOT NULL,
  `core_urls` text CHARACTER SET utf8mb4 COLLATE utf8mb4_unicode_ci NOT NULL,
  `core_hits` int unsigned NOT NULL DEFAULT '0',
  `core_version` int unsigned NOT NULL DEFAULT '1',
  `core_ordering` int NOT NULL DEFAULT '0',
  `core_metakey` text CHARACTER SET utf8mb4 COLLATE utf8mb4_unicode_ci NOT NULL,
  `core_metadesc` text CHARACTER SET utf8mb4 COLLATE utf8mb4_unicode_ci NOT NULL,
  `core_catid` int unsigned NOT NULL DEFAULT '0',
  `core_xreference` varchar(50) CHARACTER SET utf8mb4 COLLATE utf8mb4_unicode_ci NOT NULL COMMENT 'A reference to enable linkages to external data sets.',
  `core_type_id` int unsigned DEFAULT NULL,
  PRIMARY KEY (`core_content_id`),
  KEY `tag_idx` (`core_state`,`core_access`),
  KEY `idx_access` (`core_access`),
  KEY `idx_alias` (`core_alias`(100)),
  KEY `idx_language` (`core_language`),
  KEY `idx_title` (`core_title`(100)),
  KEY `idx_modified_time` (`core_modified_time`),
  KEY `idx_created_time` (`core_created_time`),
  KEY `idx_content_type` (`core_type_alias`(100)),
  KEY `idx_core_modified_user_id` (`core_modified_user_id`),
  KEY `idx_core_checked_out_user_id` (`core_checked_out_user_id`),
  KEY `idx_core_created_user_id` (`core_created_user_id`),
  KEY `idx_core_type_id` (`core_type_id`)
) ENGINE=InnoDB DEFAULT CHARSET=utf8mb4 COLLATE=utf8mb4_unicode_ci COMMENT='Contains core content data in name spaced fields';

/*Data for the table `gw48a_ucm_content` */

/*Table structure for table `gw48a_ucm_history` */


CREATE TABLE `gw48a_ucm_history` (
  `version_id` int unsigned NOT NULL AUTO_INCREMENT,
  `ucm_item_id` int unsigned NOT NULL,
  `ucm_type_id` int unsigned NOT NULL,
  `version_note` varchar(255) CHARACTER SET utf8mb4 COLLATE utf8mb4_unicode_ci NOT NULL DEFAULT '' COMMENT 'Optional version name',
  `save_date` datetime NOT NULL DEFAULT '0000-00-00 00:00:00',
  `editor_user_id` int unsigned NOT NULL DEFAULT '0',
  `character_count` int unsigned NOT NULL DEFAULT '0' COMMENT 'Number of characters in this version.',
  `sha1_hash` varchar(50) CHARACTER SET utf8mb4 COLLATE utf8mb4_unicode_ci NOT NULL DEFAULT '' COMMENT 'SHA1 hash of the version_data column.',
  `version_data` mediumtext CHARACTER SET utf8mb4 COLLATE utf8mb4_unicode_ci NOT NULL COMMENT 'json-encoded string of version data',
  `keep_forever` tinyint NOT NULL DEFAULT '0' COMMENT '0=auto delete; 1=keep',
  PRIMARY KEY (`version_id`),
  KEY `idx_ucm_item_id` (`ucm_type_id`,`ucm_item_id`),
  KEY `idx_save_date` (`save_date`)
) ENGINE=InnoDB AUTO_INCREMENT=11 DEFAULT CHARSET=utf8mb4 COLLATE=utf8mb4_unicode_ci;

/*Data for the table `gw48a_ucm_history` */

insert  into `gw48a_ucm_history`(`version_id`,`ucm_item_id`,`ucm_type_id`,`version_note`,`save_date`,`editor_user_id`,`character_count`,`sha1_hash`,`version_data`,`keep_forever`) values 
(1,1,1,'','2017-02-22 10:09:59',807,1928,'dc516416c02f03affdec9feab9e899ca003c18e7','{\"id\":1,\"asset_id\":56,\"title\":\"Velkommen til Undrumsdal\",\"alias\":\"velkommen-til-undrumsdal\",\"introtext\":\"<h2>Bygda over alle bygder<br \\/>Bygda for gode oppvekstvilk\\u00e5r, godt samhold\\u00a0\\u00a0 og godt naboskap.<br \\/>Bygda med god beliggenhet, en god skole og potensial for b\\u00e6rekrafting utvikling.<\\/h2>\",\"fulltext\":\"\",\"state\":1,\"catid\":\"2\",\"created\":\"2017-02-22 10:09:59\",\"created_by\":\"807\",\"created_by_alias\":\"\",\"modified\":\"2017-02-22 10:09:59\",\"modified_by\":null,\"checked_out\":null,\"checked_out_time\":null,\"publish_up\":\"2017-02-22 10:09:59\",\"publish_down\":\"0000-00-00 00:00:00\",\"images\":\"{\\\"image_intro\\\":\\\"\\\",\\\"float_intro\\\":\\\"\\\",\\\"image_intro_alt\\\":\\\"\\\",\\\"image_intro_caption\\\":\\\"\\\",\\\"image_fulltext\\\":\\\"\\\",\\\"float_fulltext\\\":\\\"\\\",\\\"image_fulltext_alt\\\":\\\"\\\",\\\"image_fulltext_caption\\\":\\\"\\\"}\",\"urls\":\"{\\\"urla\\\":false,\\\"urlatext\\\":\\\"\\\",\\\"targeta\\\":\\\"\\\",\\\"urlb\\\":false,\\\"urlbtext\\\":\\\"\\\",\\\"targetb\\\":\\\"\\\",\\\"urlc\\\":false,\\\"urlctext\\\":\\\"\\\",\\\"targetc\\\":\\\"\\\"}\",\"attribs\":\"{\\\"show_title\\\":\\\"\\\",\\\"link_titles\\\":\\\"\\\",\\\"show_tags\\\":\\\"\\\",\\\"show_intro\\\":\\\"\\\",\\\"info_block_position\\\":\\\"\\\",\\\"info_block_show_title\\\":\\\"\\\",\\\"show_category\\\":\\\"\\\",\\\"link_category\\\":\\\"\\\",\\\"show_parent_category\\\":\\\"\\\",\\\"link_parent_category\\\":\\\"\\\",\\\"show_author\\\":\\\"\\\",\\\"link_author\\\":\\\"\\\",\\\"show_create_date\\\":\\\"\\\",\\\"show_modify_date\\\":\\\"\\\",\\\"show_publish_date\\\":\\\"\\\",\\\"show_item_navigation\\\":\\\"\\\",\\\"show_icons\\\":\\\"\\\",\\\"show_print_icon\\\":\\\"\\\",\\\"show_email_icon\\\":\\\"\\\",\\\"show_vote\\\":\\\"\\\",\\\"show_hits\\\":\\\"\\\",\\\"show_noauth\\\":\\\"\\\",\\\"urls_position\\\":\\\"\\\",\\\"alternative_readmore\\\":\\\"\\\",\\\"article_layout\\\":\\\"\\\",\\\"show_publishing_options\\\":\\\"\\\",\\\"show_article_options\\\":\\\"\\\",\\\"show_urls_images_backend\\\":\\\"\\\",\\\"show_urls_images_frontend\\\":\\\"\\\"}\",\"version\":1,\"ordering\":null,\"metakey\":\"\",\"metadesc\":\"\",\"access\":\"1\",\"hits\":null,\"metadata\":\"{\\\"robots\\\":\\\"\\\",\\\"author\\\":\\\"\\\",\\\"rights\\\":\\\"\\\",\\\"xreference\\\":\\\"\\\"}\",\"featured\":\"1\",\"language\":\"*\",\"xreference\":\"\"}',0),
(2,1,1,'','2017-02-22 10:11:17',807,1951,'114f95b5f7d7c39a8b43fb7af3dbe9c1c4acee67','{\"id\":1,\"asset_id\":\"56\",\"title\":\"Velkommen til Undrumsdal\",\"alias\":\"velkommen-til-undrumsdal\",\"introtext\":\"<h2>Bygda over alle bygder<br \\/>Bygda for gode oppvekstvilk\\u00e5r, godt samhold\\u00a0\\u00a0 og godt naboskap.<br \\/>Bygda med god beliggenhet, en god skole og potensial for b\\u00e6rekrafting utvikling.<\\/h2>\",\"fulltext\":\"\",\"state\":1,\"catid\":\"2\",\"created\":\"2017-02-22 10:09:59\",\"created_by\":\"807\",\"created_by_alias\":\"\",\"modified\":\"2017-02-22 10:11:17\",\"modified_by\":\"807\",\"checked_out\":\"807\",\"checked_out_time\":\"2017-02-22 10:09:59\",\"publish_up\":\"2017-02-22 10:09:59\",\"publish_down\":\"0000-00-00 00:00:00\",\"images\":\"{\\\"image_intro\\\":\\\"\\\",\\\"float_intro\\\":\\\"\\\",\\\"image_intro_alt\\\":\\\"\\\",\\\"image_intro_caption\\\":\\\"\\\",\\\"image_fulltext\\\":\\\"\\\",\\\"float_fulltext\\\":\\\"\\\",\\\"image_fulltext_alt\\\":\\\"\\\",\\\"image_fulltext_caption\\\":\\\"\\\"}\",\"urls\":\"{\\\"urla\\\":false,\\\"urlatext\\\":\\\"\\\",\\\"targeta\\\":\\\"\\\",\\\"urlb\\\":false,\\\"urlbtext\\\":\\\"\\\",\\\"targetb\\\":\\\"\\\",\\\"urlc\\\":false,\\\"urlctext\\\":\\\"\\\",\\\"targetc\\\":\\\"\\\"}\",\"attribs\":\"{\\\"show_title\\\":\\\"\\\",\\\"link_titles\\\":\\\"\\\",\\\"show_tags\\\":\\\"\\\",\\\"show_intro\\\":\\\"\\\",\\\"info_block_position\\\":\\\"\\\",\\\"info_block_show_title\\\":\\\"\\\",\\\"show_category\\\":\\\"0\\\",\\\"link_category\\\":\\\"\\\",\\\"show_parent_category\\\":\\\"\\\",\\\"link_parent_category\\\":\\\"\\\",\\\"show_author\\\":\\\"0\\\",\\\"link_author\\\":\\\"\\\",\\\"show_create_date\\\":\\\"\\\",\\\"show_modify_date\\\":\\\"\\\",\\\"show_publish_date\\\":\\\"0\\\",\\\"show_item_navigation\\\":\\\"\\\",\\\"show_icons\\\":\\\"\\\",\\\"show_print_icon\\\":\\\"\\\",\\\"show_email_icon\\\":\\\"\\\",\\\"show_vote\\\":\\\"\\\",\\\"show_hits\\\":\\\"0\\\",\\\"show_noauth\\\":\\\"\\\",\\\"urls_position\\\":\\\"\\\",\\\"alternative_readmore\\\":\\\"\\\",\\\"article_layout\\\":\\\"\\\",\\\"show_publishing_options\\\":\\\"\\\",\\\"show_article_options\\\":\\\"\\\",\\\"show_urls_images_backend\\\":\\\"\\\",\\\"show_urls_images_frontend\\\":\\\"\\\"}\",\"version\":2,\"ordering\":\"0\",\"metakey\":\"\",\"metadesc\":\"\",\"access\":\"1\",\"hits\":\"0\",\"metadata\":\"{\\\"robots\\\":\\\"\\\",\\\"author\\\":\\\"\\\",\\\"rights\\\":\\\"\\\",\\\"xreference\\\":\\\"\\\"}\",\"featured\":\"1\",\"language\":\"*\",\"xreference\":\"\"}',0),
(3,1,1,'','2017-02-22 10:11:48',807,1953,'27ba578e8bc2c3e6259f03f6141a90e26bb71761','{\"id\":1,\"asset_id\":\"56\",\"title\":\"Velkommen til Undrumsdal\",\"alias\":\"velkommen-til-undrumsdal\",\"introtext\":\"<h2>Bygda over alle bygder<br \\/>Bygda for gode oppvekstvilk\\u00e5r, godt samhold\\u00a0\\u00a0 og godt naboskap.<br \\/>Bygda med god beliggenhet, en god skole og potensial for b\\u00e6rekrafting utvikling.<\\/h2>\",\"fulltext\":\"\",\"state\":1,\"catid\":\"2\",\"created\":\"2017-02-22 10:09:59\",\"created_by\":\"807\",\"created_by_alias\":\"\",\"modified\":\"2017-02-22 10:11:48\",\"modified_by\":\"807\",\"checked_out\":\"807\",\"checked_out_time\":\"2017-02-22 10:11:17\",\"publish_up\":\"2017-02-22 10:09:59\",\"publish_down\":\"0000-00-00 00:00:00\",\"images\":\"{\\\"image_intro\\\":\\\"\\\",\\\"float_intro\\\":\\\"\\\",\\\"image_intro_alt\\\":\\\"\\\",\\\"image_intro_caption\\\":\\\"\\\",\\\"image_fulltext\\\":\\\"\\\",\\\"float_fulltext\\\":\\\"\\\",\\\"image_fulltext_alt\\\":\\\"\\\",\\\"image_fulltext_caption\\\":\\\"\\\"}\",\"urls\":\"{\\\"urla\\\":false,\\\"urlatext\\\":\\\"\\\",\\\"targeta\\\":\\\"\\\",\\\"urlb\\\":false,\\\"urlbtext\\\":\\\"\\\",\\\"targetb\\\":\\\"\\\",\\\"urlc\\\":false,\\\"urlctext\\\":\\\"\\\",\\\"targetc\\\":\\\"\\\"}\",\"attribs\":\"{\\\"show_title\\\":\\\"\\\",\\\"link_titles\\\":\\\"\\\",\\\"show_tags\\\":\\\"\\\",\\\"show_intro\\\":\\\"\\\",\\\"info_block_position\\\":\\\"\\\",\\\"info_block_show_title\\\":\\\"\\\",\\\"show_category\\\":\\\"0\\\",\\\"link_category\\\":\\\"\\\",\\\"show_parent_category\\\":\\\"\\\",\\\"link_parent_category\\\":\\\"\\\",\\\"show_author\\\":\\\"0\\\",\\\"link_author\\\":\\\"\\\",\\\"show_create_date\\\":\\\"\\\",\\\"show_modify_date\\\":\\\"\\\",\\\"show_publish_date\\\":\\\"0\\\",\\\"show_item_navigation\\\":\\\"\\\",\\\"show_icons\\\":\\\"\\\",\\\"show_print_icon\\\":\\\"0\\\",\\\"show_email_icon\\\":\\\"0\\\",\\\"show_vote\\\":\\\"\\\",\\\"show_hits\\\":\\\"0\\\",\\\"show_noauth\\\":\\\"\\\",\\\"urls_position\\\":\\\"\\\",\\\"alternative_readmore\\\":\\\"\\\",\\\"article_layout\\\":\\\"\\\",\\\"show_publishing_options\\\":\\\"\\\",\\\"show_article_options\\\":\\\"\\\",\\\"show_urls_images_backend\\\":\\\"\\\",\\\"show_urls_images_frontend\\\":\\\"\\\"}\",\"version\":3,\"ordering\":\"0\",\"metakey\":\"\",\"metadesc\":\"\",\"access\":\"1\",\"hits\":\"0\",\"metadata\":\"{\\\"robots\\\":\\\"\\\",\\\"author\\\":\\\"\\\",\\\"rights\\\":\\\"\\\",\\\"xreference\\\":\\\"\\\"}\",\"featured\":\"1\",\"language\":\"*\",\"xreference\":\"\"}',0),
(4,1,1,'','2017-02-22 10:38:43',807,1954,'07fec12d7ce22808f65921e6f7d7741859d0a0d2','{\"id\":1,\"asset_id\":\"56\",\"title\":\"Velkommen til Undrumsdal\",\"alias\":\"velkommen-til-undrumsdal\",\"introtext\":\"<h2>Bygda over alle bygder<br \\/>Bygda for gode oppvekstvilk\\u00e5r, godt samhold\\u00a0\\u00a0 og godt naboskap.<br \\/>Bygda med god beliggenhet, en god skole og potensial for b\\u00e6rekrafting utvikling.<\\/h2>\",\"fulltext\":\"\",\"state\":1,\"catid\":\"2\",\"created\":\"2017-02-22 10:09:59\",\"created_by\":\"807\",\"created_by_alias\":\"\",\"modified\":\"2017-02-22 10:38:43\",\"modified_by\":\"807\",\"checked_out\":\"807\",\"checked_out_time\":\"2017-02-22 10:38:24\",\"publish_up\":\"2017-02-22 10:09:59\",\"publish_down\":\"0000-00-00 00:00:00\",\"images\":\"{\\\"image_intro\\\":\\\"\\\",\\\"float_intro\\\":\\\"\\\",\\\"image_intro_alt\\\":\\\"\\\",\\\"image_intro_caption\\\":\\\"\\\",\\\"image_fulltext\\\":\\\"\\\",\\\"float_fulltext\\\":\\\"\\\",\\\"image_fulltext_alt\\\":\\\"\\\",\\\"image_fulltext_caption\\\":\\\"\\\"}\",\"urls\":\"{\\\"urla\\\":false,\\\"urlatext\\\":\\\"\\\",\\\"targeta\\\":\\\"\\\",\\\"urlb\\\":false,\\\"urlbtext\\\":\\\"\\\",\\\"targetb\\\":\\\"\\\",\\\"urlc\\\":false,\\\"urlctext\\\":\\\"\\\",\\\"targetc\\\":\\\"\\\"}\",\"attribs\":\"{\\\"show_title\\\":\\\"0\\\",\\\"link_titles\\\":\\\"\\\",\\\"show_tags\\\":\\\"\\\",\\\"show_intro\\\":\\\"\\\",\\\"info_block_position\\\":\\\"\\\",\\\"info_block_show_title\\\":\\\"\\\",\\\"show_category\\\":\\\"0\\\",\\\"link_category\\\":\\\"\\\",\\\"show_parent_category\\\":\\\"\\\",\\\"link_parent_category\\\":\\\"\\\",\\\"show_author\\\":\\\"0\\\",\\\"link_author\\\":\\\"\\\",\\\"show_create_date\\\":\\\"\\\",\\\"show_modify_date\\\":\\\"\\\",\\\"show_publish_date\\\":\\\"0\\\",\\\"show_item_navigation\\\":\\\"\\\",\\\"show_icons\\\":\\\"\\\",\\\"show_print_icon\\\":\\\"0\\\",\\\"show_email_icon\\\":\\\"0\\\",\\\"show_vote\\\":\\\"\\\",\\\"show_hits\\\":\\\"0\\\",\\\"show_noauth\\\":\\\"\\\",\\\"urls_position\\\":\\\"\\\",\\\"alternative_readmore\\\":\\\"\\\",\\\"article_layout\\\":\\\"\\\",\\\"show_publishing_options\\\":\\\"\\\",\\\"show_article_options\\\":\\\"\\\",\\\"show_urls_images_backend\\\":\\\"\\\",\\\"show_urls_images_frontend\\\":\\\"\\\"}\",\"version\":4,\"ordering\":\"0\",\"metakey\":\"\",\"metadesc\":\"\",\"access\":\"1\",\"hits\":\"0\",\"metadata\":\"{\\\"robots\\\":\\\"\\\",\\\"author\\\":\\\"\\\",\\\"rights\\\":\\\"\\\",\\\"xreference\\\":\\\"\\\"}\",\"featured\":\"1\",\"language\":\"*\",\"xreference\":\"\"}',0),
(5,1,1,'','2017-02-22 10:48:43',807,1954,'a3016b8662efee947c4930e8385aea32933365da','{\"id\":1,\"asset_id\":\"56\",\"title\":\"Velkommen til Undrumsdal\",\"alias\":\"velkommen-til-undrumsdal\",\"introtext\":\"<h3>Bygda over alle bygder<br \\/>Bygda for gode oppvekstvilk\\u00e5r, godt samhold\\u00a0\\u00a0 og godt naboskap.<br \\/>Bygda med god beliggenhet, en god skole og potensial for b\\u00e6rekrafting utvikling.<\\/h3>\",\"fulltext\":\"\",\"state\":1,\"catid\":\"2\",\"created\":\"2017-02-22 10:09:59\",\"created_by\":\"807\",\"created_by_alias\":\"\",\"modified\":\"2017-02-22 10:48:43\",\"modified_by\":\"807\",\"checked_out\":\"807\",\"checked_out_time\":\"2017-02-22 10:48:28\",\"publish_up\":\"2017-02-22 10:09:59\",\"publish_down\":\"0000-00-00 00:00:00\",\"images\":\"{\\\"image_intro\\\":\\\"\\\",\\\"float_intro\\\":\\\"\\\",\\\"image_intro_alt\\\":\\\"\\\",\\\"image_intro_caption\\\":\\\"\\\",\\\"image_fulltext\\\":\\\"\\\",\\\"float_fulltext\\\":\\\"\\\",\\\"image_fulltext_alt\\\":\\\"\\\",\\\"image_fulltext_caption\\\":\\\"\\\"}\",\"urls\":\"{\\\"urla\\\":false,\\\"urlatext\\\":\\\"\\\",\\\"targeta\\\":\\\"\\\",\\\"urlb\\\":false,\\\"urlbtext\\\":\\\"\\\",\\\"targetb\\\":\\\"\\\",\\\"urlc\\\":false,\\\"urlctext\\\":\\\"\\\",\\\"targetc\\\":\\\"\\\"}\",\"attribs\":\"{\\\"show_title\\\":\\\"0\\\",\\\"link_titles\\\":\\\"\\\",\\\"show_tags\\\":\\\"\\\",\\\"show_intro\\\":\\\"\\\",\\\"info_block_position\\\":\\\"\\\",\\\"info_block_show_title\\\":\\\"\\\",\\\"show_category\\\":\\\"0\\\",\\\"link_category\\\":\\\"\\\",\\\"show_parent_category\\\":\\\"\\\",\\\"link_parent_category\\\":\\\"\\\",\\\"show_author\\\":\\\"0\\\",\\\"link_author\\\":\\\"\\\",\\\"show_create_date\\\":\\\"\\\",\\\"show_modify_date\\\":\\\"\\\",\\\"show_publish_date\\\":\\\"0\\\",\\\"show_item_navigation\\\":\\\"\\\",\\\"show_icons\\\":\\\"\\\",\\\"show_print_icon\\\":\\\"0\\\",\\\"show_email_icon\\\":\\\"0\\\",\\\"show_vote\\\":\\\"\\\",\\\"show_hits\\\":\\\"0\\\",\\\"show_noauth\\\":\\\"\\\",\\\"urls_position\\\":\\\"\\\",\\\"alternative_readmore\\\":\\\"\\\",\\\"article_layout\\\":\\\"\\\",\\\"show_publishing_options\\\":\\\"\\\",\\\"show_article_options\\\":\\\"\\\",\\\"show_urls_images_backend\\\":\\\"\\\",\\\"show_urls_images_frontend\\\":\\\"\\\"}\",\"version\":5,\"ordering\":\"0\",\"metakey\":\"\",\"metadesc\":\"\",\"access\":\"1\",\"hits\":\"0\",\"metadata\":\"{\\\"robots\\\":\\\"\\\",\\\"author\\\":\\\"\\\",\\\"rights\\\":\\\"\\\",\\\"xreference\\\":\\\"\\\"}\",\"featured\":\"1\",\"language\":\"*\",\"xreference\":\"\"}',0),
(6,2,1,'','2017-02-22 10:57:04',807,1930,'e3983c53f1f6d43e8246153cd79410ff17f9bc9e','{\"id\":2,\"asset_id\":57,\"title\":\"Portalside for Undrumsdal\",\"alias\":\"portalside-for-undrumsdal\",\"introtext\":\"<p>Redakt\\u00f8ren \\u00f8nsker at dette skal bli siden der du finner all informasjon om bygda og det som skjer her.<br \\/>Send gjerne inn tips slik at siden blir oppdatert.<\\/p>\\r\\n<p>oleh(a)grettenett.no<\\/p>\",\"fulltext\":\"\",\"state\":1,\"catid\":\"2\",\"created\":\"2017-02-22 10:57:04\",\"created_by\":\"807\",\"created_by_alias\":\"\",\"modified\":\"2017-02-22 10:57:04\",\"modified_by\":null,\"checked_out\":null,\"checked_out_time\":null,\"publish_up\":\"2017-02-22 10:57:04\",\"publish_down\":\"0000-00-00 00:00:00\",\"images\":\"{\\\"image_intro\\\":\\\"\\\",\\\"float_intro\\\":\\\"\\\",\\\"image_intro_alt\\\":\\\"\\\",\\\"image_intro_caption\\\":\\\"\\\",\\\"image_fulltext\\\":\\\"\\\",\\\"float_fulltext\\\":\\\"\\\",\\\"image_fulltext_alt\\\":\\\"\\\",\\\"image_fulltext_caption\\\":\\\"\\\"}\",\"urls\":\"{\\\"urla\\\":false,\\\"urlatext\\\":\\\"\\\",\\\"targeta\\\":\\\"\\\",\\\"urlb\\\":false,\\\"urlbtext\\\":\\\"\\\",\\\"targetb\\\":\\\"\\\",\\\"urlc\\\":false,\\\"urlctext\\\":\\\"\\\",\\\"targetc\\\":\\\"\\\"}\",\"attribs\":\"{\\\"show_title\\\":\\\"\\\",\\\"link_titles\\\":\\\"\\\",\\\"show_tags\\\":\\\"\\\",\\\"show_intro\\\":\\\"\\\",\\\"info_block_position\\\":\\\"\\\",\\\"info_block_show_title\\\":\\\"\\\",\\\"show_category\\\":\\\"\\\",\\\"link_category\\\":\\\"\\\",\\\"show_parent_category\\\":\\\"\\\",\\\"link_parent_category\\\":\\\"\\\",\\\"show_author\\\":\\\"\\\",\\\"link_author\\\":\\\"\\\",\\\"show_create_date\\\":\\\"\\\",\\\"show_modify_date\\\":\\\"\\\",\\\"show_publish_date\\\":\\\"\\\",\\\"show_item_navigation\\\":\\\"\\\",\\\"show_icons\\\":\\\"\\\",\\\"show_print_icon\\\":\\\"\\\",\\\"show_email_icon\\\":\\\"\\\",\\\"show_vote\\\":\\\"\\\",\\\"show_hits\\\":\\\"\\\",\\\"show_noauth\\\":\\\"\\\",\\\"urls_position\\\":\\\"\\\",\\\"alternative_readmore\\\":\\\"\\\",\\\"article_layout\\\":\\\"\\\",\\\"show_publishing_options\\\":\\\"\\\",\\\"show_article_options\\\":\\\"\\\",\\\"show_urls_images_backend\\\":\\\"\\\",\\\"show_urls_images_frontend\\\":\\\"\\\"}\",\"version\":1,\"ordering\":null,\"metakey\":\"\",\"metadesc\":\"\",\"access\":\"1\",\"hits\":null,\"metadata\":\"{\\\"robots\\\":\\\"\\\",\\\"author\\\":\\\"\\\",\\\"rights\\\":\\\"\\\",\\\"xreference\\\":\\\"\\\"}\",\"featured\":\"0\",\"language\":\"*\",\"xreference\":\"\"}',0),
(7,2,1,'','2017-02-22 10:57:11',807,1949,'0271422c94f858360eb4aa2931f33f6865365864','{\"id\":2,\"asset_id\":\"57\",\"title\":\"Portalside for Undrumsdal\",\"alias\":\"portalside-for-undrumsdal\",\"introtext\":\"<p>Redakt\\u00f8ren \\u00f8nsker at dette skal bli siden der du finner all informasjon om bygda og det som skjer her.<br \\/>Send gjerne inn tips slik at siden blir oppdatert.<\\/p>\\r\\n<p>oleh(a)grettenett.no<\\/p>\",\"fulltext\":\"\",\"state\":1,\"catid\":\"2\",\"created\":\"2017-02-22 10:57:04\",\"created_by\":\"807\",\"created_by_alias\":\"\",\"modified\":\"2017-02-22 10:57:11\",\"modified_by\":\"807\",\"checked_out\":\"807\",\"checked_out_time\":\"2017-02-22 10:57:04\",\"publish_up\":\"2017-02-22 10:57:04\",\"publish_down\":\"0000-00-00 00:00:00\",\"images\":\"{\\\"image_intro\\\":\\\"\\\",\\\"float_intro\\\":\\\"\\\",\\\"image_intro_alt\\\":\\\"\\\",\\\"image_intro_caption\\\":\\\"\\\",\\\"image_fulltext\\\":\\\"\\\",\\\"float_fulltext\\\":\\\"\\\",\\\"image_fulltext_alt\\\":\\\"\\\",\\\"image_fulltext_caption\\\":\\\"\\\"}\",\"urls\":\"{\\\"urla\\\":false,\\\"urlatext\\\":\\\"\\\",\\\"targeta\\\":\\\"\\\",\\\"urlb\\\":false,\\\"urlbtext\\\":\\\"\\\",\\\"targetb\\\":\\\"\\\",\\\"urlc\\\":false,\\\"urlctext\\\":\\\"\\\",\\\"targetc\\\":\\\"\\\"}\",\"attribs\":\"{\\\"show_title\\\":\\\"\\\",\\\"link_titles\\\":\\\"\\\",\\\"show_tags\\\":\\\"\\\",\\\"show_intro\\\":\\\"\\\",\\\"info_block_position\\\":\\\"\\\",\\\"info_block_show_title\\\":\\\"\\\",\\\"show_category\\\":\\\"\\\",\\\"link_category\\\":\\\"\\\",\\\"show_parent_category\\\":\\\"\\\",\\\"link_parent_category\\\":\\\"\\\",\\\"show_author\\\":\\\"\\\",\\\"link_author\\\":\\\"\\\",\\\"show_create_date\\\":\\\"\\\",\\\"show_modify_date\\\":\\\"\\\",\\\"show_publish_date\\\":\\\"\\\",\\\"show_item_navigation\\\":\\\"\\\",\\\"show_icons\\\":\\\"\\\",\\\"show_print_icon\\\":\\\"\\\",\\\"show_email_icon\\\":\\\"\\\",\\\"show_vote\\\":\\\"\\\",\\\"show_hits\\\":\\\"\\\",\\\"show_noauth\\\":\\\"\\\",\\\"urls_position\\\":\\\"\\\",\\\"alternative_readmore\\\":\\\"\\\",\\\"article_layout\\\":\\\"\\\",\\\"show_publishing_options\\\":\\\"\\\",\\\"show_article_options\\\":\\\"\\\",\\\"show_urls_images_backend\\\":\\\"\\\",\\\"show_urls_images_frontend\\\":\\\"\\\"}\",\"version\":2,\"ordering\":\"0\",\"metakey\":\"\",\"metadesc\":\"\",\"access\":\"1\",\"hits\":\"0\",\"metadata\":\"{\\\"robots\\\":\\\"\\\",\\\"author\\\":\\\"\\\",\\\"rights\\\":\\\"\\\",\\\"xreference\\\":\\\"\\\"}\",\"featured\":\"1\",\"language\":\"*\",\"xreference\":\"\"}',0),
(8,2,1,'','2017-02-22 10:57:26',807,1950,'0691bcde1ab4cec448728a9d232a49df359826c2','{\"id\":2,\"asset_id\":\"57\",\"title\":\"Portalside for Undrumsdal\",\"alias\":\"portalside-for-undrumsdal\",\"introtext\":\"<p>Redakt\\u00f8ren \\u00f8nsker at dette skal bli siden der du finner all informasjon om bygda og det som skjer her.<br \\/>Send gjerne inn tips slik at siden blir oppdatert.<\\/p>\\r\\n<p>oleh(a)grettenett.no<\\/p>\",\"fulltext\":\"\",\"state\":1,\"catid\":\"2\",\"created\":\"2017-02-22 10:57:04\",\"created_by\":\"807\",\"created_by_alias\":\"\",\"modified\":\"2017-02-22 10:57:26\",\"modified_by\":\"807\",\"checked_out\":\"807\",\"checked_out_time\":\"2017-02-22 10:57:11\",\"publish_up\":\"2017-02-22 10:57:04\",\"publish_down\":\"0000-00-00 00:00:00\",\"images\":\"{\\\"image_intro\\\":\\\"\\\",\\\"float_intro\\\":\\\"\\\",\\\"image_intro_alt\\\":\\\"\\\",\\\"image_intro_caption\\\":\\\"\\\",\\\"image_fulltext\\\":\\\"\\\",\\\"float_fulltext\\\":\\\"\\\",\\\"image_fulltext_alt\\\":\\\"\\\",\\\"image_fulltext_caption\\\":\\\"\\\"}\",\"urls\":\"{\\\"urla\\\":false,\\\"urlatext\\\":\\\"\\\",\\\"targeta\\\":\\\"\\\",\\\"urlb\\\":false,\\\"urlbtext\\\":\\\"\\\",\\\"targetb\\\":\\\"\\\",\\\"urlc\\\":false,\\\"urlctext\\\":\\\"\\\",\\\"targetc\\\":\\\"\\\"}\",\"attribs\":\"{\\\"show_title\\\":\\\"1\\\",\\\"link_titles\\\":\\\"\\\",\\\"show_tags\\\":\\\"\\\",\\\"show_intro\\\":\\\"\\\",\\\"info_block_position\\\":\\\"\\\",\\\"info_block_show_title\\\":\\\"\\\",\\\"show_category\\\":\\\"\\\",\\\"link_category\\\":\\\"\\\",\\\"show_parent_category\\\":\\\"\\\",\\\"link_parent_category\\\":\\\"\\\",\\\"show_author\\\":\\\"\\\",\\\"link_author\\\":\\\"\\\",\\\"show_create_date\\\":\\\"\\\",\\\"show_modify_date\\\":\\\"\\\",\\\"show_publish_date\\\":\\\"\\\",\\\"show_item_navigation\\\":\\\"\\\",\\\"show_icons\\\":\\\"\\\",\\\"show_print_icon\\\":\\\"\\\",\\\"show_email_icon\\\":\\\"\\\",\\\"show_vote\\\":\\\"\\\",\\\"show_hits\\\":\\\"\\\",\\\"show_noauth\\\":\\\"\\\",\\\"urls_position\\\":\\\"\\\",\\\"alternative_readmore\\\":\\\"\\\",\\\"article_layout\\\":\\\"\\\",\\\"show_publishing_options\\\":\\\"\\\",\\\"show_article_options\\\":\\\"\\\",\\\"show_urls_images_backend\\\":\\\"\\\",\\\"show_urls_images_frontend\\\":\\\"\\\"}\",\"version\":3,\"ordering\":\"0\",\"metakey\":\"\",\"metadesc\":\"\",\"access\":\"1\",\"hits\":\"0\",\"metadata\":\"{\\\"robots\\\":\\\"\\\",\\\"author\\\":\\\"\\\",\\\"rights\\\":\\\"\\\",\\\"xreference\\\":\\\"\\\"}\",\"featured\":\"1\",\"language\":\"*\",\"xreference\":\"\"}',0),
(9,2,1,'','2017-02-22 10:57:57',807,1952,'ecb6a3326af599d8e31ed558677796572ec3c2a4','{\"id\":\"2\",\"asset_id\":\"57\",\"title\":\"Portalside for Undrumsdal\",\"alias\":\"portalside-for-undrumsdal\",\"introtext\":\"<p>Redakt\\u00f8ren \\u00f8nsker at dette skal bli siden der du finner all informasjon om bygda og det som skjer her.<br \\/>Send gjerne inn tips slik at siden blir oppdatert.<\\/p>\\r\\n<p>oleh(a)grettenett.no<\\/p>\",\"fulltext\":\"\",\"state\":\"1\",\"catid\":\"2\",\"created\":\"2017-02-22 10:57:04\",\"created_by\":\"807\",\"created_by_alias\":\"\",\"modified\":\"2017-02-22 10:57:57\",\"modified_by\":\"807\",\"checked_out\":\"0\",\"checked_out_time\":\"0000-00-00 00:00:00\",\"publish_up\":\"2017-02-22 10:57:04\",\"publish_down\":\"0000-00-00 00:00:00\",\"images\":\"{\\\"image_intro\\\":\\\"\\\",\\\"float_intro\\\":\\\"\\\",\\\"image_intro_alt\\\":\\\"\\\",\\\"image_intro_caption\\\":\\\"\\\",\\\"image_fulltext\\\":\\\"\\\",\\\"float_fulltext\\\":\\\"\\\",\\\"image_fulltext_alt\\\":\\\"\\\",\\\"image_fulltext_caption\\\":\\\"\\\"}\",\"urls\":\"{\\\"urla\\\":false,\\\"urlatext\\\":\\\"\\\",\\\"targeta\\\":\\\"\\\",\\\"urlb\\\":false,\\\"urlbtext\\\":\\\"\\\",\\\"targetb\\\":\\\"\\\",\\\"urlc\\\":false,\\\"urlctext\\\":\\\"\\\",\\\"targetc\\\":\\\"\\\"}\",\"attribs\":\"{\\\"show_title\\\":\\\"1\\\",\\\"link_titles\\\":\\\"\\\",\\\"show_tags\\\":\\\"\\\",\\\"show_intro\\\":\\\"\\\",\\\"info_block_position\\\":\\\"\\\",\\\"info_block_show_title\\\":\\\"\\\",\\\"show_category\\\":\\\"\\\",\\\"link_category\\\":\\\"\\\",\\\"show_parent_category\\\":\\\"\\\",\\\"link_parent_category\\\":\\\"\\\",\\\"show_author\\\":\\\"\\\",\\\"link_author\\\":\\\"\\\",\\\"show_create_date\\\":\\\"\\\",\\\"show_modify_date\\\":\\\"\\\",\\\"show_publish_date\\\":\\\"\\\",\\\"show_item_navigation\\\":\\\"\\\",\\\"show_icons\\\":\\\"\\\",\\\"show_print_icon\\\":\\\"\\\",\\\"show_email_icon\\\":\\\"\\\",\\\"show_vote\\\":\\\"\\\",\\\"show_hits\\\":\\\"\\\",\\\"show_noauth\\\":\\\"\\\",\\\"urls_position\\\":\\\"\\\",\\\"alternative_readmore\\\":\\\"\\\",\\\"article_layout\\\":\\\"\\\",\\\"show_publishing_options\\\":\\\"\\\",\\\"show_article_options\\\":\\\"\\\",\\\"show_urls_images_backend\\\":\\\"\\\",\\\"show_urls_images_frontend\\\":\\\"\\\"}\",\"version\":\"3\",\"ordering\":1,\"metakey\":\"\",\"metadesc\":\"\",\"access\":\"1\",\"hits\":\"0\",\"metadata\":\"{\\\"robots\\\":\\\"\\\",\\\"author\\\":\\\"\\\",\\\"rights\\\":\\\"\\\",\\\"xreference\\\":\\\"\\\"}\",\"featured\":\"1\",\"language\":\"*\",\"xreference\":\"\"}',0),
(10,2,1,'','2017-02-22 11:00:11',807,2007,'9784ab3d18f7a98d7a06bf19022ff68ceede9945','{\"id\":2,\"asset_id\":\"57\",\"title\":\"Portalside for Undrumsdal\",\"alias\":\"portalside-for-undrumsdal\",\"introtext\":\"<p>\\u00a0<\\/p>\\r\\n<h2>Portalside for Undrumsdal<\\/h2>\\r\\n<p>Redakt\\u00f8ren \\u00f8nsker at dette skal bli siden der du finner all informasjon om bygda og det som skjer her.<br \\/>Send gjerne inn tips slik at siden blir oppdatert.<\\/p>\\r\\n<p>oleh(a)grettenett.no<\\/p>\",\"fulltext\":\"\",\"state\":1,\"catid\":\"2\",\"created\":\"2017-02-22 10:57:04\",\"created_by\":\"807\",\"created_by_alias\":\"\",\"modified\":\"2017-02-22 11:00:11\",\"modified_by\":\"807\",\"checked_out\":\"807\",\"checked_out_time\":\"2017-02-22 10:59:28\",\"publish_up\":\"2017-02-22 10:57:04\",\"publish_down\":\"0000-00-00 00:00:00\",\"images\":\"{\\\"image_intro\\\":\\\"\\\",\\\"float_intro\\\":\\\"\\\",\\\"image_intro_alt\\\":\\\"\\\",\\\"image_intro_caption\\\":\\\"\\\",\\\"image_fulltext\\\":\\\"\\\",\\\"float_fulltext\\\":\\\"\\\",\\\"image_fulltext_alt\\\":\\\"\\\",\\\"image_fulltext_caption\\\":\\\"\\\"}\",\"urls\":\"{\\\"urla\\\":false,\\\"urlatext\\\":\\\"\\\",\\\"targeta\\\":\\\"\\\",\\\"urlb\\\":false,\\\"urlbtext\\\":\\\"\\\",\\\"targetb\\\":\\\"\\\",\\\"urlc\\\":false,\\\"urlctext\\\":\\\"\\\",\\\"targetc\\\":\\\"\\\"}\",\"attribs\":\"{\\\"show_title\\\":\\\"1\\\",\\\"link_titles\\\":\\\"\\\",\\\"show_tags\\\":\\\"\\\",\\\"show_intro\\\":\\\"\\\",\\\"info_block_position\\\":\\\"\\\",\\\"info_block_show_title\\\":\\\"\\\",\\\"show_category\\\":\\\"\\\",\\\"link_category\\\":\\\"\\\",\\\"show_parent_category\\\":\\\"\\\",\\\"link_parent_category\\\":\\\"\\\",\\\"show_author\\\":\\\"\\\",\\\"link_author\\\":\\\"\\\",\\\"show_create_date\\\":\\\"\\\",\\\"show_modify_date\\\":\\\"\\\",\\\"show_publish_date\\\":\\\"\\\",\\\"show_item_navigation\\\":\\\"\\\",\\\"show_icons\\\":\\\"\\\",\\\"show_print_icon\\\":\\\"\\\",\\\"show_email_icon\\\":\\\"\\\",\\\"show_vote\\\":\\\"\\\",\\\"show_hits\\\":\\\"\\\",\\\"show_noauth\\\":\\\"\\\",\\\"urls_position\\\":\\\"\\\",\\\"alternative_readmore\\\":\\\"\\\",\\\"article_layout\\\":\\\"\\\",\\\"show_publishing_options\\\":\\\"\\\",\\\"show_article_options\\\":\\\"\\\",\\\"show_urls_images_backend\\\":\\\"\\\",\\\"show_urls_images_frontend\\\":\\\"\\\"}\",\"version\":4,\"ordering\":\"2\",\"metakey\":\"\",\"metadesc\":\"\",\"access\":\"1\",\"hits\":\"0\",\"metadata\":\"{\\\"robots\\\":\\\"\\\",\\\"author\\\":\\\"\\\",\\\"rights\\\":\\\"\\\",\\\"xreference\\\":\\\"\\\"}\",\"featured\":\"1\",\"language\":\"*\",\"xreference\":\"\"}',0);

/*Table structure for table `gw48a_update_sites` */

