('vso6b3mn8nn1o4pu67tu4hjm2k',0,1,1753184506,'joomla|s:784:\"TzoyNDoiSm9vbWxhXFJlZ2lzdHJ5XFJlZ2lzdHJ5IjozOntzOjc6IgAqAGRhdGEiO086ODoic3RkQ2xhc3MiOjM6e3M6Nzoic2Vzc2lvbiI7Tzo4OiJzdGRDbGFzcyI6Mzp7czo3OiJjb3VudGVyIjtpOjE7czo1OiJ0aW1lciI7Tzo4OiJzdGRDbGFzcyI6Mzp7czo1OiJzdGFydCI7aToxNzUzMTg0NTA2O3M6NDoibGFzdCI7aToxNzUzMTg0NTA2O3M6Mzoibm93IjtpOjE3NTMxODQ1MDY7fXM6NToidG9rZW4iO3M6MzI6ImY1YzE1YWExOTllM2MwZjczNTYzZDk3MDExODNkYTdjIjt9czo4OiJyZWdpc3RyeSI7TzoyNDoiSm9vbWxhXFJlZ2lzdHJ5XFJlZ2lzdHJ5IjozOntzOjc6IgAqAGRhdGEiO086ODoic3RkQ2xhc3MiOjI6e3M6MTY6InB1Ymxpc2hlZF9mdl9zZXMiO3M6MToiMCI7czoxNToianVzdG1pbmVfZnZfc2VzIjtzOjE6IjAiO31zOjE0OiIAKgBpbml0aWFsaXplZCI7YjowO3M6MTI6IgAqAHNlcGFyYXRvciI7czoxOiIuIjt9czo0OiJ1c2VyIjtPOjIwOiJKb29tbGFcQ01TXFVzZXJcVXNlciI6MTp7czoyOiJpZCI7aTowO319czoxNDoiACoAaW5pdGlhbGl6ZWQiO2I6MDtzOjEyOiIAKgBzZXBhcmF0b3IiO3M6MToiLiI7fQ==\";',0,''),
('vt0ujbdtvenj2q2u9iegcuqhtd',0,1,1753198422,'joomla|s:784:\"TzoyNDoiSm9vbWxhXFJlZ2lzdHJ5XFJlZ2lzdHJ5IjozOntzOjc6IgAqAGRhdGEiO086ODoic3RkQ2xhc3MiOjM6e3M6Nzoic2Vzc2lvbiI7Tzo4OiJzdGRDbGFzcyI6Mzp7czo3OiJjb3VudGVyIjtpOjE7czo1OiJ0aW1lciI7Tzo4OiJzdGRDbGFzcyI6Mzp7czo1OiJzdGFydCI7aToxNzUzMTk4NDIyO3M6NDoibGFzdCI7aToxNzUzMTk4NDIyO3M6Mzoibm93IjtpOjE3NTMxOTg0MjI7fXM6NToidG9rZW4iO3M6MzI6IjE1Zjc3N2JlODIwNjAwMjNiNTExYjcyYmRhMTlmNzcyIjt9czo4OiJyZWdpc3RyeSI7TzoyNDoiSm9vbWxhXFJlZ2lzdHJ5XFJlZ2lzdHJ5IjozOntzOjc6IgAqAGRhdGEiO086ODoic3RkQ2xhc3MiOjI6e3M6MTY6InB1Ymxpc2hlZF9mdl9zZXMiO3M6MToiMCI7czoxNToianVzdG1pbmVfZnZfc2VzIjtzOjE6IjAiO31zOjE0OiIAKgBpbml0aWFsaXplZCI7YjowO3M6MTI6IgAqAHNlcGFyYXRvciI7czoxOiIuIjt9czo0OiJ1c2VyIjtPOjIwOiJKb29tbGFcQ01TXFVzZXJcVXNlciI6MTp7czoyOiJpZCI7aTowO319czoxNDoiACoAaW5pdGlhbGl6ZWQiO2I6MDtzOjEyOiIAKgBzZXBhcmF0b3IiO3M6MToiLiI7fQ==\";',0,''),
('vud430m39sr11upvffbaf91ski',0,1,1753181332,'joomla|s:784:\"TzoyNDoiSm9vbWxhXFJlZ2lzdHJ5XFJlZ2lzdHJ5IjozOntzOjc6IgAqAGRhdGEiO086ODoic3RkQ2xhc3MiOjM6e3M6Nzoic2Vzc2lvbiI7Tzo4OiJzdGRDbGFzcyI6Mzp7czo3OiJjb3VudGVyIjtpOjE7czo1OiJ0aW1lciI7Tzo4OiJzdGRDbGFzcyI6Mzp7czo1OiJzdGFydCI7aToxNzUzMTgxMzMyO3M6NDoibGFzdCI7aToxNzUzMTgxMzMyO3M6Mzoibm93IjtpOjE3NTMxODEzMzI7fXM6NToidG9rZW4iO3M6MzI6ImJmMGJmNTc3NjYxMjM0MmQzMTkwMjBiNzFhOTJjNGVkIjt9czo4OiJyZWdpc3RyeSI7TzoyNDoiSm9vbWxhXFJlZ2lzdHJ5XFJlZ2lzdHJ5IjozOntzOjc6IgAqAGRhdGEiO086ODoic3RkQ2xhc3MiOjI6e3M6MTY6InB1Ymxpc2hlZF9mdl9zZXMiO3M6MToiMCI7czoxNToianVzdG1pbmVfZnZfc2VzIjtzOjE6IjAiO31zOjE0OiIAKgBpbml0aWFsaXplZCI7YjowO3M6MTI6IgAqAHNlcGFyYXRvciI7czoxOiIuIjt9czo0OiJ1c2VyIjtPOjIwOiJKb29tbGFcQ01TXFVzZXJcVXNlciI6MTp7czoyOiJpZCI7aTowO319czoxNDoiACoAaW5pdGlhbGl6ZWQiO2I6MDtzOjEyOiIAKgBzZXBhcmF0b3IiO3M6MToiLiI7fQ==\";',0,''),
('vudcofvk7ah9040405fs0cgr2i',0,1,1753100798,'joomla|s:784:\"TzoyNDoiSm9vbWxhXFJlZ2lzdHJ5XFJlZ2lzdHJ5IjozOntzOjc6IgAqAGRhdGEiO086ODoic3RkQ2xhc3MiOjM6e3M6Nzoic2Vzc2lvbiI7Tzo4OiJzdGRDbGFzcyI6Mzp7czo3OiJjb3VudGVyIjtpOjE7czo1OiJ0aW1lciI7Tzo4OiJzdGRDbGFzcyI6Mzp7czo1OiJzdGFydCI7aToxNzUzMTAwNzk4O3M6NDoibGFzdCI7aToxNzUzMTAwNzk4O3M6Mzoibm93IjtpOjE3NTMxMDA3OTg7fXM6NToidG9rZW4iO3M6MzI6IjFiYjMxNjNjZGZhZDhlZjRmNjEzZDk4ZWE5OGYxZmUzIjt9czo4OiJyZWdpc3RyeSI7TzoyNDoiSm9vbWxhXFJlZ2lzdHJ5XFJlZ2lzdHJ5IjozOntzOjc6IgAqAGRhdGEiO086ODoic3RkQ2xhc3MiOjI6e3M6MTY6InB1Ymxpc2hlZF9mdl9zZXMiO3M6MToiMCI7czoxNToianVzdG1pbmVfZnZfc2VzIjtzOjE6IjAiO31zOjE0OiIAKgBpbml0aWFsaXplZCI7YjowO3M6MTI6IgAqAHNlcGFyYXRvciI7czoxOiIuIjt9czo0OiJ1c2VyIjtPOjIwOiJKb29tbGFcQ01TXFVzZXJcVXNlciI6MTp7czoyOiJpZCI7aTowO319czoxNDoiACoAaW5pdGlhbGl6ZWQiO2I6MDtzOjEyOiIAKgBzZXBhcmF0b3IiO3M6MToiLiI7fQ==\";',0,''),
('vude5ps883mk8h9m4n46a622kh',0,1,1753181323,'joomla|s:784:\"TzoyNDoiSm9vbWxhXFJlZ2lzdHJ5XFJlZ2lzdHJ5IjozOntzOjc6IgAqAGRhdGEiO086ODoic3RkQ2xhc3MiOjM6e3M6Nzoic2Vzc2lvbiI7Tzo4OiJzdGRDbGFzcyI6Mzp7czo3OiJjb3VudGVyIjtpOjE7czo1OiJ0aW1lciI7Tzo4OiJzdGRDbGFzcyI6Mzp7czo1OiJzdGFydCI7aToxNzUzMTgxMzIzO3M6NDoibGFzdCI7aToxNzUzMTgxMzIzO3M6Mzoibm93IjtpOjE3NTMxODEzMjM7fXM6NToidG9rZW4iO3M6MzI6IjEzM2ZmMWM1NGMyNDJiNzBhMjAyN2I2ZTliZTI1NGNlIjt9czo4OiJyZWdpc3RyeSI7TzoyNDoiSm9vbWxhXFJlZ2lzdHJ5XFJlZ2lzdHJ5IjozOntzOjc6IgAqAGRhdGEiO086ODoic3RkQ2xhc3MiOjI6e3M6MTY6InB1Ymxpc2hlZF9mdl9zZXMiO3M6MToiMCI7czoxNToianVzdG1pbmVfZnZfc2VzIjtzOjE6IjAiO31zOjE0OiIAKgBpbml0aWFsaXplZCI7YjowO3M6MTI6IgAqAHNlcGFyYXRvciI7czoxOiIuIjt9czo0OiJ1c2VyIjtPOjIwOiJKb29tbGFcQ01TXFVzZXJcVXNlciI6MTp7czoyOiJpZCI7aTowO319czoxNDoiACoAaW5pdGlhbGl6ZWQiO2I6MDtzOjEyOiIAKgBzZXBhcmF0b3IiO3M6MToiLiI7fQ==\";',0,''),
('vue95fqisaoco8ck1v6ommajl0',0,1,1753181366,'joomla|s:784:\"TzoyNDoiSm9vbWxhXFJlZ2lzdHJ5XFJlZ2lzdHJ5IjozOntzOjc6IgAqAGRhdGEiO086ODoic3RkQ2xhc3MiOjM6e3M6Nzoic2Vzc2lvbiI7Tzo4OiJzdGRDbGFzcyI6Mzp7czo3OiJjb3VudGVyIjtpOjE7czo1OiJ0aW1lciI7Tzo4OiJzdGRDbGFzcyI6Mzp7czo1OiJzdGFydCI7aToxNzUzMTgxMzY1O3M6NDoibGFzdCI7aToxNzUzMTgxMzY1O3M6Mzoibm93IjtpOjE3NTMxODEzNjU7fXM6NToidG9rZW4iO3M6MzI6IjczMzI5ZjA0YzdkOGYxMjMzMjg1OWRiZTRlMDE4YzJiIjt9czo4OiJyZWdpc3RyeSI7TzoyNDoiSm9vbWxhXFJlZ2lzdHJ5XFJlZ2lzdHJ5IjozOntzOjc6IgAqAGRhdGEiO086ODoic3RkQ2xhc3MiOjI6e3M6MTY6InB1Ymxpc2hlZF9mdl9zZXMiO3M6MToiMCI7czoxNToianVzdG1pbmVfZnZfc2VzIjtzOjE6IjAiO31zOjE0OiIAKgBpbml0aWFsaXplZCI7YjowO3M6MTI6IgAqAHNlcGFyYXRvciI7czoxOiIuIjt9czo0OiJ1c2VyIjtPOjIwOiJKb29tbGFcQ01TXFVzZXJcVXNlciI6MTp7czoyOiJpZCI7aTowO319czoxNDoiACoAaW5pdGlhbGl6ZWQiO2I6MDtzOjEyOiIAKgBzZXBhcmF0b3IiO3M6MToiLiI7fQ==\";',0,''),
('vv2khtgammbibgjeqhfn2r8ivv',0,1,1753181350,'joomla|s:784:\"TzoyNDoiSm9vbWxhXFJlZ2lzdHJ5XFJlZ2lzdHJ5IjozOntzOjc6IgAqAGRhdGEiO086ODoic3RkQ2xhc3MiOjM6e3M6Nzoic2Vzc2lvbiI7Tzo4OiJzdGRDbGFzcyI6Mzp7czo3OiJjb3VudGVyIjtpOjE7czo1OiJ0aW1lciI7Tzo4OiJzdGRDbGFzcyI6Mzp7czo1OiJzdGFydCI7aToxNzUzMTgxMzQ5O3M6NDoibGFzdCI7aToxNzUzMTgxMzQ5O3M6Mzoibm93IjtpOjE3NTMxODEzNDk7fXM6NToidG9rZW4iO3M6MzI6IjY5YjVmYWUwYzJiNGRiODkzMGIzMTliNmNmY2M2YmJkIjt9czo4OiJyZWdpc3RyeSI7TzoyNDoiSm9vbWxhXFJlZ2lzdHJ5XFJlZ2lzdHJ5IjozOntzOjc6IgAqAGRhdGEiO086ODoic3RkQ2xhc3MiOjI6e3M6MTY6InB1Ymxpc2hlZF9mdl9zZXMiO3M6MToiMCI7czoxNToianVzdG1pbmVfZnZfc2VzIjtzOjE6IjAiO31zOjE0OiIAKgBpbml0aWFsaXplZCI7YjowO3M6MTI6IgAqAHNlcGFyYXRvciI7czoxOiIuIjt9czo0OiJ1c2VyIjtPOjIwOiJKb29tbGFcQ01TXFVzZXJcVXNlciI6MTp7czoyOiJpZCI7aTowO319czoxNDoiACoAaW5pdGlhbGl6ZWQiO2I6MDtzOjEyOiIAKgBzZXBhcmF0b3IiO3M6MToiLiI7fQ==\";',0,''),
('vvb497u07clbe8tnqiu4ejqj7t',0,1,1753193338,'joomla|s:784:\"TzoyNDoiSm9vbWxhXFJlZ2lzdHJ5XFJlZ2lzdHJ5IjozOntzOjc6IgAqAGRhdGEiO086ODoic3RkQ2xhc3MiOjM6e3M6Nzoic2Vzc2lvbiI7Tzo4OiJzdGRDbGFzcyI6Mzp7czo3OiJjb3VudGVyIjtpOjE7czo1OiJ0aW1lciI7Tzo4OiJzdGRDbGFzcyI6Mzp7czo1OiJzdGFydCI7aToxNzUzMTkzMzM4O3M6NDoibGFzdCI7aToxNzUzMTkzMzM4O3M6Mzoibm93IjtpOjE3NTMxOTMzMzg7fXM6NToidG9rZW4iO3M6MzI6ImI1Y2QzNTBkNzAyOGU4NjM2ZDM3ZTJmN2FkZGQzNzExIjt9czo4OiJyZWdpc3RyeSI7TzoyNDoiSm9vbWxhXFJlZ2lzdHJ5XFJlZ2lzdHJ5IjozOntzOjc6IgAqAGRhdGEiO086ODoic3RkQ2xhc3MiOjI6e3M6MTY6InB1Ymxpc2hlZF9mdl9zZXMiO3M6MToiMCI7czoxNToianVzdG1pbmVfZnZfc2VzIjtzOjE6IjAiO31zOjE0OiIAKgBpbml0aWFsaXplZCI7YjowO3M6MTI6IgAqAHNlcGFyYXRvciI7czoxOiIuIjt9czo0OiJ1c2VyIjtPOjIwOiJKb29tbGFcQ01TXFVzZXJcVXNlciI6MTp7czoyOiJpZCI7aTowO319czoxNDoiACoAaW5pdGlhbGl6ZWQiO2I6MDtzOjEyOiIAKgBzZXBhcmF0b3IiO3M6MToiLiI7fQ==\";',0,''),
('vvcm8fti5fg1d2r0p1o5m7qghg',0,1,1753195523,'joomla|s:784:\"TzoyNDoiSm9vbWxhXFJlZ2lzdHJ5XFJlZ2lzdHJ5IjozOntzOjc6IgAqAGRhdGEiO086ODoic3RkQ2xhc3MiOjM6e3M6Nzoic2Vzc2lvbiI7Tzo4OiJzdGRDbGFzcyI6Mzp7czo3OiJjb3VudGVyIjtpOjE7czo1OiJ0aW1lciI7Tzo4OiJzdGRDbGFzcyI6Mzp7czo1OiJzdGFydCI7aToxNzUzMTk1NTIyO3M6NDoibGFzdCI7aToxNzUzMTk1NTIyO3M6Mzoibm93IjtpOjE3NTMxOTU1MjI7fXM6NToidG9rZW4iO3M6MzI6ImRjMjRiZjNiZjQwNDFjOTVkZmNmZDQ3OTljMjE1YTUyIjt9czo4OiJyZWdpc3RyeSI7TzoyNDoiSm9vbWxhXFJlZ2lzdHJ5XFJlZ2lzdHJ5IjozOntzOjc6IgAqAGRhdGEiO086ODoic3RkQ2xhc3MiOjI6e3M6MTY6InB1Ymxpc2hlZF9mdl9zZXMiO3M6MToiMCI7czoxNToianVzdG1pbmVfZnZfc2VzIjtzOjE6IjAiO31zOjE0OiIAKgBpbml0aWFsaXplZCI7YjowO3M6MTI6IgAqAHNlcGFyYXRvciI7czoxOiIuIjt9czo0OiJ1c2VyIjtPOjIwOiJKb29tbGFcQ01TXFVzZXJcVXNlciI6MTp7czoyOiJpZCI7aTowO319czoxNDoiACoAaW5pdGlhbGl6ZWQiO2I6MDtzOjEyOiIAKgBzZXBhcmF0b3IiO3M6MToiLiI7fQ==\";',0,'');

/*Table structure for table `aj7za_tags` */


CREATE TABLE `aj7za_tags` (
  `id` int unsigned NOT NULL AUTO_INCREMENT,
  `parent_id` int unsigned NOT NULL DEFAULT '0',
  `lft` int NOT NULL DEFAULT '0',
  `rgt` int NOT NULL DEFAULT '0',
  `level` int unsigned NOT NULL DEFAULT '0',
  `path` varchar(400) CHARACTER SET utf8mb4 COLLATE utf8mb4_unicode_ci NOT NULL DEFAULT '',
  `title` varchar(255) CHARACTER SET utf8mb4 COLLATE utf8mb4_unicode_ci NOT NULL,
  `alias` varchar(400) CHARACTER SET utf8mb4 COLLATE utf8mb4_bin NOT NULL DEFAULT '',
  `note` varchar(255) CHARACTER SET utf8mb4 COLLATE utf8mb4_unicode_ci NOT NULL DEFAULT '',
  `description` mediumtext CHARACTER SET utf8mb4 COLLATE utf8mb4_unicode_ci NOT NULL,
  `published` tinyint(1) NOT NULL DEFAULT '0',
  `checked_out` int unsigned DEFAULT NULL,
  `checked_out_time` datetime DEFAULT NULL,
  `access` int unsigned NOT NULL DEFAULT '0',
  `params` text CHARACTER SET utf8mb4 COLLATE utf8mb4_unicode_ci NOT NULL,
  `metadesc` varchar(1024) CHARACTER SET utf8mb4 COLLATE utf8mb4_unicode_ci NOT NULL COMMENT 'The meta description for the page.',
  `metakey` varchar(1024) CHARACTER SET utf8mb4 COLLATE utf8mb4_unicode_ci NOT NULL DEFAULT '',
  `metadata` varchar(2048) CHARACTER SET utf8mb4 COLLATE utf8mb4_unicode_ci NOT NULL COMMENT 'JSON encoded metadata properties.',
  `created_user_id` int unsigned NOT NULL DEFAULT '0',
  `created_time` datetime NOT NULL,
  `created_by_alias` varchar(255) CHARACTER SET utf8mb4 COLLATE utf8mb4_unicode_ci NOT NULL DEFAULT '',
  `modified_user_id` int unsigned NOT NULL DEFAULT '0',
  `modified_time` datetime NOT NULL,
  `images` text CHARACTER SET utf8mb4 COLLATE utf8mb4_unicode_ci NOT NULL,
  `urls` text CHARACTER SET utf8mb4 COLLATE utf8mb4_unicode_ci NOT NULL,
  `hits` int unsigned NOT NULL DEFAULT '0',
  `language` char(7) CHARACTER SET utf8mb4 COLLATE utf8mb4_unicode_ci NOT NULL,
  `version` int unsigned NOT NULL DEFAULT '1',
  `publish_up` datetime DEFAULT NULL,
  `publish_down` datetime DEFAULT NULL,
  PRIMARY KEY (`id`),
  KEY `tag_idx` (`published`,`access`),
  KEY `idx_access` (`access`),
  KEY `idx_checkout` (`checked_out`),
  KEY `idx_path` (`path`(100)),
  KEY `idx_left_right` (`lft`,`rgt`),
  KEY `idx_alias` (`alias`(100)),
  KEY `idx_language` (`language`)
) ENGINE=InnoDB AUTO_INCREMENT=2 DEFAULT CHARSET=utf8mb4 COLLATE=utf8mb4_unicode_ci;

/*Data for the table `aj7za_tags` */

insert  into `aj7za_tags`(`id`,`parent_id`,`lft`,`rgt`,`level`,`path`,`title`,`alias`,`note`,`description`,`published`,`checked_out`,`checked_out_time`,`access`,`params`,`metadesc`,`metakey`,`metadata`,`created_user_id`,`created_time`,`created_by_alias`,`modified_user_id`,`modified_time`,`images`,`urls`,`hits`,`language`,`version`,`publish_up`,`publish_down`) values 
(1,0,0,1,0,'','ROOT','root','','',1,NULL,NULL,1,'','','','',243,'2011-01-01 00:00:01','',243,'2011-01-01 00:00:01','','',0,'*',1,NULL,NULL);

/*Table structure for table `aj7za_template_overrides` */


CREATE TABLE `aj7za_template_overrides` (
  `id` int unsigned NOT NULL AUTO_INCREMENT,
  `template` varchar(50) CHARACTER SET utf8mb4 COLLATE utf8mb4_unicode_ci NOT NULL DEFAULT '',
  `hash_id` varchar(255) CHARACTER SET utf8mb4 COLLATE utf8mb4_unicode_ci NOT NULL DEFAULT '',
  `extension_id` int DEFAULT '0',
  `state` tinyint NOT NULL DEFAULT '0',
  `action` varchar(50) CHARACTER SET utf8mb4 COLLATE utf8mb4_unicode_ci NOT NULL DEFAULT '',
  `client_id` tinyint unsigned NOT NULL DEFAULT '0',
  `created_date` datetime NOT NULL,
  `modified_date` datetime DEFAULT NULL,
  PRIMARY KEY (`id`),
  KEY `idx_template` (`template`),
  KEY `idx_extension_id` (`extension_id`)
) ENGINE=InnoDB DEFAULT CHARSET=utf8mb4 COLLATE=utf8mb4_unicode_ci;

/*Data for the table `aj7za_template_overrides` */

/*Table structure for table `aj7za_template_styles` */


CREATE TABLE `aj7za_template_styles` (
  `id` int unsigned NOT NULL AUTO_INCREMENT,
  `template` varchar(50) CHARACTER SET utf8mb4 COLLATE utf8mb4_unicode_ci NOT NULL DEFAULT '',
  `client_id` tinyint unsigned NOT NULL DEFAULT '0',
  `home` char(7) CHARACTER SET utf8mb4 COLLATE utf8mb4_unicode_ci NOT NULL DEFAULT '0',
  `title` varchar(255) CHARACTER SET utf8mb4 COLLATE utf8mb4_unicode_ci NOT NULL DEFAULT '',
  `params` text CHARACTER SET utf8mb4 COLLATE utf8mb4_unicode_ci NOT NULL,
  `inheritable` tinyint NOT NULL DEFAULT '0',
  `parent` varchar(50) CHARACTER SET utf8mb4 COLLATE utf8mb4_unicode_ci DEFAULT '',
  PRIMARY KEY (`id`),
  KEY `idx_template` (`template`),
  KEY `idx_client_id` (`client_id`),
  KEY `idx_client_id_home` (`client_id`,`home`)
) ENGINE=InnoDB AUTO_INCREMENT=12 DEFAULT CHARSET=utf8mb4 COLLATE=utf8mb4_unicode_ci;

/*Data for the table `aj7za_template_styles` */

insert  into `aj7za_template_styles`(`id`,`template`,`client_id`,`home`,`title`,`params`,`inheritable`,`parent`) values 
(10,'atum',1,'1','Atum - Default','{\"hue\": \"hsl(214, 63%, 20%)\", \"bg-light\": \"#f0f4fb\", \"loginLogo\": \"\", \"text-dark\": \"#495057\", \"link-color\": \"#2a69b8\", \"monochrome\": \"0\", \"text-light\": \"#ffffff\", \"colorScheme\": \"os\", \"loginLogoAlt\": \"\", \"special-color\": \"#001b4c\", \"logoBrandLarge\": \"\", \"logoBrandSmall\": \"\", \"logoBrandLargeAlt\": \"\", \"logoBrandSmallAlt\": \"\"}',1,''),
(11,'cassiopeia',0,'1','Cassiopeia - Default','{\"brand\":false,\"logoFile\":\"\",\"siteTitle\":\"\",\"siteDescription\":\"\",\"useFontScheme\":\"0\",\"colorName\":\"colors_alternative\",\"fluidContainer\":\"1\",\"stickyHeader\":0,\"backTop\":1}',1,'');

/*Table structure for table `aj7za_tuf_metadata` */


CREATE TABLE `aj7za_tuf_metadata` (
  `id` int NOT NULL AUTO_INCREMENT,
  `update_site_id` int DEFAULT '0',
  `root` text CHARACTER SET utf8mb4 COLLATE utf8mb4_unicode_ci,
  `targets` text CHARACTER SET utf8mb4 COLLATE utf8mb4_unicode_ci,
  `snapshot` text CHARACTER SET utf8mb4 COLLATE utf8mb4_unicode_ci,
  `timestamp` text CHARACTER SET utf8mb4 COLLATE utf8mb4_unicode_ci,
  `mirrors` text CHARACTER SET utf8mb4 COLLATE utf8mb4_unicode_ci,
  PRIMARY KEY (`id`)
) ENGINE=InnoDB AUTO_INCREMENT=2 DEFAULT CHARSET=utf8mb4 COLLATE=utf8mb4_unicode_ci COMMENT='Secure TUF Updates';

/*Data for the table `aj7za_tuf_metadata` */

insert  into `aj7za_tuf_metadata`(`id`,`update_site_id`,`root`,`targets`,`snapshot`,`timestamp`,`mirrors`) values 
(1,1,'{\"signed\":{\"_type\":\"root\",\"spec_version\":\"1.0\",\"version\":6,\"expires\":\"2026-01-04T10:59:13Z\",\"keys\":{\"07eb082f367c034a95878687f6648aa76d93652b6ee73e58817053d89af6c44f\":{\"keytype\":\"ed25519\",\"scheme\":\"ed25519\",\"keyid_hash_algorithms\":[\"sha256\",\"sha512\"],\"keyval\":{\"public\":\"9b2af2d9b9727227735253d795bd27ea8f0e294a5f3603e822dc5052b44802b9\"}},\"1b1b1dd55b2c1c7258714cf1c1ae06f23e4607b28c762d016a9d81c48ffe5669\":{\"keytype\":\"ed25519\",\"scheme\":\"ed25519\",\"keyid_hash_algorithms\":[\"sha256\",\"sha512\"],\"keyval\":{\"public\":\"a18e5ebabc19d5d5984b601a292ece61ba3662ab2d071dc520da5bd4f8948799\"}},\"2dcaf3d0e552f150792f7c636d45429246dcfa34ac35b46a44f5c87cd17d457e\":{\"keytype\":\"ed25519\",\"scheme\":\"ed25519\",\"keyid_hash_algorithms\":[\"sha256\",\"sha512\"],\"keyval\":{\"public\":\"cb0a7a131961a20edea051d6dc2b091fb650bd399bd8514adb67b3c60db9f8f9\"}},\"31dd7c7290d664c9b88c0dead2697175293ea7df81b7f24153a37370fd3901c3\":{\"keytype\":\"ed25519\",\"scheme\":\"ed25519\",\"keyid_hash_algorithms\":[\"sha256\",\"sha512\"],\"keyval\":{\"public\":\"589d029a68b470deff1ca16dbf3eea6b5b3fcba0ae7bb52c468abc7fb058b2a2\"}},\"9e41a9d62d94c6a1c8a304f62c5bd72d84a9f286f27e8327cedeacb09e5156cc\":{\"keytype\":\"ed25519\",\"scheme\":\"ed25519\",\"keyid_hash_algorithms\":[\"sha256\",\"sha512\"],\"keyval\":{\"public\":\"6043c8bacc76ac5c9750f45454dd865c6ca1fc57d69e14cc192cfd420f6a66a9\"}},\"9eabc37383b243cd236375c66693db385911914b52556e1ec05fc70ed45e1bfe\":{\"keytype\":\"ed25519\",\"scheme\":\"ed25519\",\"keyid_hash_algorithms\":[\"sha256\",\"sha512\"],\"keyval\":{\"public\":\"a4b8509488f1c29ab0b1f610e7452fbec78b4f33f1fba5a418d6ff087c567429\"}},\"bfee044dd4574a281c9b7c0b6829913ef292c66c0512d1091a298cfca8493da9\":{\"keytype\":\"ed25519\",\"scheme\":\"ed25519\",\"keyid_hash_algorithms\":[\"sha256\",\"sha512\"],\"keyval\":{\"public\":\"6eb44460e5914e8e0df726ddb90bd1f3771b8ce5af19b40fb01ac5a85b023a6f\"}},\"e2229942b0fc1e6d7f82adf258e5bdadac10046d1470b7ec459c9eb4e076026b\":{\"keytype\":\"ed25519\",\"scheme\":\"ed25519\",\"keyid_hash_algorithms\":[\"sha256\",\"sha512\"],\"keyval\":{\"public\":\"ad1950e117b29ebe7a38635a2e574123e07571e4f9a011783e053b5f15d2562a\"}},\"ecc851a051c8d6439331ff0a37c7727321fc39896a34f950f73638b8a7cb472e\":{\"keytype\":\"ed25519\",\"scheme\":\"ed25519\",\"keyid_hash_algorithms\":[\"sha256\",\"sha512\"],\"keyval\":{\"public\":\"5d451915bc2b93a0e4e4745bc6a8b292d58996d50e0fb66c78c7827152a65879\"}}},\"roles\":{\"root\":{\"keyids\":[\"1b1b1dd55b2c1c7258714cf1c1ae06f23e4607b28c762d016a9d81c48ffe5669\",\"2dcaf3d0e552f150792f7c636d45429246dcfa34ac35b46a44f5c87cd17d457e\"],\"threshold\":1},\"snapshot\":{\"keyids\":[\"07eb082f367c034a95878687f6648aa76d93652b6ee73e58817053d89af6c44f\",\"2dcaf3d0e552f150792f7c636d45429246dcfa34ac35b46a44f5c87cd17d457e\",\"ecc851a051c8d6439331ff0a37c7727321fc39896a34f950f73638b8a7cb472e\",\"e2229942b0fc1e6d7f82adf258e5bdadac10046d1470b7ec459c9eb4e076026b\",\"bfee044dd4574a281c9b7c0b6829913ef292c66c0512d1091a298cfca8493da9\",\"9eabc37383b243cd236375c66693db385911914b52556e1ec05fc70ed45e1bfe\"],\"threshold\":1},\"targets\":{\"keyids\":[\"31dd7c7290d664c9b88c0dead2697175293ea7df81b7f24153a37370fd3901c3\",\"ecc851a051c8d6439331ff0a37c7727321fc39896a34f950f73638b8a7cb472e\",\"e2229942b0fc1e6d7f82adf258e5bdadac10046d1470b7ec459c9eb4e076026b\",\"bfee044dd4574a281c9b7c0b6829913ef292c66c0512d1091a298cfca8493da9\",\"9eabc37383b243cd236375c66693db385911914b52556e1ec05fc70ed45e1bfe\"],\"threshold\":1},\"timestamp\":{\"keyids\":[\"9e41a9d62d94c6a1c8a304f62c5bd72d84a9f286f27e8327cedeacb09e5156cc\"],\"threshold\":1}},\"consistent_snapshot\":true},\"signatures\":[{\"keyid\":\"1b1b1dd55b2c1c7258714cf1c1ae06f23e4607b28c762d016a9d81c48ffe5669\",\"sig\":\"ba9fc6e7ff7a8b85d8c60eb0319e6be7a501aba26898ed1ad64db6726b5315f3f426fcf29e632f2cbdb83a888324a1a0963d3145e0a0b34803be4c6e20732d0d\"}]}','{\"signed\":{\"_type\":\"targets\",\"spec_version\":\"1.0\",\"version\":40,\"expires\":\"2025-06-11T16:01:28Z\",\"targets\":{\"Joomla_5.1.2-Stable-Upgrade_Package.zip\":{\"length\":28134889,\"hashes\":{\"sha512\":\"d6b46cdedb9b31d01a607fe4c2f3a830a3265ed6ae5c0cb7b0f836b1b016ee7c639bd8948df00baf1b61a87f2fc71368a80b39e67ef9ec2b8842ee0ab09a620f\"},\"custom\":{\"client\":\"site\",\"description\":\"Joomla! 5.1.2 Release\",\"downloads\":[{\"url\":\"https://downloads.joomla.org/cms/joomla5/5-1-2/Joomla_5.1.2-Stable-Update_Package.zip\",\"format\":\"zip\",\"type\":\"full\"},{\"url\":\"https://github.com/joomla/joomla-cms/releases/download/5.1.2/Joomla_5.1.2-Stable-Update_Package.zip\",\"format\":\"zip\",\"type\":\"full\"},{\"url\":\"https://update.joomla.org/releases/5.1.2/Joomla_5.1.2-Stable-Update_Package.zip\",\"format\":\"zip\",\"type\":\"full\"}],\"element\":\"joomla\",\"infourl\":{\"url\":\"https://www.joomla.org/announcements/release-news/5909-joomla-5-1-2-and-joomla-4-4-6-security-and-bug-fix-release.html\",\"title\":\"Joomla! 5.1.2 Release\"},\"maintainer\":\"Joomla! Production Department\",\"maintainerurl\":\"https://www.joomla.org\",\"name\":\"Joomla! 5.1.2\",\"php_minimum\":\"8.1.0\",\"channel\":\"6.x\",\"stability\":\"Stable\",\"supported_databases\":{\"mariadb\":\"10.4\",\"mysql\":\"8.0.13\",\"postgresql\":\"11.0\"},\"targetplatform\":{\"name\":\"joomla\",\"version\":\"(5\\\\.[0-4])|^(4\\\\.4)\"},\"type\":\"file\",\"version\":\"5.1.2\"}},\"Joomla_5.2.4-Stable-Update_Package.zip\":{\"length\":28601853,\"hashes\":{\"sha512\":\"5d17f86f3b760a835903dd99ac6657f40bed72cbd4a03966cd374ab8e30620cc55aa8c98739356f6e0bc3c6c3c761395fbc0aafa9275fbf1ce9523adf7f07483\"},\"custom\":{\"client\":\"site\",\"description\":\"Joomla! 5.2.4 Release\",\"downloads\":[{\"url\":\"https://downloads.joomla.org/cms/joomla5/5-2-4/Joomla_5.2.4-Stable-Update_Package.zip\",\"format\":\"zip\",\"type\":\"full\"},{\"url\":\"https://github.com/joomla/joomla-cms/releases/download/5.2.4/Joomla_5.2.4-Stable-Update_Package.zip\",\"format\":\"zip\",\"type\":\"full\"},{\"url\":\"https://update.joomla.org/releases/5.2.4/Joomla_5.2.4-Stable-Update_Package.zip\",\"format\":\"zip\",\"type\":\"full\"}],\"element\":\"joomla\",\"infourl\":{\"url\":\"https://www.joomla.org/announcements/release-news/5920-joomla-5-2-4-security-bugfix-release.html\",\"title\":\"Joomla! 5.2.4 Release\"},\"maintainer\":\"Joomla! Production Department\",\"maintainerurl\":\"https://www.joomla.org\",\"name\":\"Joomla! 5.2.4\",\"php_minimum\":\"8.1.0\",\"channel\":\"5.x\",\"stability\":\"Stable\",\"supported_databases\":{\"mariadb\":\"10.4\",\"mysql\":\"8.0.13\",\"postgresql\":\"11.0\"},\"targetplatform\":{\"name\":\"joomla\",\"version\":\"(5\\\\.[0-4])|^(4\\\\.4)\"},\"type\":\"file\",\"version\":\"5.2.4\"}},\"Joomla_5.2.5-Stable-Update_Package.zip\":{\"length\":28829595,\"hashes\":{\"sha512\":\"c74957de22a5fc9862339f6dff06b7971651f29adf98b6d4f69b3c06f2556514b63ecfcdc820d152ce6983d4bcc205cbba504d1e846829ad9f7146863226c9ef\"},\"custom\":{\"client\":\"site\",\"description\":\"Joomla! 5.2.5 Release\",\"downloads\":[{\"url\":\"https://downloads.joomla.org/cms/joomla5/5-2-5/Joomla_5.2.5-Stable-Update_Package.zip\",\"format\":\"zip\",\"type\":\"full\"},{\"url\":\"https://github.com/joomla/joomla-cms/releases/download/5.2.5/Joomla_5.2.5-Stable-Update_Package.zip\",\"format\":\"zip\",\"type\":\"full\"},{\"url\":\"https://update.joomla.org/releases/5.2.5/Joomla_5.2.5-Stable-Update_Package.zip\",\"format\":\"zip\",\"type\":\"full\"}],\"element\":\"joomla\",\"infourl\":{\"url\":\"https://www.joomla.org/announcements/release-news/5922-joomla-5-2-5-security-bugfix-release.html\",\"title\":\"Joomla! 5.2.5 Release\"},\"maintainer\":\"Joomla! Production Department\",\"maintainerurl\":\"https://www.joomla.org\",\"name\":\"Joomla! 5.2.5\",\"php_minimum\":\"8.1.0\",\"channel\":\"5.x\",\"stability\":\"Stable\",\"supported_databases\":{\"mariadb\":\"10.4\",\"mysql\":\"8.0.13\",\"postgresql\":\"11.0\"},\"targetplatform\":{\"name\":\"joomla\",\"version\":\"(5\\\\.[0-4])|^(4\\\\.4)\"},\"type\":\"file\",\"version\":\"5.2.5\"}},\"Joomla_5.3.0-beta1-Beta-Update_Package.zip\":{\"length\":28792987,\"hashes\":{\"sha512\":\"0cbe261005acbea63af23a477daf1b1706071d887520c954e64ff481ae663ba74d87234815ee8c1da020b0e4dea854ac6442153b8d40908a8dd3bba22869b268\"},\"custom\":{\"client\":\"site\",\"description\":\"Joomla! 5.3.0-beta1 Release\",\"downloads\":[{\"url\":\"https://github.com/joomla/joomla-cms/releases/download/5.3.0-beta1/Joomla_5.3.0-beta1-Beta-Update_Package.zip\",\"format\":\"zip\",\"type\":\"full\"}],\"element\":\"joomla\",\"infourl\":{\"url\":\"https://developer.joomla.org/news/959-joomla-5-3-0-beta-1-feature-freeze.html\",\"title\":\"Joomla! 5.3.0-beta1 Release\"},\"maintainer\":\"Joomla! Production Department\",\"maintainerurl\":\"https://www.joomla.org\",\"name\":\"Joomla! 5.3.0-beta1\",\"php_minimum\":\"8.1.0\",\"channel\":\"5.x\",\"stability\":\"Beta\",\"supported_databases\":{\"mariadb\":\"10.4\",\"mysql\":\"8.0.13\",\"postgresql\":\"11.0\"},\"targetplatform\":{\"name\":\"joomla\",\"version\":\"(5\\\\.[0-4])|^(4\\\\.4)\"},\"type\":\"file\",\"version\":\"5.3.0-beta1\"}},\"Joomla_5.3.0-beta2-Beta-Update_Package.zip\":{\"length\":28953678,\"hashes\":{\"sha512\":\"ba64a8fc6c6bf92d36a1f7f12c3951ad4f786cd9f86915d55e00fbced837e9b5103146cfdd1587271054b17c9e9405e8ffe7b14292823bc421b4a09a58af7a6d\"},\"custom\":{\"client\":\"site\",\"description\":\"Joomla! 5.3.0-beta2 Release\",\"downloads\":[{\"url\":\"https://github.com/joomla/joomla-cms/releases/download/5.3.0-beta2/Joomla_5.3.0-beta2-Beta-Update_Package.zip\",\"format\":\"zip\",\"type\":\"full\"}],\"element\":\"joomla\",\"infourl\":{\"url\":\"https://developer.joomla.org/news/960-joomla-5-3-0-beta-2-bug-squashing-time.html\",\"title\":\"Joomla! 5.3.0-beta2 Release\"},\"maintainer\":\"Joomla! Production Department\",\"maintainerurl\":\"https://www.joomla.org\",\"name\":\"Joomla! 5.3.0-beta2\",\"php_minimum\":\"8.1.0\",\"channel\":\"5.x\",\"stability\":\"Beta\",\"supported_databases\":{\"mariadb\":\"10.4\",\"mysql\":\"8.0.13\",\"postgresql\":\"11.0\"},\"targetplatform\":{\"name\":\"joomla\",\"version\":\"(5\\\\.[0-4])|^(4\\\\.4)\"},\"type\":\"file\",\"version\":\"5.3.0-beta2\"}}}},\"signatures\":[{\"keyid\":\"e2229942b0fc1e6d7f82adf258e5bdadac10046d1470b7ec459c9eb4e076026b\",\"sig\":\"f35f59b62b85e26f81485ab4911ce721059a32ecaef7df72c3155538cb62059a4908e448e326d81a62c671c25413802c944461aa8d92ffabdd0c9e77799a7208\"}]}','{\"signed\":{\"_type\":\"snapshot\",\"spec_version\":\"1.0\",\"version\":45,\"expires\":\"2025-10-07T16:01:53Z\",\"meta\":{\"targets.json\":{\"length\":5851,\"hashes\":{\"sha512\":\"570f9da894f5ef0c5556fd7a0243c241c8b4aaf4d9a0cbae062ab08c7aea54dc9b0cefc1dbe6cb36c37addb08bde5364e84bd3711cce010de4c784a1728088bb\"},\"version\":40}}},\"signatures\":[{\"keyid\":\"e2229942b0fc1e6d7f82adf258e5bdadac10046d1470b7ec459c9eb4e076026b\",\"sig\":\"0bc0add62f111e133623e4efcdfe0012c2df88002019a319de9138c22c0ed7d8dd1354dfcee3504875b99471f305ca5c75708d6ac23fa1bf97ddcb6794f6d209\"}]}','{\"signed\":{\"_type\":\"timestamp\",\"spec_version\":\"1.0\",\"version\":500,\"expires\":\"2025-03-15T01:00:56Z\",\"meta\":{\"snapshot.json\":{\"length\":531,\"hashes\":{\"sha512\":\"7e7a6185333e0da8652ff285b6005e2372178151821c32fa9d872bb3c06fcbeeba5565ae816e26fb38fa8b583223c8abcdfcdea9328e016692b58fe15fd336de\"},\"version\":45}}},\"signatures\":[{\"keyid\":\"9e41a9d62d94c6a1c8a304f62c5bd72d84a9f286f27e8327cedeacb09e5156cc\",\"sig\":\"6976e1c3410d0bde2975980af507652834705cc5eb6e367c26682518c5a3c08935e54ca1fb703404277afc7500ea3d80077769aabd90cf07024b0710b0604500\"}]}',NULL);

/*Table structure for table `aj7za_ucm_base` */


CREATE TABLE `aj7za_ucm_base` (
  `ucm_id` int unsigned NOT NULL,
  `ucm_item_id` int NOT NULL,
  `ucm_type_id` int NOT NULL,
  `ucm_language_id` int NOT NULL,
  PRIMARY KEY (`ucm_id`),
  KEY `idx_ucm_item_id` (`ucm_item_id`),
  KEY `idx_ucm_type_id` (`ucm_type_id`),
  KEY `idx_ucm_language_id` (`ucm_language_id`)
) ENGINE=InnoDB DEFAULT CHARSET=utf8mb4 COLLATE=utf8mb4_unicode_ci;

/*Data for the table `aj7za_ucm_base` */

/*Table structure for table `aj7za_ucm_content` */


CREATE TABLE `aj7za_ucm_content` (
  `core_content_id` int unsigned NOT NULL AUTO_INCREMENT,
  `core_type_alias` varchar(400) CHARACTER SET utf8mb4 COLLATE utf8mb4_unicode_ci NOT NULL DEFAULT '' COMMENT 'FK to the content types table',
  `core_title` varchar(400) CHARACTER SET utf8mb4 COLLATE utf8mb4_unicode_ci NOT NULL DEFAULT '',
  `core_alias` varchar(400) CHARACTER SET utf8mb4 COLLATE utf8mb4_bin NOT NULL DEFAULT '',
  `core_body` mediumtext CHARACTER SET utf8mb4 COLLATE utf8mb4_unicode_ci,
  `core_state` tinyint(1) NOT NULL DEFAULT '0',
  `core_checked_out_time` datetime DEFAULT NULL,
  `core_checked_out_user_id` int unsigned DEFAULT NULL,
  `core_access` int unsigned NOT NULL DEFAULT '0',
  `core_params` text CHARACTER SET utf8mb4 COLLATE utf8mb4_unicode_ci,
  `core_featured` tinyint unsigned NOT NULL DEFAULT '0',
  `core_metadata` varchar(2048) CHARACTER SET utf8mb4 COLLATE utf8mb4_unicode_ci NOT NULL DEFAULT '' COMMENT 'JSON encoded metadata properties.',
  `core_created_user_id` int unsigned NOT NULL DEFAULT '0',
  `core_created_by_alias` varchar(255) CHARACTER SET utf8mb4 COLLATE utf8mb4_unicode_ci NOT NULL DEFAULT '',
  `core_created_time` datetime NOT NULL,
  `core_modified_user_id` int unsigned NOT NULL DEFAULT '0' COMMENT 'Most recent user that modified',
  `core_modified_time` datetime NOT NULL,
  `core_language` char(7) CHARACTER SET utf8mb4 COLLATE utf8mb4_unicode_ci NOT NULL DEFAULT '',
  `core_publish_up` datetime DEFAULT NULL,
  `core_publish_down` datetime DEFAULT NULL,
  `core_content_item_id` int unsigned NOT NULL DEFAULT '0' COMMENT 'ID from the individual type table',
  `asset_id` int unsigned NOT NULL DEFAULT '0' COMMENT 'FK to the #__assets table.',
  `core_images` text CHARACTER SET utf8mb4 COLLATE utf8mb4_unicode_ci,
  `core_urls` text CHARACTER SET utf8mb4 COLLATE utf8mb4_unicode_ci,
  `core_hits` int unsigned NOT NULL DEFAULT '0',
  `core_version` int unsigned NOT NULL DEFAULT '1',
  `core_ordering` int NOT NULL DEFAULT '0',
  `core_metakey` text CHARACTER SET utf8mb4 COLLATE utf8mb4_unicode_ci,
  `core_metadesc` text CHARACTER SET utf8mb4 COLLATE utf8mb4_unicode_ci,
  `core_catid` int unsigned NOT NULL DEFAULT '0',
  `core_xreference` varchar(50) CHARACTER SET utf8mb4 COLLATE utf8mb4_unicode_ci NOT NULL DEFAULT '' COMMENT 'A reference to enable linkages to external data sets.',
  `core_type_id` int unsigned NOT NULL DEFAULT '0',
  PRIMARY KEY (`core_content_id`),
  KEY `tag_idx` (`core_state`,`core_access`),
  KEY `idx_access` (`core_access`),
  KEY `idx_alias` (`core_alias`(100)),
  KEY `idx_language` (`core_language`),
  KEY `idx_title` (`core_title`(100)),
  KEY `idx_modified_time` (`core_modified_time`),
  KEY `idx_created_time` (`core_created_time`),
  KEY `idx_content_type` (`core_type_alias`(100)),
  KEY `idx_core_modified_user_id` (`core_modified_user_id`),
  KEY `idx_core_checked_out_user_id` (`core_checked_out_user_id`),
  KEY `idx_core_created_user_id` (`core_created_user_id`),
  KEY `idx_core_type_id` (`core_type_id`)
) ENGINE=InnoDB DEFAULT CHARSET=utf8mb4 COLLATE=utf8mb4_unicode_ci COMMENT='Contains core content data in name spaced fields';

/*Data for the table `aj7za_ucm_content` */

/*Table structure for table `aj7za_update_sites` */


CREATE TABLE `aj7za_update_sites` (
  `update_site_id` int NOT NULL AUTO_INCREMENT,
  `name` varchar(100) CHARACTER SET utf8mb4 COLLATE utf8mb4_unicode_ci DEFAULT '',
  `type` varchar(20) CHARACTER SET utf8mb4 COLLATE utf8mb4_unicode_ci DEFAULT '',
  `location` text CHARACTER SET utf8mb4 COLLATE utf8mb4_unicode_ci NOT NULL,
  `enabled` int DEFAULT '0',
  `last_check_timestamp` bigint DEFAULT '0',
  `extra_query` varchar(1000) CHARACTER SET utf8mb4 COLLATE utf8mb4_unicode_ci DEFAULT '',
  `checked_out` int unsigned DEFAULT NULL,
  `checked_out_time` datetime DEFAULT NULL,
  PRIMARY KEY (`update_site_id`)
) ENGINE=InnoDB AUTO_INCREMENT=46 DEFAULT CHARSET=utf8mb4 COLLATE=utf8mb4_unicode_ci COMMENT='Update Sites';

/*Data for the table `aj7za_update_sites` */

insert  into `aj7za_update_sites`(`update_site_id`,`name`,`type`,`location`,`enabled`,`last_check_timestamp`,`extra_query`,`checked_out`,`checked_out_time`) values 
(1,'Joomla! Core','tuf','https://update.joomla.org/cms/',1,1741865032,'',NULL,NULL),
(3,'Accredited Joomla! Translations','collection','https://update.joomla.org/language/translationlist_5.xml',1,1741865033,'',NULL,NULL),
(4,'Joomla! Update Component','extension','https://update.joomla.org/core/extensions/com_joomlaupdate.xml',1,1741865034,'',NULL,NULL),
(31,'WebInstaller Update Site','extension','https://appscdn.joomla.org/webapps/jedapps/webinstaller.xml',1,1741865034,'',NULL,NULL),
(32,'Akeeba FEF','extension','http://cdn.akeeba.com/updates/fef.xml',1,1741865034,'',NULL,NULL),
(37,'Search Update Site','extension','https://raw.githubusercontent.com/joomla-extensions/search/main/manifest.xml',1,1741865035,'',NULL,NULL),
(41,'JEvents Addon Updates','extension','https://www.jevents.net/newupdates/jevents_package.xml',1,1741865035,'',NULL,NULL),
(42,'JEvents Addon Updates','collection','https://www.jevents.net/newupdates/jevents_addon_updates.xml',1,1741865037,'dlid=-dmFhbGVza29sZWtvcnBzLm5v',NULL,NULL),
(43,'JCE Editor Package','extension','https://cdn.joomlacontenteditor.net/updates/xml/editor/pkg_jce.xml',1,1741865038,'',NULL,NULL),
(45,'Smart Slider 3 Updates','extension','https://api.nextendweb.com/v1/?action=joomla_version&platform=joomla&product=smartslider3&pro=0&channel=stable',1,1741865038,'',NULL,NULL);

/*Table structure for table `aj7za_update_sites_extensions` */


CREATE TABLE `aj7za_update_sites_extensions` (
  `update_site_id` int NOT NULL DEFAULT '0',
  `extension_id` int NOT NULL DEFAULT '0',
  PRIMARY KEY (`update_site_id`,`extension_id`)
) ENGINE=InnoDB DEFAULT CHARSET=utf8mb4 COLLATE=utf8mb4_unicode_ci COMMENT='Links extensions to update sites';

/*Data for the table `aj7za_update_sites_extensions` */

insert  into `aj7za_update_sites_extensions`(`update_site_id`,`extension_id`) values 
(1,700),
(3,802),
(3,10002),
(4,28),
(31,10005),
(32,10098),
(37,10162),
(41,10204),
(42,10207),
(43,10231),
(44,10204),
(45,10183);

/*Table structure for table `aj7za_updates` */


CREATE TABLE `aj7za_updates` (
  `update_id` int NOT NULL AUTO_INCREMENT,
  `update_site_id` int DEFAULT '0',
  `extension_id` int DEFAULT '0',
  `name` varchar(100) CHARACTER SET utf8mb4 COLLATE utf8mb4_unicode_ci DEFAULT '',
  `description` text CHARACTER SET utf8mb4 COLLATE utf8mb4_unicode_ci NOT NULL,
  `element` varchar(100) CHARACTER SET utf8mb4 COLLATE utf8mb4_unicode_ci DEFAULT '',
  `type` varchar(20) CHARACTER SET utf8mb4 COLLATE utf8mb4_unicode_ci DEFAULT '',
  `folder` varchar(20) CHARACTER SET utf8mb4 COLLATE utf8mb4_unicode_ci DEFAULT '',
  `client_id` tinyint DEFAULT '0',
  `version` varchar(32) CHARACTER SET utf8mb4 COLLATE utf8mb4_unicode_ci DEFAULT '',
  `data` text CHARACTER SET utf8mb4 COLLATE utf8mb4_unicode_ci NOT NULL,
  `detailsurl` text CHARACTER SET utf8mb4 COLLATE utf8mb4_unicode_ci NOT NULL,
  `infourl` text CHARACTER SET utf8mb4 COLLATE utf8mb4_unicode_ci NOT NULL,
  `changelogurl` text CHARACTER SET utf8mb4 COLLATE utf8mb4_unicode_ci,
  `extra_query` varchar(1000) CHARACTER SET utf8mb4 COLLATE utf8mb4_unicode_ci DEFAULT '',
  PRIMARY KEY (`update_id`)
) ENGINE=InnoDB AUTO_INCREMENT=782 DEFAULT CHARSET=utf8mb4 COLLATE=utf8mb4_unicode_ci COMMENT='Available Updates';

/*Data for the table `aj7za_updates` */

insert  into `aj7za_updates`(`update_id`,`update_site_id`,`extension_id`,`name`,`description`,`element`,`type`,`folder`,`client_id`,`version`,`data`,`detailsurl`,`infourl`,`changelogurl`,`extra_query`) values 
(592,1,700,'Joomla! 5.2.5','Joomla! 5.2.5 Release','joomla','file','',0,'5.2.5','','https://update.joomla.org/cms/','https://www.joomla.org/announcements/release-news/5922-joomla-5-2-5-security-bugfix-release.html',NULL,''),
(593,3,0,'Afrikaans','','pkg_af-ZA','package','',0,'5.0.2.1','','https://update.joomla.org/language/details5/af-ZA_details.xml','','',''),
(594,3,0,'Belarusian','','pkg_be-BY','package','',0,'5.2.4.1','','https://update.joomla.org/language/details5/be-BY_details.xml','','',''),
(595,3,0,'Bulgarian','','pkg_bg-BG','package','',0,'5.2.4.1','','https://update.joomla.org/language/details5/bg-BG_details.xml','','',''),
(596,3,0,'Catalan','','pkg_ca-ES','package','',0,'5.2.5.1','','https://update.joomla.org/language/details5/ca-ES_details.xml','','',''),
(597,3,0,'Chinese, Simplified','','pkg_zh-CN','package','',0,'5.1.2.1','','https://update.joomla.org/language/details5/zh-CN_details.xml','','',''),
(598,3,0,'Chinese, Traditional','','pkg_zh-TW','package','',0,'5.0.3.1','','https://update.joomla.org/language/details5/zh-TW_details.xml','','',''),
(599,3,0,'Croatian','','pkg_hr-HR','package','',0,'5.2.1.1','','https://update.joomla.org/language/details5/hr-HR_details.xml','','',''),
(600,3,0,'Czech','','pkg_cs-CZ','package','',0,'5.2.0.1','','https://update.joomla.org/language/details5/cs-CZ_details.xml','','',''),
(601,3,0,'Danish','','pkg_da-DK','package','',0,'5.2.5.1','','https://update.joomla.org/language/details5/da-DK_details.xml','','',''),
(602,3,0,'Dutch','','pkg_nl-NL','package','',0,'5.2.5.1','','https://update.joomla.org/language/details5/nl-NL_details.xml','','',''),
(603,3,0,'English, Australia','','pkg_en-AU','package','',0,'5.0.3.1','','https://update.joomla.org/language/details5/en-AU_details.xml','','',''),
(604,3,0,'English, Canada','','pkg_en-CA','package','',0,'5.2.4.1','','https://update.joomla.org/language/details5/en-CA_details.xml','','',''),
(605,3,0,'English, New Zealand','','pkg_en-NZ','package','',0,'5.2.4.1','','https://update.joomla.org/language/details5/en-NZ_details.xml','','',''),
(606,3,0,'English, USA','','pkg_en-US','package','',0,'5.2.4.1','','https://update.joomla.org/language/details5/en-US_details.xml','','',''),
(607,3,0,'Estonian','','pkg_et-EE','package','',0,'5.2.5.1','','https://update.joomla.org/language/details5/et-EE_details.xml','','',''),
(608,3,0,'Finnish','','pkg_fi-FI','package','',0,'5.2.5.1','','https://update.joomla.org/language/details5/fi-FI_details.xml','','',''),
(609,3,0,'Flemish','','pkg_nl-BE','package','',0,'5.2.2.1','','https://update.joomla.org/language/details5/nl-BE_details.xml','','',''),
(610,3,0,'French','','pkg_fr-FR','package','',0,'5.2.5.1','','https://update.joomla.org/language/details5/fr-FR_details.xml','','',''),
(611,3,0,'French, Canada','','pkg_fr-CA','package','',0,'5.2.5.1','','https://update.joomla.org/language/details5/fr-CA_details.xml','','',''),
(612,3,0,'Georgian','','pkg_ka-GE','package','',0,'5.2.4.1','','https://update.joomla.org/language/details5/ka-GE_details.xml','','',''),
(613,3,0,'German','','pkg_de-DE','package','',0,'5.2.5.1','','https://update.joomla.org/language/details5/de-DE_details.xml','','',''),
(614,3,0,'German, Austria','','pkg_de-AT','package','',0,'5.2.5.1','','https://update.joomla.org/language/details5/de-AT_details.xml','','',''),
(615,3,0,'German, Liechtenstein','','pkg_de-LI','package','',0,'5.2.5.1','','https://update.joomla.org/language/details5/de-LI_details.xml','','',''),
(616,3,0,'German, Luxembourg','','pkg_de-LU','package','',0,'5.2.5.1','','https://update.joomla.org/language/details5/de-LU_details.xml','','',''),
(617,3,0,'German, Switzerland','','pkg_de-CH','package','',0,'5.2.5.1','','https://update.joomla.org/language/details5/de-CH_details.xml','','',''),
(618,3,0,'Greek','','pkg_el-GR','package','',0,'5.2.5.1','','https://update.joomla.org/language/details5/el-GR_details.xml','','',''),
(619,3,0,'Hungarian','','pkg_hu-HU','package','',0,'5.2.4.1','','https://update.joomla.org/language/details5/hu-HU_details.xml','','',''),
(620,3,0,'Italian','','pkg_it-IT','package','',0,'5.2.5.1','','https://update.joomla.org/language/details5/it-IT_details.xml','','',''),
(621,3,0,'Japanese','','pkg_ja-JP','package','',0,'5.2.5.1','','https://update.joomla.org/language/details5/ja-JP_details.xml','','',''),
(622,3,0,'Kazakh','','pkg_kk-KZ','package','',0,'5.0.0.4','','https://update.joomla.org/language/details5/kk-KZ_details.xml','','',''),
(623,3,0,'Korean','','pkg_ko-KR','package','',0,'5.0.2.1','','https://update.joomla.org/language/details5/ko-KR_details.xml','','',''),
(624,3,0,'Latvian','','pkg_lv-LV','package','',0,'5.2.4.1','','https://update.joomla.org/language/details5/lv-LV_details.xml','','',''),
(625,3,0,'Lithuanian','','pkg_lt-LT','package','',0,'5.2.4.1','','https://update.joomla.org/language/details5/lt-LT_details.xml','','',''),
(626,3,10002,'Norwegian Bokmål','','pkg_nb-NO','package','',0,'5.2.3.1','','https://update.joomla.org/language/details5/nb-NO_details.xml','','',''),
(627,3,0,'Pashto Afghanistan','','pkg_ps-AF','package','',0,'5.0.1.1','','https://update.joomla.org/language/details5/ps-AF_details.xml','','',''),
(628,3,0,'Persian Farsi','','pkg_fa-IR','package','',0,'5.2.4.1','','https://update.joomla.org/language/details5/fa-IR_details.xml','','',''),
(629,3,0,'Polish','','pkg_pl-PL','package','',0,'5.1.2.1','','https://update.joomla.org/language/details5/pl-PL_details.xml','','',''),
(630,3,0,'Portuguese, Brazil','','pkg_pt-BR','package','',0,'5.2.2.1','','https://update.joomla.org/language/details5/pt-BR_details.xml','','',''),
(631,3,0,'Portuguese, Portugal','','pkg_pt-PT','package','',0,'5.2.2.1','','https://update.joomla.org/language/details5/pt-PT_details.xml','','',''),
(632,3,0,'Romanian','','pkg_ro-RO','package','',0,'5.2.0.2','','https://update.joomla.org/language/details5/ro-RO_details.xml','','',''),
(633,3,0,'Russian','','pkg_ru-RU','package','',0,'5.2.4.1','','https://update.joomla.org/language/details5/ru-RU_details.xml','','',''),
(634,3,0,'Serbian, Cyrillic','','pkg_sr-RS','package','',0,'5.2.5.1','','https://update.joomla.org/language/details5/sr-RS_details.xml','','',''),
(635,3,0,'Serbian, Latin','','pkg_sr-YU','package','',0,'5.2.3.1','','https://update.joomla.org/language/details5/sr-YU_details.xml','','',''),
(636,3,0,'Slovak','','pkg_sk-SK','package','',0,'5.2.5.1','','https://update.joomla.org/language/details5/sk-SK_details.xml','','',''),
(637,3,0,'Slovenian','','pkg_sl-SI','package','',0,'5.2.5.1','','https://update.joomla.org/language/details5/sl-SI_details.xml','','',''),
(638,3,0,'Spanish','','pkg_es-ES','package','',0,'5.2.5.1','','https://update.joomla.org/language/details5/es-ES_details.xml','','',''),
(639,3,0,'Swedish','','pkg_sv-SE','package','',0,'5.2.3.1','','https://update.joomla.org/language/details5/sv-SE_details.xml','','',''),
(640,3,0,'Tamil, India','','pkg_ta-IN','package','',0,'5.2.5.1','','https://update.joomla.org/language/details5/ta-IN_details.xml','','',''),
(641,3,0,'Thai','','pkg_th-TH','package','',0,'5.2.4.1','','https://update.joomla.org/language/details5/th-TH_details.xml','','',''),
(642,3,0,'Turkish','','pkg_tr-TR','package','',0,'5.2.5.1','','https://update.joomla.org/language/details5/tr-TR_details.xml','','',''),
(643,3,0,'Ukrainian','','pkg_uk-UA','package','',0,'5.1.3.1','','https://update.joomla.org/language/details5/uk-UA_details.xml','','',''),
(644,3,0,'Urdu, Pakistan','','pkg_ur-PK','package','',0,'5.1.2.1','','https://update.joomla.org/language/details5/ur-PK_details.xml','','',''),
(645,3,0,'Welsh','','pkg_cy-GB','package','',0,'5.2.4.1','','https://update.joomla.org/language/details5/cy-GB_details.xml','','',''),
(646,41,10204,'JEvents','JEvents Package Update','pkg_jevents','package','',0,'3.6.85','','https://www.jevents.net/newupdates/jevents_package.xml','https://www.jevents.net/products-new/jevents',NULL,''),
(647,42,0,'JEvents Basic','','pkg_jeventsbasic','package','',0,'1.0.0','','https://www.jevents.net/newupdates/package_jeventsbasic.xml','https://www.jevents.net','','dlid=-dmFhbGVza29sZWtvcnBzLm5v'),
(648,42,0,'JEvents Plus','','pkg_jeventsplus','package','',0,'1.0.0','','https://www.jevents.net/newupdates/package_jeventsplus.xml','https://www.jevents.net','','dlid=-dmFhbGVza29sZWtvcnBzLm5v'),
(649,42,0,'JEvents Gold','','pkg_jeventsgold','package','',0,'1.0.0','','https://www.jevents.net/newupdates/package_jeventsgold.xml','https://www.jevents.net','','dlid=-dmFhbGVza29sZWtvcnBzLm5v'),
(650,42,0,'JEvents Extra','','pkg_jeventsextra','package','',0,'1.0.0','','https://www.jevents.net/newupdates/package_jeventsextra.xml','https://www.jevents.net','','dlid=-dmFhbGVza29sZWtvcnBzLm5v'),
(651,42,0,'JEvents - RSVP Pro','','pkg_rsvppro','package','',0,'3.7.54','','https://www.jevents.net/newupdates/allextensions.php?e=pkg_rsvppro&t=package','https://www.jevents.net/download-area/?view=article&id=442','','dlid=-dmFhbGVza29sZWtvcnBzLm5v'),
(652,42,0,'JEvents - Managed People/Resources','','pkg_jevpeople','package','',0,'3.7.9','','https://www.jevents.net/newupdates/allextensions.php?e=pkg_jevpeople&t=package','https://www.jevents.net/download-area/?view=article&id=472','','dlid=-dmFhbGVza29sZWtvcnBzLm5v'),
(653,42,0,'JEvents - Managed Locations','','pkg_jevlocations','package','',0,'3.7.22','','https://www.jevents.net/newupdates/allextensions.php?e=pkg_jevlocations&t=package','https://www.jevents.net/download-area/?view=article&id=462','','dlid=-dmFhbGVza29sZWtvcnBzLm5v'),
(654,42,0,'JEvents - Tags','','pkg_jeventstags','package','',0,'3.7.3','','https://www.jevents.net/newupdates/allextensions.php?e=pkg_jeventstags&t=package','https://www.jevents.net/download-area/?view=article&id=466','','dlid=-dmFhbGVza29sZWtvcnBzLm5v'),
(655,42,0,'JEvents - Matching Events Plugin','','jevmatchingevents','plugin','jevents',0,'3.6.5','','https://www.jevents.net/newupdates/allextensions.php?e=jevmatchingevents&t=plugin&f=jevents','https://www.jevents.net/download-area/?view=article&id=483','','dlid=-dmFhbGVza29sZWtvcnBzLm5v'),
(656,42,0,'JEvents - Missing Events Plugin','','jevmissingevent','plugin','jevents',0,'3.6.1','','https://www.jevents.net/newupdates/allextensions.php?e=jevmissingevent&t=plugin&f=jevents','https://www.jevents.net/download-area/?view=article&id=448','','dlid=-dmFhbGVza29sZWtvcnBzLm5v'),
(657,42,0,'JEvents - Standard Images/Files Plugin','','jevfiles','plugin','jevents',0,'3.10.14','','https://www.jevents.net/newupdates/allextensions.php?e=jevfiles&t=plugin&f=jevents','https://www.jevents.net/download-area/?view=article&id=478','','dlid=-dmFhbGVza29sZWtvcnBzLm5v'),
(658,42,0,'JEvents - Custom Fields','','jevcustomfields','plugin','jevents',0,'3.7.24','','https://www.jevents.net/newupdates/allextensions.php?e=jevcustomfields&t=plugin&f=jevents','https://www.jevents.net/download-area/?view=article&id=467','','dlid=-dmFhbGVza29sZWtvcnBzLm5v'),
(659,42,0,'JEvents - Calendar Restrictions for Menus and Modules Plugin','','jevcalendar','plugin','jevents',0,'3.6.0','','https://www.jevents.net/newupdates/allextensions.php?e=jevcalendar&t=plugin&f=jevents','https://www.jevents.net/download-area/?view=article&id=577','','dlid=-dmFhbGVza29sZWtvcnBzLm5v'),
(660,42,0,'JEvents - Authorised User Creation  Plugin','','jevuser','plugin','user',0,'JEVAUTHUSER_VERSION','','https://www.jevents.net/newupdates/allextensions.php?e=jevuser&t=plugin&f=user','https://www.jevents.net/download-area/?view=article&id=481','','dlid=-dmFhbGVza29sZWtvcnBzLm5v'),
(661,42,0,'JEvents - User Specific Events Plugin','','jevusers','plugin','jevents',0,'3.6.0','','https://www.jevents.net/newupdates/allextensions.php?e=jevusers&t=plugin&f=jevents','https://www.jevents.net/download-area/?view=article&id=465','','dlid=-dmFhbGVza29sZWtvcnBzLm5v'),
(662,42,0,'JEvents - TimeLimit Plugin','','jevtimelimit','plugin','jevents',0,'3.6.7','','https://www.jevents.net/newupdates/allextensions.php?e=jevtimelimit&t=plugin&f=jevents','https://www.jevents.net/download-area/?view=article&id=477','','dlid=-dmFhbGVza29sZWtvcnBzLm5v'),
(663,42,0,'JEvents - JComments Integration','','jcomments','plugin','jevents',0,'3.6.0','','https://www.jevents.net/newupdates/allextensions.php?e=jcomments&t=plugin&f=jevents','https://www.jevents.net/download-area/?view=article&id=451','','dlid=-dmFhbGVza29sZWtvcnBzLm5v'),
(664,42,0,'JEvents - Editor Button','','jevents','plugin','editors-xtd',0,'3.6.0','','https://www.jevents.net/newupdates/allextensions.php?e=jevents&t=plugin&f=editors-xtd','https://www.jevents.net/download-area/?view=article&id=445','','dlid=-dmFhbGVza29sZWtvcnBzLm5v'),
(665,42,0,'JEvents - Event Details in Popup Windows Plugin','','jevpopupdetail','plugin','jevents',0,'3.6.1','','https://www.jevents.net/newupdates/allextensions.php?e=jevpopupdetail&t=plugin&f=jevents','https://www.jevents.net/download-area/?view=article&id=449','','dlid=-dmFhbGVza29sZWtvcnBzLm5v'),
(666,42,0,'JEvents - Agenda/Minutes Plugin','','agendaminutes','plugin','jevents',0,'3.6.8','','https://www.jevents.net/newupdates/allextensions.php?e=agendaminutes&t=plugin&f=jevents','https://www.jevents.net/download-area/?view=article&id=469','','dlid=-dmFhbGVza29sZWtvcnBzLm5v'),
(667,42,0,'JEvents - Meta Tags Plugin','','jevmetatags','plugin','jevents',0,'3.7.0','','https://www.jevents.net/newupdates/allextensions.php?e=jevmetatags&t=plugin&f=jevents','https://www.jevents.net/download-area/?view=article&id=447','','dlid=-dmFhbGVza29sZWtvcnBzLm5v'),
(668,42,0,'JEvents - CCK Listing','','jevcck','plugin','jevents',0,'3.7.0','','https://www.jevents.net/newupdates/allextensions.php?e=jevcck&t=plugin&f=jevents','https://www.jevents.net/download-area/?view=article&id=452','','dlid=-dmFhbGVza29sZWtvcnBzLm5v'),
(669,42,0,'JEvents - Events Created by Logged in User','','jevcreator','plugin','content',0,'3.6.0','','https://www.jevents.net/newupdates/allextensions.php?e=jevcreator&t=plugin&f=content','https://www.jevents.net/download-area/?view=article&id=480','','dlid=-dmFhbGVza29sZWtvcnBzLm5v'),
(670,42,0,'JEvents - Content Plugin','','jevent_embed','plugin','content',0,'3.6.1','','https://www.jevents.net/newupdates/allextensions.php?e=jevent_embed&t=plugin&f=content','https://www.jevents.net/download-area/?view=article&id=470','','dlid=-dmFhbGVza29sZWtvcnBzLm5v'),
(671,42,0,'JEvents - Featured Events','','jevfeatured','plugin','jevents',0,'3.6.0','','https://www.jevents.net/newupdates/allextensions.php?e=jevfeatured&t=plugin&f=jevents','https://www.jevents.net/download-area/?view=article&id=476','','dlid=-dmFhbGVza29sZWtvcnBzLm5v'),
(672,42,0,'JEvents - Hidden Detail','','jevhiddendetail','plugin','jevents',0,'3.6.2','','https://www.jevents.net/newupdates/allextensions.php?e=jevhiddendetail&t=plugin&f=jevents','https://www.jevents.net/download-area/?view=article&id=486','','dlid=-dmFhbGVza29sZWtvcnBzLm5v'),
(673,42,0,'JEvents - Weekday Specific Events Plugin','','jevweekdays','plugin','jevents',0,'3.6.0','','https://www.jevents.net/newupdates/allextensions.php?e=jevweekdays&t=plugin&f=jevents','https://www.jevents.net/download-area/?view=article&id=487','','dlid=-dmFhbGVza29sZWtvcnBzLm5v'),
(674,42,0,'JEvents - New and Changes Events Notification Plugin','','jevnotify','plugin','jevents',0,'3.6.7','','https://www.jevents.net/newupdates/allextensions.php?e=jevnotify&t=plugin&f=jevents','https://www.jevents.net/download-area/?view=article&id=489','','dlid=-dmFhbGVza29sZWtvcnBzLm5v'),
(675,42,0,'JEvents - Notifications Module','','mod_jevents_notify','module','',0,'3.6.5','','https://www.jevents.net/newupdates/allextensions.php?e=mod_jevents_notify&t=module','https://www.jevents.net/download-area/?view=article&id=488','','dlid=-dmFhbGVza29sZWtvcnBzLm5v'),
(676,42,0,'JEvents - Facebook Social','','jevfacebooksocial','plugin','jevents',0,'3.6.2','','https://www.jevents.net/newupdates/allextensions.php?e=jevfacebooksocial&t=plugin&f=jevents','https://www.jevents.net/download-area/?view=article&id=461','','dlid=-dmFhbGVza29sZWtvcnBzLm5v'),
(677,42,0,'JEvents - Category and Calendar Viewing Restrictions','','jevcatcal','plugin','jevents',0,'3.6.1','','https://www.jevents.net/newupdates/allextensions.php?e=jevcatcal&t=plugin&f=jevents','https://www.jevents.net/download-area/?view=article&id=475','','dlid=-dmFhbGVza29sZWtvcnBzLm5v'),
(678,42,0,'JEvents - Simple Event Attendance Plugin','','jevrsvp','plugin','jevents',0,'3.6.1','','https://www.jevents.net/newupdates/allextensions.php?e=jevrsvp&t=plugin&f=jevents','https://www.jevents.net/download-area/?view=article&id=474','','dlid=-dmFhbGVza29sZWtvcnBzLm5v'),
(679,42,0,'JEvents - AcyMailing Plugin','','tagjevents_jevents','plugin','acymailing',0,'3.6.1','','https://www.jevents.net/newupdates/allextensions.php?e=tagjevents_jevents&t=plugin&f=acymailing','https://www.jevents.net/download-area/?view=article&id=457','','dlid=-dmFhbGVza29sZWtvcnBzLm5v'),
(680,42,0,'JEvents - AutoTweet Plugin','','autotweetjevents','plugin','system',0,'3.7.0','','https://www.jevents.net/newupdates/allextensions.php?e=autotweetjevents&t=plugin&f=system','https://www.jevents.net/download-area/?view=article&id=454','','dlid=-dmFhbGVza29sZWtvcnBzLm5v'),
(681,42,0,'JEvents - K2 JEvents Content Plugin','','k2embedded','plugin','content',0,'3.6.0','','https://www.jevents.net/newupdates/allextensions.php?e=k2embedded&t=plugin&f=k2','https://www.jevents.net/download-area/?view=article&id=453','','dlid=-dmFhbGVza29sZWtvcnBzLm5v'),
(682,42,0,'JEvents - K2 JEvents Plugin','','k2embedded','plugin','k2',0,'3.6.0','','https://www.jevents.net/newupdates/allextensions.php?e=k2embedded&t=plugin&f=k2','https://www.jevents.net/download-area/?view=article&id=576','','dlid=-dmFhbGVza29sZWtvcnBzLm5v'),
(683,42,0,'JEvents - JomSocial Group Events','','jevgroupevent','plugin','jevents',0,'3.6.2','','https://www.jevents.net/newupdates/allextensions.php?e=jevgroupevent&t=plugin&f=jevents','https://www.jevents.net/download-area/?view=article&id=572','','dlid=-dmFhbGVza29sZWtvcnBzLm5v'),
(684,42,0,'JEvents - JomSocial Activity Streams','','jevjsstream','plugin','jevents',0,'3.6.1','','https://www.jevents.net/newupdates/allextensions.php?e=jevjsstream&t=plugin&f=jevents','https://www.jevents.net/download-area/?view=article&id=455','','dlid=-dmFhbGVza29sZWtvcnBzLm5v'),
(685,42,0,'JEvents - JomSocial Plugin','','jevents','plugin','jomsocial',0,'3.6.2','','https://www.jevents.net/newupdates/allextensions.php?e=jevents&t=plugin&f=jomsocial','https://www.jevents.net/download-area/?view=article&id=573','','dlid=-dmFhbGVza29sZWtvcnBzLm5v'),
(686,42,0,'JEvents - Anonymous User Event Creation','','jevanonuser','plugin','jevents',0,'3.7.2','','https://www.jevents.net/newupdates/allextensions.php?e=jevanonuser&t=plugin&f=jevents','https://www.jevents.net/download-area/?view=article&id=479','','dlid=-dmFhbGVza29sZWtvcnBzLm5v'),
(687,42,0,'JEvents - Extplus Layout','','extplus','file','',0,'3.6.16','','https://www.jevents.net/newupdates/allextensions.php?e=extplus&t=file','https://www.jevents.net/download-area/?view=article&id=493','','dlid=-dmFhbGVza29sZWtvcnBzLm5v'),
(688,42,0,'JEvents - Extplus Layout','','JEventsExtPlusLayout','file','',0,'3.6.16','','https://www.jevents.net/newupdates/allextensions.php?e=JEventsExtPlusLayout&t=file','https://www.jevents.net/download-area/?view=article&id=493','','dlid=-dmFhbGVza29sZWtvcnBzLm5v'),
(689,42,0,'JEvents - Flatplus Layout','','flatplus','file','',0,'3.6.17','','https://www.jevents.net/newupdates/allextensions.php?e=flatplus&t=file','https://www.jevents.net/download-area/?view=article&id=492','','dlid=-dmFhbGVza29sZWtvcnBzLm5v'),
(690,42,0,'JEvents - Flatplus Layout','','JEventsFlatplusLayout','file','',0,'3.6.17','','https://www.jevents.net/newupdates/allextensions.php?e=JEventsFlatplusLayout&t=file','https://www.jevents.net/download-area/?view=article&id=492','','dlid=-dmFhbGVza29sZWtvcnBzLm5v'),
(691,42,0,'JEvents - Flatui Layout','','flatui','file','',0,'3.6.18','','https://www.jevents.net/newupdates/allextensions.php?e=flatui&t=file','https://www.jevents.net/download-area/?view=article&id=584','','dlid=-dmFhbGVza29sZWtvcnBzLm5v'),
(692,42,0,'JEvents - Flatui Layout','','JEventsFlatuiLayout','file','',0,'3.6.18','','https://www.jevents.net/newupdates/allextensions.php?e=JEventsFlatuiLayout&t=file','https://www.jevents.net/download-area/?view=article&id=584','','dlid=-dmFhbGVza29sZWtvcnBzLm5v'),
(693,42,0,'JEvents - Float Layout','','float','file','',0,'3.7.2','','https://www.jevents.net/newupdates/allextensions.php?e=float&t=file','https://www.jevents.net/download-area/?view=article&id=496','','dlid=-dmFhbGVza29sZWtvcnBzLm5v'),
(694,42,0,'JEvents - Float Layout','','JEventsFloatLayout','file','',0,'3.7.2','','https://www.jevents.net/newupdates/allextensions.php?e=float&t=file','https://www.jevents.net/download-area/?view=article&id=496','','dlid=-dmFhbGVza29sZWtvcnBzLm5v'),
(695,42,0,'JEvents - Iconic Layout','','iconic','file','',0,'3.6.15','','https://www.jevents.net/newupdates/allextensions.php?e=iconic&t=file','https://www.jevents.net/download-area/?view=article&id=495','','dlid=-dmFhbGVza29sZWtvcnBzLm5v'),
(696,42,0,'JEvents - Iconic Layout','','JEventsIconicLayout','file','',0,'3.6.15','','https://www.jevents.net/newupdates/allextensions.php?e=JEventsIconicLayout&t=file','https://www.jevents.net/download-area/?view=article&id=495','','dlid=-dmFhbGVza29sZWtvcnBzLm5v'),
(697,42,0,'JEvents - Map Layout','','JEventsMapLayout','file','',0,'3.6.4','','https://www.jevents.net/newupdates/allextensions.php?e=JEventsMapLayout&t=file','https://www.jevents.net/download-area/?view=article&id=575','','dlid=-dmFhbGVza29sZWtvcnBzLm5v'),
(698,42,0,'JEvents - Map Layout','','map','file','',0,'3.6.4','','https://www.jevents.net/newupdates/allextensions.php?e=map&t=file','https://www.jevents.net/download-area/?view=article&id=575','','dlid=-dmFhbGVza29sZWtvcnBzLm5v'),
(699,42,0,'JEvents - Ruthin Layout','','ruthin','file','',0,'3.7.5','','https://www.jevents.net/newupdates/allextensions.php?e=ruthin&t=file','https://www.jevents.net/download-area/?view=article&id=494','','dlid=-dmFhbGVza29sZWtvcnBzLm5v'),
(700,42,0,'JEvents - Ruthin Layout','','JEventsRuthinLayout','file','',0,'3.7.5','','https://www.jevents.net/newupdates/allextensions.php?e=JEventsRuthinLayout&t=file','https://www.jevents.net/download-area/?view=article&id=494','','dlid=-dmFhbGVza29sZWtvcnBzLm5v'),
(701,42,0,'JEvents - Dynamic Legend','','mod_jevents_dynamiclegend','module','',0,'3.6.5','','https://www.jevents.net/newupdates/allextensions.php?e=mod_jevents_dynamiclegend&t=module','https://www.jevents.net/download-area/?view=article&id=490','','dlid=-dmFhbGVza29sZWtvcnBzLm5v'),
(702,42,0,'JEvents - Calendar Plus','','mod_jevents_calendarplus','module','',0,'3.7.1','','https://www.jevents.net/newupdates/allextensions.php?e=mod_jevents_calendarplus&t=module','https://www.jevents.net/download-area/?view=article&id=471','','dlid=-dmFhbGVza29sZWtvcnBzLm5v'),
(703,42,0,'JEvents - Slideshow','','mod_jevents_slideshow','module','',0,'3.6.2','','https://www.jevents.net/newupdates/allextensions.php?e=mod_jevents_slideshow&t=module','https://www.jevents.net/download-area/?view=article&id=460','','dlid=-dmFhbGVza29sZWtvcnBzLm5v'),
(704,42,0,'JEvents - Tabbed Modules','','mod_tabbedmodules','module','',0,'3.6.4','','https://www.jevents.net/newupdates/allextensions.php?e=mod_tabbedmodules&t=module','https://www.jevents.net/download-area/?view=article&id=497','','dlid=-dmFhbGVza29sZWtvcnBzLm5v'),
(705,42,0,'JEvents - Remote Module Loader','','mod_remote','module','',0,'3.6.3','','https://www.jevents.net/newupdates/allextensions.php?e=mod_remote&t=module','https://www.jevents.net/download-area/?view=article&id=446','','dlid=-dmFhbGVza29sZWtvcnBzLm5v'),
(706,42,0,'JEvents - Categories Module','','mod_jevents_categories','module','',0,'3.6.3','','https://www.jevents.net/newupdates/allextensions.php?e=mod_jevents_categories&t=module','https://www.jevents.net/download-area/?view=article&id=491','','dlid=-dmFhbGVza29sZWtvcnBzLm5v'),
(707,42,0,'Community Builder - JEvents Plugin ','','jevents','plugin','community',0,'3.6.1','','https://www.jevents.net/newupdates/allextensions.php?e=jevents&t=plugin&f=community','https://www.jevents.net/download-area/?view=article&id=281','','dlid=-dmFhbGVza29sZWtvcnBzLm5v'),
(708,42,0,'Community Builder - JEvents Creator Profile Linkage ','','jevcb','plugin','jevents',0,'3.6.1','','https://www.jevents.net/newupdates/allextensions.php?e=jevcb&t=plugin&f=jevents','https://www.jevents.net/download-area/?view=article&id=574','','dlid=-dmFhbGVza29sZWtvcnBzLm5v'),
(709,42,0,'JEvents - Smartphone Layout','','smartphone','file','',0,'3.4.1','','https://www.jevents.net/newupdates/allextensions.php?e=smartphone&t=file','https://www.jevents.net/download-area/?view=article&id=876','','dlid=-dmFhbGVza29sZWtvcnBzLm5v'),
(710,42,0,'JEvents - Smartphone Layout','','JEventsSmartphoneLayout','file','',0,'3.4.1','','https://www.jevents.net/newupdates/allextensions.php?e=JEventsSmartphoneLayout&t=file','https://www.jevents.net/download-area/?view=article&id=876','','dlid=-dmFhbGVza29sZWtvcnBzLm5v'),
(711,42,0,'JEvents - Paid Event Creation Modules','','mod_jevents_paidsubs','module','',0,'3.0.1','','https://www.jevents.net/newupdates/allextensions.php?e=mod_jevents_paidsubs&t=module','https://www.jevents.net/download-area/?view=article&id=484','','dlid=-dmFhbGVza29sZWtvcnBzLm5v'),
(712,42,0,'Afrikaans translation for JEvents','','af-ZA_JEvents','file','',0,'3.20160927','','https://www.jevents.net/newupdates/allextensions.php?e=af-ZA_JEvents&t=file','https://www.jevents.net/download-area/translation/category/jevents-core-translations','','dlid=-dmFhbGVza29sZWtvcnBzLm5v'),
(713,42,0,'Arabic translation for JEvents','','ar-AA_JEvents','file','',0,'3.20160826','','https://www.jevents.net/newupdates/allextensions.php?e=ar-AA_JEvents&t=file','https://www.jevents.net/download-area/translation/category/jevents-core-translations','','dlid=-dmFhbGVza29sZWtvcnBzLm5v'),
(714,42,0,'Basque translation for JEvents','','eu-ES_JEvents','file','',0,'3.20160826','','https://www.jevents.net/newupdates/allextensions.php?e=eu-ES_JEvents&t=file','https://www.jevents.net/download-area/translation/category/jevents-core-translations','','dlid=-dmFhbGVza29sZWtvcnBzLm5v'),
(715,42,0,'Bosnian translation for JEvents','','bs-BA_JEvents','file','',0,'3.20160826','','https://www.jevents.net/newupdates/allextensions.php?e=bs-BA_JEvents&t=file','https://www.jevents.net/download-area/translation/category/jevents-core-translations','','dlid=-dmFhbGVza29sZWtvcnBzLm5v'),
(716,42,0,'Brazilian Portuguese translation for JEvents','','pt-BR_JEvents','file','',0,'3.20160826','','https://www.jevents.net/newupdates/allextensions.php?e=pt-BR_JEvents&t=file','https://www.jevents.net/download-area/translation/category/jevents-core-translations','','dlid=-dmFhbGVza29sZWtvcnBzLm5v'),
(717,42,0,'Bulgarian translation for JEvents','','bg-BG_JEvents','file','',0,'3.20160826','','https://www.jevents.net/newupdates/allextensions.php?e=bg-BG_JEvents&t=file','https://www.jevents.net/download-area/translation/category/jevents-core-translations','','dlid=-dmFhbGVza29sZWtvcnBzLm5v'),
(718,42,0,'Catalonian translation for JEvents','','ca-ES_JEvents','file','',0,'3.20160826','','https://www.jevents.net/newupdates/allextensions.php?e=ca-ES_JEvents&t=file','https://www.jevents.net/download-area/translation/category/jevents-core-translations','','dlid=-dmFhbGVza29sZWtvcnBzLm5v'),
(719,42,0,'Chinese (Taiwan) translation for JEvents','','zh-TW_JEvents','file','',0,'3.20161007','','https://www.jevents.net/newupdates/allextensions.php?e=zh-TW_JEvents&t=file','https://www.jevents.net/download-area/translation/category/jevents-core-translations','','dlid=-dmFhbGVza29sZWtvcnBzLm5v'),
(720,42,0,'Croatian translation for JEvents','','hr-HR_JEvents','file','',0,'3.20160826','','https://www.jevents.net/newupdates/allextensions.php?e=hr-HR_JEvents&t=file','https://www.jevents.net/download-area/translation/category/jevents-core-translations','','dlid=-dmFhbGVza29sZWtvcnBzLm5v'),
(721,42,0,'Czech translation for JEvents','','cs-CZ_JEvents','file','',0,'3.20160927','','https://www.jevents.net/newupdates/allextensions.php?e=cs-CZ_JEvents&t=file','https://www.jevents.net/download-area/translation/category/jevents-core-translations','','dlid=-dmFhbGVza29sZWtvcnBzLm5v'),
(722,42,0,'Danish translation for JEvents','','da-DK_JEvents','file','',0,'3.20200928','','https://www.jevents.net/newupdates/allextensions.php?e=da-DK_JEvents&t=file','https://www.jevents.net/download-area/translation/category/jevents-core-translations','','dlid=-dmFhbGVza29sZWtvcnBzLm5v'),
(723,42,0,'Dutch translation for JEvents','','nl-NL_JEvents','file','',0,'3.20180109','','https://www.jevents.net/newupdates/allextensions.php?e=nl-NL_JEvents&t=file','https://www.jevents.net/download-area/translation/category/jevents-core-translations','','dlid=-dmFhbGVza29sZWtvcnBzLm5v'),
(724,42,0,'Estonian translation for JEvents','','et-EE_JEvents','file','',0,'3.20160826','','https://www.jevents.net/newupdates/allextensions.php?e=et-EE_JEvents&t=file','https://www.jevents.net/download-area/translation/category/jevents-core-translations','','dlid=-dmFhbGVza29sZWtvcnBzLm5v'),
(725,42,0,'Finnish translation for JEvents','','fi-FI_JEvents','file','',0,'3.20160826','','https://www.jevents.net/newupdates/allextensions.php?e=fi-FI_JEvents&t=file','https://www.jevents.net/download-area/translation/category/jevents-core-translations','','dlid=-dmFhbGVza29sZWtvcnBzLm5v'),
(726,42,0,'Flemish translation for JEvents','','nl-BE_JEvents','file','',0,'','','https://www.jevents.net/newupdates/allextensions.php?e=nl-BE_JEvents&t=file','https://www.jevents.net/download-area/translation/category/jevents-core-translations','','dlid=-dmFhbGVza29sZWtvcnBzLm5v'),
(727,42,0,'French translation for JEvents','','fr-FR_JEvents','file','',0,'3.20200831','','https://www.jevents.net/newupdates/allextensions.php?e=fr-FR_JEvents&t=file','https://www.jevents.net/download-area/translation/category/jevents-core-translations','','dlid=-dmFhbGVza29sZWtvcnBzLm5v'),
(728,42,0,'Galician translation for JEvents','','gl-ES_JEvents','file','',0,'J25','','https://www.jevents.net/newupdates/allextensions.php?e=gl-ES_JEvents&t=file','https://www.jevents.net/download-area/translation/category/jevents-core-translations','','dlid=-dmFhbGVza29sZWtvcnBzLm5v'),
(729,42,0,'German translation for JEvents','','de-DE_JEvents','file','',0,'3.20210316','','https://www.jevents.net/newupdates/allextensions.php?e=de-DE_JEvents&t=file','https://www.jevents.net/download-area/translation/category/jevents-core-translations','','dlid=-dmFhbGVza29sZWtvcnBzLm5v'),
(730,42,0,'Greek translation for JEvents','','el-GR_JEvents','file','',0,'3.20160826','','https://www.jevents.net/newupdates/allextensions.php?e=el-GR_JEvents&t=file','https://www.jevents.net/download-area/translation/category/jevents-core-translations','','dlid=-dmFhbGVza29sZWtvcnBzLm5v'),
(731,42,0,'Hebrew translation for JEvents','','he-IL_JEvents','file','',0,'3.20160826','','https://www.jevents.net/newupdates/allextensions.php?e=he-IL_JEvents&t=file','https://www.jevents.net/download-area/translation/category/jevents-core-translations','','dlid=-dmFhbGVza29sZWtvcnBzLm5v'),
(732,42,0,'Hungarian translation for JEvents','','hu-HU_JEvents','file','',0,'3.20160826','','https://www.jevents.net/newupdates/allextensions.php?e=hu-HU_JEvents&t=file','https://www.jevents.net/download-area/translation/category/jevents-core-translations','','dlid=-dmFhbGVza29sZWtvcnBzLm5v'),
(733,42,0,'Italian translation for JEvents','','it-IT_JEvents','file','',0,'3.20180110','','https://www.jevents.net/newupdates/allextensions.php?e=it-IT_JEvents&t=file','https://www.jevents.net/download-area/translation/category/jevents-core-translations','','dlid=-dmFhbGVza29sZWtvcnBzLm5v'),
(734,42,0,'Japanese translation for JEvents','','ja-JP_JEvents','file','',0,'3.20160826','','https://www.jevents.net/newupdates/allextensions.php?e=ja-JP_JEvents&t=file','https://www.jevents.net/download-area/translation/category/jevents-core-translations','','dlid=-dmFhbGVza29sZWtvcnBzLm5v'),
(735,42,0,'Latvian translation for JEvents','','lv-LV_JEvents','file','',0,'3.20160826','','https://www.jevents.net/newupdates/allextensions.php?e=lv-LV_JEvents&t=file','https://www.jevents.net/download-area/translation/category/jevents-core-translations','','dlid=-dmFhbGVza29sZWtvcnBzLm5v'),
(736,42,0,'Lithuanian translation for JEvents','','lt-LT_JEvents','file','',0,'3.20180109','','https://www.jevents.net/newupdates/allextensions.php?e=lt-LT_JEvents&t=file','https://www.jevents.net/download-area/translation/category/jevents-core-translations','','dlid=-dmFhbGVza29sZWtvcnBzLm5v'),
(737,42,0,'Malay translation for JEvents','','ms-MY_JEvents','file','',0,'3.20160826','','https://www.jevents.net/newupdates/allextensions.php?e=ms-MY_JEvents&t=file','https://www.jevents.net/download-area/translation/category/jevents-core-translations','','dlid=-dmFhbGVza29sZWtvcnBzLm5v'),
(738,42,0,'Persian (Farsi) translation for JEvents','','fa-IR_JEvents','file','',0,'3.20160826','','https://www.jevents.net/newupdates/allextensions.php?e=fa-IR_JEvents&t=file','https://www.jevents.net/download-area/translation/category/jevents-core-translations','','dlid=-dmFhbGVza29sZWtvcnBzLm5v'),
(739,42,0,'Polish translation for JEvents','','pl-PL_JEvents','file','',0,'3.20160826','','https://www.jevents.net/newupdates/allextensions.php?e=pl-PL_JEvents&t=file','https://www.jevents.net/download-area/translation/category/jevents-core-translations','','dlid=-dmFhbGVza29sZWtvcnBzLm5v'),
(740,42,0,'Portuguese translation for JEvents','','pt-PT_JEvents','file','',0,'3.20180109','','https://www.jevents.net/newupdates/allextensions.php?e=pt-PT_JEvents&t=file','https://www.jevents.net/download-area/translation/category/jevents-core-translations','','dlid=-dmFhbGVza29sZWtvcnBzLm5v'),
(741,42,0,'Romanian translation for JEvents','','ro-RO_JEvents','file','',0,'3.20160826','','https://www.jevents.net/newupdates/allextensions.php?e=ro-RO_JEvents&t=file','https://www.jevents.net/download-area/translation/category/jevents-core-translations','','dlid=-dmFhbGVza29sZWtvcnBzLm5v'),
(742,42,0,'Russian translation for JEvents','','ru-RU_JEvents','file','',0,'3.20160826','','https://www.jevents.net/newupdates/allextensions.php?e=ru-RU_JEvents&t=file','https://www.jevents.net/download-area/translation/category/jevents-core-translations','','dlid=-dmFhbGVza29sZWtvcnBzLm5v'),
(743,42,0,'Serbian translation for JEvents','','sr-RS_JEvents','file','',0,'3.20160826','','https://www.jevents.net/newupdates/allextensions.php?e=sr-RS_JEvents&t=file','https://www.jevents.net/download-area/translation/category/jevents-core-translations','','dlid=-dmFhbGVza29sZWtvcnBzLm5v'),
(744,42,0,'Slovak translation for JEvents','','sk-SK_JEvents','file','',0,'3.20160826','','https://www.jevents.net/newupdates/allextensions.php?e=sk-SK_JEvents&t=file','https://www.jevents.net/download-area/translation/category/jevents-core-translations','','dlid=-dmFhbGVza29sZWtvcnBzLm5v'),
(745,42,0,'Slovenian translation for JEvents','','sl-SI_JEvents','file','',0,'3.20160826','','https://www.jevents.net/newupdates/allextensions.php?e=sl-SI_JEvents&t=file','https://www.jevents.net/download-area/translation/category/jevents-core-translations','','dlid=-dmFhbGVza29sZWtvcnBzLm5v'),
(746,42,0,'Spanish translation for JEvents','','es-ES_JEvents','file','',0,'3.20210312','','https://www.jevents.net/newupdates/allextensions.php?e=es-ES_JEvents&t=file','https://www.jevents.net/download-area/translation/category/jevents-core-translations','','dlid=-dmFhbGVza29sZWtvcnBzLm5v'),
(747,42,0,'Swedish translation for JEvents','','sv-SE_JEvents','file','',0,'3.20160826','','https://www.jevents.net/newupdates/allextensions.php?e=sv-SE_JEvents&t=file','https://www.jevents.net/download-area/translation/category/jevents-core-translations','','dlid=-dmFhbGVza29sZWtvcnBzLm5v'),
(748,42,0,'Thai translation for JEvents','','th-TH_JEvents','file','',0,'3.20160826','','https://www.jevents.net/newupdates/allextensions.php?e=th-TH_JEvents&t=file','https://www.jevents.net/download-area/translation/category/jevents-core-translations','','dlid=-dmFhbGVza29sZWtvcnBzLm5v'),
(749,42,0,'Ukranian translation for JEvents','','uk-UA_JEvents','file','',0,'3.20160826','','https://www.jevents.net/newupdates/allextensions.php?e=uk-UA_JEvents&t=file','https://www.jevents.net/download-area/translation/category/jevents-core-translations','','dlid=-dmFhbGVza29sZWtvcnBzLm5v'),
(750,42,0,'Vietnamese translation for JEvents','','vi-VN_JEvents','file','',0,'3.20160826','','https://www.jevents.net/newupdates/allextensions.php?e=vi-VN_JEvents&t=file','https://www.jevents.net/download-area/translation/category/jevents-core-translations','','dlid=-dmFhbGVza29sZWtvcnBzLm5v'),
(751,42,0,'Welsh translation for JEvents','','cy-GB_JEvents','file','',0,'3.20160920','','https://www.jevents.net/newupdates/allextensions.php?e=cy-GB_JEvents&t=file','https://www.jevents.net/download-area/translation/category/jevents-core-translations','','dlid=-dmFhbGVza29sZWtvcnBzLm5v'),
(752,42,0,'Afrikaans translation for JEvents Addons','','af-ZA_JEvents_Addons','file','',0,'3.150803','','https://www.jevents.net/newupdates/allextensions.php?e=af-ZA_JEvents_Addons&t=file','https://www.jevents.net/download-area/translation/category/jevents-core-translations','','dlid=-dmFhbGVza29sZWtvcnBzLm5v'),
(753,42,0,'Bosnian translation for JEvents Addons','','bs-BA_JEvents_Addons','file','',0,'3.150319','','https://www.jevents.net/newupdates/allextensions.php?e=bs-BA_JEvents_Addons&t=file','https://www.jevents.net/download-area/translation/category/jevents-core-translations','','dlid=-dmFhbGVza29sZWtvcnBzLm5v'),
(754,42,0,'Brazilian Portuguese translation for JEvents Addons','','pt-BR_JEvents_Addons','file','',0,'3.150319','','https://www.jevents.net/newupdates/allextensions.php?e=pt-BR_JEvents_Addons&t=file','https://www.jevents.net/download-area/translation/category/jevents-core-translations','','dlid=-dmFhbGVza29sZWtvcnBzLm5v'),
(755,42,0,'Bulgarian translation for JEvents Addons','','bg-BG_JEvents_Addons','file','',0,'3.150319','','https://www.jevents.net/newupdates/allextensions.php?e=bg-BG_JEvents_Addons&t=file','https://www.jevents.net/download-area/translation/category/jevents-core-translations','','dlid=-dmFhbGVza29sZWtvcnBzLm5v'),
(756,42,0,'Catalonian translation for JEvents Addons','','ca-ES_JEvents_Addons','file','',0,'3.150319','','https://www.jevents.net/newupdates/allextensions.php?e=ca-ES_JEvents_Addons&t=file','https://www.jevents.net/download-area/translation/category/jevents-core-translations','','dlid=-dmFhbGVza29sZWtvcnBzLm5v'),
(757,42,0,'Chinese (Taiwan) translation for JEvents Addons','','zh-TW_JEvents_Addons','file','',0,'3.150319','','https://www.jevents.net/newupdates/allextensions.php?e=zh-TW_JEvents_Addons&t=file','https://www.jevents.net/download-area/translation/category/jevents-core-translations','','dlid=-dmFhbGVza29sZWtvcnBzLm5v'),
(758,42,0,'Croatian translation for JEvents Addons','','hr-HR_JEvents_Addons','file','',0,'3.150319','','https://www.jevents.net/newupdates/allextensions.php?e=hr-HR_JEvents_Addons&t=file','https://www.jevents.net/download-area/translation/category/jevents-core-translations','','dlid=-dmFhbGVza29sZWtvcnBzLm5v'),
(759,42,0,'Czech translation for JEvents Addons','','cs-CZ_JEvents_Addons','file','',0,'3.150319','','https://www.jevents.net/newupdates/allextensions.php?e=cs-CZ_JEvents_Addons&t=file','https://www.jevents.net/download-area/translation/category/jevents-core-translations','','dlid=-dmFhbGVza29sZWtvcnBzLm5v'),
(760,42,0,'Danish translation for JEvents Addons','','da-DK_JEvents_Addons','file','',0,'3.20210322','','https://www.jevents.net/newupdates/allextensions.php?e=da-DK_JEvents_Addons&t=file','https://www.jevents.net/download-area/translation/category/jevents-core-translations','','dlid=-dmFhbGVza29sZWtvcnBzLm5v'),
(761,42,0,'Dutch translation for JEvents Addons','','nl-NL_JEvents_Addons','file','',0,'3.20180109','','https://www.jevents.net/newupdates/allextensions.php?e=nl-NL_JEvents_Addons&t=file','https://www.jevents.net/download-area/translation/category/jevents-core-translations','','dlid=-dmFhbGVza29sZWtvcnBzLm5v'),
(762,42,0,'Estonian translation for JEvents Addons','','et-EE_JEvents_Addons','file','',0,'3.150319','','https://www.jevents.net/newupdates/allextensions.php?e=et-EE_JEvents_Addons&t=file','https://www.jevents.net/download-area/translation/category/jevents-core-translations','','dlid=-dmFhbGVza29sZWtvcnBzLm5v'),
(763,42,0,'Finnish translation for JEvents Addons','','fi-FI_JEvents_Addons','file','',0,'3.160516','','https://www.jevents.net/newupdates/allextensions.php?e=fi-FI_JEvents_Addons&t=file','https://www.jevents.net/download-area/translation/category/jevents-core-translations','','dlid=-dmFhbGVza29sZWtvcnBzLm5v'),
(764,42,0,'French translation for JEvents Addons','','fr-FR_JEvents_Addons','file','',0,'3.20180109','','https://www.jevents.net/newupdates/allextensions.php?e=fr-FR_JEvents_Addons&t=file','https://www.jevents.net/download-area/translation/category/jevents-core-translations','','dlid=-dmFhbGVza29sZWtvcnBzLm5v'),
(765,42,0,'Galician translation for JEvents Addons','','gl-ES_JEvents_Addons','file','',0,'3.150319','','https://www.jevents.net/newupdates/allextensions.php?e=gl-ES_JEvents_Addons&t=file','https://www.jevents.net/download-area/translation/category/jevents-core-translations','','dlid=-dmFhbGVza29sZWtvcnBzLm5v'),
(766,42,0,'German translation for JEvents Addons','','de-DE_JEvents_Addons','file','',0,'3.20190527','','https://www.jevents.net/newupdates/allextensions.php?e=de-DE_JEvents_Addons&t=file','https://www.jevents.net/download-area/translation/category/jevents-core-translations','','dlid=-dmFhbGVza29sZWtvcnBzLm5v'),
(767,42,0,'Greek translation for JEvents Addons','','el-GR_JEvents_Addons','file','',0,'3.20160927','','https://www.jevents.net/newupdates/allextensions.php?e=el-GR_JEvents_Addons&t=file','https://www.jevents.net/download-area/translation/category/jevents-core-translations','','dlid=-dmFhbGVza29sZWtvcnBzLm5v'),
(768,42,0,'Hebrew translation for JEvents Addons','','he-IL_JEvents_Addons','file','',0,'3.150803','','https://www.jevents.net/newupdates/allextensions.php?e=he-IL_JEvents_Addons&t=file','https://www.jevents.net/download-area/translation/category/jevents-core-translations','','dlid=-dmFhbGVza29sZWtvcnBzLm5v'),
(769,42,0,'Hungarian translation for JEvents Addons','','hu-HU_JEvents_Addons','file','',0,'3.150319','','https://www.jevents.net/newupdates/allextensions.php?e=hu-HU_JEvents_Addons&t=file','https://www.jevents.net/download-area/translation/category/jevents-core-translations','','dlid=-dmFhbGVza29sZWtvcnBzLm5v'),
(770,42,0,'Italian translation for JEvents Addons','','it-IT_JEvents_Addons','file','',0,'3.20180110','','https://www.jevents.net/newupdates/allextensions.php?e=it-IT_JEvents_Addons&t=file','https://www.jevents.net/download-area/translation/category/jevents-core-translations','','dlid=-dmFhbGVza29sZWtvcnBzLm5v'),
(771,42,0,'Japanese translation for JEvents Addons','','ja-JP_JEvents_Addons','file','',0,'3.150319','','https://www.jevents.net/newupdates/allextensions.php?e=ja-JP_JEvents_Addons&t=file','https://www.jevents.net/download-area/translation/category/jevents-core-translations','','dlid=-dmFhbGVza29sZWtvcnBzLm5v'),
(772,42,0,'Lithuanian translation for JEvents Addons','','lt-LT_JEvents_Addons','file','',0,'3.20180109','','https://www.jevents.net/newupdates/allextensions.php?e=lt-LT_JEvents_Addons&t=file','https://www.jevents.net/download-area/translation/category/jevents-core-translations','','dlid=-dmFhbGVza29sZWtvcnBzLm5v'),
(773,42,0,'Norwegian translation for JEvents Addons','','nb-NO_JEvents_Addons','file','',0,'3.20180123','','https://www.jevents.net/newupdates/allextensions.php?e=nb-NO_JEvents_Addons&t=file','https://www.jevents.net/download-area/translation/category/jevents-core-translations','','dlid=-dmFhbGVza29sZWtvcnBzLm5v'),
(774,42,0,'Portuguese translation for JEvents Addons','','pt-PT_JEvents_Addons','file','',0,'3.20180109','','https://www.jevents.net/newupdates/allextensions.php?e=pt-PT_JEvents_Addons&t=file','https://www.jevents.net/download-area/translation/category/jevents-core-translations','','dlid=-dmFhbGVza29sZWtvcnBzLm5v'),
(775,42,0,'Russian translation for JEvents Addons','','ru-RU_JEvents_Addons','file','',0,'3.160525','','https://www.jevents.net/newupdates/allextensions.php?e=ru-RU_JEvents_Addons&t=file','https://www.jevents.net/download-area/translation/category/jevents-core-translations','','dlid=-dmFhbGVza29sZWtvcnBzLm5v'),
(776,42,0,'Serbian translation for JEvents Addons','','sr-RS_JEvents_Addons','file','',0,'3.150319','','https://www.jevents.net/newupdates/allextensions.php?e=sr-RS_JEvents_Addons&t=file','https://www.jevents.net/download-area/translation/category/jevents-core-translations','','dlid=-dmFhbGVza29sZWtvcnBzLm5v'),
(777,42,0,'Slovak translation for JEvents Addons','','sk-SK_JEvents_Addons','file','',0,'3.150319','','https://www.jevents.net/newupdates/allextensions.php?e=sk-SK_JEvents_Addons&t=file','https://www.jevents.net/download-area/translation/category/jevents-core-translations','','dlid=-dmFhbGVza29sZWtvcnBzLm5v'),
(778,42,0,'Spanish translation for JEvents Addons','','es-ES_JEvents_Addons','file','',0,'3.20161007','','https://www.jevents.net/newupdates/allextensions.php?e=es-ES_JEvents_Addons&t=file','https://www.jevents.net/download-area/translation/category/jevents-core-translations','','dlid=-dmFhbGVza29sZWtvcnBzLm5v'),
(779,42,0,'Swedish translation for JEvents Addons','','sv-SE_JEvents_Addons','file','',0,'3.160407','','https://www.jevents.net/newupdates/allextensions.php?e=sv-SE_JEvents_Addons&t=file','https://www.jevents.net/download-area/translation/category/jevents-core-translations','','dlid=-dmFhbGVza29sZWtvcnBzLm5v'),
(780,43,10231,'JCE 2.9.83','Installation package for Joomla! 3.10, Joomla 4.x and Joomla 5.x','pkg_jce','package','',0,'2.9.83','','https://cdn.joomlacontenteditor.net/updates/xml/editor/pkg_jce.xml','https://www.joomlacontenteditor.net/news/jce-pro-2-9-83-released',NULL,''),
(781,45,10183,'Smart Slider 3','','com_smartslider3','component','',1,'3.5.1.27','','https://api.nextendweb.com/v1/?action=joomla_version&platform=joomla&product=smartslider3&pro=0&channel=stable','https://smartslider.helpscoutdocs.com/article/1746-changelog',NULL,'');

/*Table structure for table `aj7za_user_keys` */


CREATE TABLE `aj7za_user_keys` (
  `id` int unsigned NOT NULL AUTO_INCREMENT,
  `user_id` varchar(150) CHARACTER SET utf8mb4 COLLATE utf8mb4_unicode_ci NOT NULL,
  `token` varchar(255) CHARACTER SET utf8mb4 COLLATE utf8mb4_unicode_ci NOT NULL,
  `series` varchar(191) CHARACTER SET utf8mb4 COLLATE utf8mb4_unicode_ci NOT NULL,
  `time` varchar(200) CHARACTER SET utf8mb4 COLLATE utf8mb4_unicode_ci NOT NULL,
  `uastring` varchar(255) CHARACTER SET utf8mb4 COLLATE utf8mb4_unicode_ci NOT NULL,
  PRIMARY KEY (`id`),
  UNIQUE KEY `series` (`series`),
  KEY `user_id` (`user_id`)
) ENGINE=InnoDB DEFAULT CHARSET=utf8mb4 COLLATE=utf8mb4_unicode_ci;

/*Data for the table `aj7za_user_keys` */

/*Table structure for table `aj7za_user_mfa` */


CREATE TABLE `aj7za_user_mfa` (
  `id` int NOT NULL AUTO_INCREMENT,
  `user_id` int unsigned NOT NULL,
  `title` varchar(255) CHARACTER SET utf8mb4 COLLATE utf8mb4_unicode_ci NOT NULL DEFAULT '',
  `method` varchar(100) CHARACTER SET utf8mb4 COLLATE utf8mb4_unicode_ci NOT NULL,
  `default` tinyint NOT NULL DEFAULT '0',
  `options` mediumtext CHARACTER SET utf8mb4 COLLATE utf8mb4_unicode_ci NOT NULL,
  `created_on` datetime NOT NULL,
  `last_used` datetime DEFAULT NULL,
  `tries` int NOT NULL DEFAULT '0',
  `last_try` datetime DEFAULT NULL,
  PRIMARY KEY (`id`),
  KEY `idx_user_id` (`user_id`)
) ENGINE=InnoDB DEFAULT CHARSET=utf8mb4 COLLATE=utf8mb4_unicode_ci COMMENT='Multi-factor Authentication settings';

/*Data for the table `aj7za_user_mfa` */

/*Table structure for table `aj7za_user_notes` */


CREATE TABLE `aj7za_user_notes` (
  `id` int unsigned NOT NULL AUTO_INCREMENT,
  `user_id` int unsigned NOT NULL DEFAULT '0',
  `catid` int unsigned NOT NULL DEFAULT '0',
  `subject` varchar(100) CHARACTER SET utf8mb4 COLLATE utf8mb4_unicode_ci NOT NULL DEFAULT '',
  `body` text CHARACTER SET utf8mb4 COLLATE utf8mb4_unicode_ci NOT NULL,
  `state` tinyint NOT NULL DEFAULT '0',
  `checked_out` int unsigned DEFAULT NULL,
  `checked_out_time` datetime DEFAULT NULL,
  `created_user_id` int unsigned NOT NULL DEFAULT '0',
  `created_time` datetime NOT NULL,
  `modified_user_id` int unsigned NOT NULL DEFAULT '0',
  `modified_time` datetime NOT NULL,
  `review_time` datetime DEFAULT NULL,
  `publish_up` datetime DEFAULT NULL,
  `publish_down` datetime DEFAULT NULL,
  PRIMARY KEY (`id`),
  KEY `idx_user_id` (`user_id`),
  KEY `idx_category_id` (`catid`)
) ENGINE=InnoDB DEFAULT CHARSET=utf8mb4 COLLATE=utf8mb4_unicode_ci;

/*Data for the table `aj7za_user_notes` */

/*Table structure for table `aj7za_user_profiles` */


CREATE TABLE `aj7za_user_profiles` (
  `user_id` int NOT NULL,
  `profile_key` varchar(100) CHARACTER SET utf8mb4 COLLATE utf8mb4_unicode_ci NOT NULL,
  `profile_value` text CHARACTER SET utf8mb4 COLLATE utf8mb4_unicode_ci NOT NULL,
  `ordering` int NOT NULL DEFAULT '0',
  UNIQUE KEY `idx_user_id_profile_key` (`user_id`,`profile_key`)
) ENGINE=InnoDB DEFAULT CHARSET=utf8mb4 COLLATE=utf8mb4_unicode_ci COMMENT='Simple user profile storage table';

/*Data for the table `aj7za_user_profiles` */

insert  into `aj7za_user_profiles`(`user_id`,`profile_key`,`profile_value`,`ordering`) values 
(243,'guidedtour.id.13','{\"state\":\"skipped\"}',0),
(243,'joomlatoken.enabled','1',2),
(243,'joomlatoken.token','eLUpkxJjb7SFKmiXi6iN3Ypkmj6gkVvvWGmDnIkXiWA=',1);

/*Table structure for table `aj7za_user_usergroup_map` */


CREATE TABLE `aj7za_user_usergroup_map` (
  `user_id` int unsigned NOT NULL DEFAULT '0' COMMENT 'Foreign Key to #__users.id',
  `group_id` int unsigned NOT NULL DEFAULT '0' COMMENT 'Foreign Key to #__usergroups.id',
  PRIMARY KEY (`user_id`,`group_id`)
) ENGINE=InnoDB DEFAULT CHARSET=utf8mb4 COLLATE=utf8mb4_unicode_ci;

/*Data for the table `aj7za_user_usergroup_map` */

insert  into `aj7za_user_usergroup_map`(`user_id`,`group_id`) values 
(243,8);

/*Table structure for table `aj7za_usergroups` */


CREATE TABLE `aj7za_usergroups` (
  `id` int unsigned NOT NULL AUTO_INCREMENT COMMENT 'Primary Key',
  `parent_id` int unsigned NOT NULL DEFAULT '0' COMMENT 'Adjacency List Reference Id',
  `lft` int NOT NULL DEFAULT '0' COMMENT 'Nested set lft.',
  `rgt` int NOT NULL DEFAULT '0' COMMENT 'Nested set rgt.',
  `title` varchar(100) CHARACTER SET utf8mb4 COLLATE utf8mb4_unicode_ci NOT NULL DEFAULT '',
  PRIMARY KEY (`id`),
  UNIQUE KEY `idx_usergroup_parent_title_lookup` (`parent_id`,`title`),
  KEY `idx_usergroup_title_lookup` (`title`),
  KEY `idx_usergroup_adjacency_lookup` (`parent_id`),
  KEY `idx_usergroup_nested_set_lookup` (`lft`,`rgt`) USING BTREE
) ENGINE=InnoDB AUTO_INCREMENT=10 DEFAULT CHARSET=utf8mb4 COLLATE=utf8mb4_unicode_ci;

/*Data for the table `aj7za_usergroups` */

insert  into `aj7za_usergroups`(`id`,`parent_id`,`lft`,`rgt`,`title`) values 
(1,0,1,18,'Public'),
(2,1,8,15,'Registered'),
(3,2,9,14,'Author'),
(4,3,10,13,'Editor'),
(5,4,11,12,'Publisher'),
(6,1,4,7,'Manager'),
(7,6,5,6,'Administrator'),
(8,1,16,17,'Super Users'),
(9,1,2,3,'Guest');

/*Table structure for table `aj7za_users` */


CREATE TABLE `aj7za_users` (
  `id` int NOT NULL AUTO_INCREMENT,
  `name` varchar(400) CHARACTER SET utf8mb4 COLLATE utf8mb4_unicode_ci NOT NULL DEFAULT '',
  `username` varchar(150) CHARACTER SET utf8mb4 COLLATE utf8mb4_unicode_ci NOT NULL DEFAULT '',
  `email` varchar(100) CHARACTER SET utf8mb4 COLLATE utf8mb4_unicode_ci NOT NULL DEFAULT '',
  `password` varchar(100) CHARACTER SET utf8mb4 COLLATE utf8mb4_unicode_ci NOT NULL DEFAULT '',
  `block` tinyint NOT NULL DEFAULT '0',
  `sendEmail` tinyint DEFAULT '0',
  `registerDate` datetime NOT NULL,
  `lastvisitDate` datetime DEFAULT NULL,
  `activation` varchar(100) CHARACTER SET utf8mb4 COLLATE utf8mb4_unicode_ci NOT NULL DEFAULT '',
  `params` text CHARACTER SET utf8mb4 COLLATE utf8mb4_unicode_ci NOT NULL,
  `lastResetTime` datetime DEFAULT NULL,
  `resetCount` int NOT NULL DEFAULT '0' COMMENT 'Count of password resets since lastResetTime',
  `otpKey` varchar(1000) CHARACTER SET utf8mb4 COLLATE utf8mb4_unicode_ci NOT NULL DEFAULT '' COMMENT 'Two factor authentication encrypted keys',
  `otep` varchar(1000) CHARACTER SET utf8mb4 COLLATE utf8mb4_unicode_ci NOT NULL DEFAULT '' COMMENT 'One time emergency passwords',
  `requireReset` tinyint NOT NULL DEFAULT '0' COMMENT 'Require user to reset password on next login',
  `authProvider` varchar(100) CHARACTER SET utf8mb4 COLLATE utf8mb4_unicode_ci NOT NULL DEFAULT '' COMMENT 'Name of used authentication plugin',
  PRIMARY KEY (`id`),
  UNIQUE KEY `idx_username` (`username`),
  KEY `idx_name` (`name`(100)),
  KEY `idx_block` (`block`),
  KEY `email` (`email`)
) ENGINE=InnoDB AUTO_INCREMENT=244 DEFAULT CHARSET=utf8mb4 COLLATE=utf8mb4_unicode_ci;

/*Data for the table `aj7za_users` */

insert  into `aj7za_users`(`id`,`name`,`username`,`email`,`password`,`block`,`sendEmail`,`registerDate`,`lastvisitDate`,`activation`,`params`,`lastResetTime`,`resetCount`,`otpKey`,`otep`,`requireReset`,`authProvider`) values 
(243,'Super User','vaaleskolekorps','oleh@grettenett.no','$2y$10$Xu4hLQuV79k002NGCbVNUeUXAIn9Cva1CIx9qQcvATRGHFt8VkKBS',0,1,'2017-03-10 10:01:25','2025-03-13 11:23:40','0','{\"admin_style\":\"\",\"admin_language\":\"\",\"language\":\"\",\"editor\":\"\",\"timezone\":\"\",\"colorScheme\":\"\",\"allowTourAutoStart\":\"\",\"a11y_mono\":\"0\",\"a11y_contrast\":\"0\",\"a11y_highlight\":\"0\",\"a11y_font\":\"0\"}',NULL,0,'','',0,'');

/*Table structure for table `aj7za_viewlevels` */


CREATE TABLE `aj7za_viewlevels` (
  `id` int unsigned NOT NULL AUTO_INCREMENT COMMENT 'Primary Key',
  `title` varchar(100) CHARACTER SET utf8mb4 COLLATE utf8mb4_unicode_ci NOT NULL DEFAULT '',
  `ordering` int NOT NULL DEFAULT '0',
  `rules` varchar(5120) CHARACTER SET utf8mb4 COLLATE utf8mb4_unicode_ci NOT NULL COMMENT 'JSON encoded access control.',
  PRIMARY KEY (`id`),
  UNIQUE KEY `idx_assetgroup_title_lookup` (`title`)
) ENGINE=InnoDB AUTO_INCREMENT=7 DEFAULT CHARSET=utf8mb4 COLLATE=utf8mb4_unicode_ci;

/*Data for the table `aj7za_viewlevels` */

insert  into `aj7za_viewlevels`(`id`,`title`,`ordering`,`rules`) values 
(1,'Public',0,'[1]'),
(2,'Registered',2,'[6,2,8]'),
(3,'Special',3,'[6,3,8]'),
(5,'Guest',1,'[9]'),
(6,'Super Users',4,'[8]');

/*Table structure for table `aj7za_webauthn_credentials` */


CREATE TABLE `aj7za_webauthn_credentials` (
  `id` varchar(1000) CHARACTER SET utf8mb4 COLLATE utf8mb4_unicode_ci NOT NULL COMMENT 'Credential ID',
  `user_id` varchar(128) CHARACTER SET utf8mb4 COLLATE utf8mb4_unicode_ci NOT NULL COMMENT 'User handle',
  `label` varchar(190) CHARACTER SET utf8mb4 COLLATE utf8mb4_unicode_ci NOT NULL COMMENT 'Human readable label',
  `credential` mediumtext CHARACTER SET utf8mb4 COLLATE utf8mb4_unicode_ci NOT NULL COMMENT 'Credential source data, JSON format',
  PRIMARY KEY (`id`(100)),
  KEY `user_id` (`user_id`(60))
) ENGINE=InnoDB DEFAULT CHARSET=utf8mb4 COLLATE=utf8mb4_unicode_ci;

/*Data for the table `aj7za_webauthn_credentials` */

/*Table structure for table `aj7za_wf_profiles` */


CREATE TABLE `aj7za_wf_profiles` (
  `id` int NOT NULL AUTO_INCREMENT,
  `name` varchar(255) NOT NULL,
  `description` text NOT NULL,
  `users` text NOT NULL,
  `types` text NOT NULL,
  `components` text NOT NULL,
  `area` tinyint NOT NULL,
  `device` varchar(255) NOT NULL,
  `rows` text NOT NULL,
  `plugins` text NOT NULL,
  `published` tinyint NOT NULL,
  `ordering` int NOT NULL,
  `checked_out` int unsigned DEFAULT NULL,
  `checked_out_time` datetime DEFAULT NULL,
  `params` text NOT NULL,
  PRIMARY KEY (`id`)
) ENGINE=InnoDB AUTO_INCREMENT=6 DEFAULT CHARSET=utf8mb3;

/*Data for the table `aj7za_wf_profiles` */

insert  into `aj7za_wf_profiles`(`id`,`name`,`description`,`users`,`types`,`components`,`area`,`device`,`rows`,`plugins`,`published`,`ordering`,`checked_out`,`checked_out_time`,`params`) values 
(1,'Default','Default Profile for all users','','3,4,5,6,8,7','',0,'desktop,tablet,phone','help,newdocument,undo,redo,spacer,bold,italic,underline,strikethrough,justifyfull,justifycenter,justifyleft,justifyright,spacer,blockquote,formatselect,styleselect,removeformat,cleanup;fontselect,fontsizeselect,fontcolor,spacer,clipboard,indent,outdent,lists,sub,sup,textcase,charmap,hr;directionality,fullscreen,print,searchreplace,spacer,table,style,attributes;visualaid,visualchars,visualblocks,nonbreaking,anchor,unlink,link,imgmanager,spellchecker,article','formatselect,styleselect,cleanup,fontselect,fontsizeselect,fontcolor,clipboard,lists,textcase,charmap,hr,directionality,fullscreen,print,searchreplace,table,style,attributes,visualchars,visualblocks,nonbreaking,anchor,link,imgmanager,spellchecker,article,spellchecker,article,browser,contextmenu,media,preview,source',1,1,NULL,NULL,'{\"editor\":{\"toolbar_theme\":\"modern\"}}'),
(2,'Front End','Sample Front-end Profile','','3,4,5','',1,'desktop,tablet,phone','help,newdocument,undo,redo,spacer,bold,italic,underline,strikethrough,justifyfull,justifycenter,justifyleft,justifyright,spacer,formatselect,styleselect;clipboard,searchreplace,indent,outdent,lists,cleanup,charmap,removeformat,hr,sub,sup,textcase,nonbreaking,visualchars,visualblocks;fullscreen,print,visualaid,style,attributes,anchor,unlink,link,imgmanager,spellchecker,article','charmap,contextmenu,help,clipboard,searchreplace,fullscreen,preview,print,style,textcase,nonbreaking,visualchars,visualblocks,attributes,imgmanager,anchor,link,spellchecker,article,lists,formatselect,styleselect,hr',0,2,NULL,NULL,'{\"editor\":{\"toolbar_theme\":\"modern\"}}'),
(3,'Blogger','Simple Blogging Profile','','3,4,5,6,8,7','',0,'desktop,tablet,phone','bold,italic,strikethrough,lists,blockquote,spacer,justifyleft,justifycenter,justifyright,spacer,link,unlink,imgmanager,article,spellchecker,fullscreen,kitchensink;formatselect,styleselect,underline,justifyfull,clipboard,removeformat,charmap,indent,outdent,undo,redo,help','link,imgmanager,article,spellchecker,fullscreen,kitchensink,clipboard,contextmenu,lists,formatselect,styleselect,textpattern',0,3,NULL,NULL,'{\"editor\":{\"toolbar_theme\":\"modern\"}}'),
(4,'Mobile','Sample Mobile Profile','','3,4,5,6,8,7','',0,'tablet,phone','undo,redo,spacer,bold,italic,underline,formatselect,spacer,justifyleft,justifycenter,justifyfull,justifyright,spacer,fullscreen,kitchensink;styleselect,lists,spellchecker,article,link,unlink','fullscreen,kitchensink,spellchecker,article,link,lists,formatselect,styleselect,textpattern',0,4,NULL,NULL,'{\"editor\":{\"toolbar_theme\":\"modern.touch\",\"resizing\":\"0\",\"resize_horizontal\":\"0\",\"resizing_use_cookie\":\"0\",\"links\":{\"popups\":{\"default\":\"\",\"jcemediabox\":{\"enable\":\"0\"},\"window\":{\"enable\":\"0\"}}}}}'),
(5,'Markdown','Sample Markdown Profile','','6,7,3,4,5,8','',0,'desktop,tablet,phone','fullscreen,justifyleft,justifycenter,justifyfull,justifyright,link,unlink,imgmanager,styleselect','fullscreen,link,imgmanager,styleselect,media,textpattern',0,5,NULL,NULL,'{\"editor\":{\"toolbar_theme\":\"modern\"}}');

/*Table structure for table `aj7za_workflow_associations` */


CREATE TABLE `aj7za_workflow_associations` (
  `item_id` int NOT NULL DEFAULT '0' COMMENT 'Extension table id value',
  `stage_id` int NOT NULL COMMENT 'Foreign Key to #__workflow_stages.id',
  `extension` varchar(50) CHARACTER SET utf8mb4 COLLATE utf8mb4_unicode_ci NOT NULL,
  PRIMARY KEY (`item_id`,`extension`),
  KEY `idx_item_stage_extension` (`item_id`,`stage_id`,`extension`),
  KEY `idx_item_id` (`item_id`),
  KEY `idx_stage_id` (`stage_id`),
  KEY `idx_extension` (`extension`)
) ENGINE=InnoDB DEFAULT CHARSET=utf8mb4 COLLATE=utf8mb4_unicode_ci;

/*Data for the table `aj7za_workflow_associations` */

insert  into `aj7za_workflow_associations`(`item_id`,`stage_id`,`extension`) values 
(2,1,'com_content.article'),
(3,1,'com_content.article'),
(6,1,'com_content.article'),
(7,1,'com_content.article'),
(8,1,'com_content.article'),
(9,1,'com_content.article'),
(10,1,'com_content.article'),
(11,1,'com_content.article'),
(12,1,'com_content.article'),
(13,1,'com_content.article'),
(14,1,'com_content.article'),
(15,1,'com_content.article'),
(16,1,'com_content.article'),
(17,1,'com_content.article'),
(18,1,'com_content.article'),
(19,1,'com_content.article'),
(20,1,'com_content.article'),
(21,1,'com_content.article'),
(22,1,'com_content.article'),
(23,1,'com_content.article'),
(24,1,'com_content.article'),
(25,1,'com_content.article'),
(26,1,'com_content.article'),
(27,1,'com_content.article'),
(28,1,'com_content.article'),
(29,1,'com_content.article'),
(30,1,'com_content.article');

/*Table structure for table `aj7za_workflow_stages` */


CREATE TABLE `aj7za_workflow_stages` (
  `id` int NOT NULL AUTO_INCREMENT,
  `asset_id` int DEFAULT '0',
  `ordering` int NOT NULL DEFAULT '0',
  `workflow_id` int NOT NULL,
  `published` tinyint NOT NULL DEFAULT '0',
  `title` varchar(255) CHARACTER SET utf8mb4 COLLATE utf8mb4_unicode_ci NOT NULL,
  `description` text CHARACTER SET utf8mb4 COLLATE utf8mb4_unicode_ci NOT NULL,
  `default` tinyint NOT NULL DEFAULT '0',
  `checked_out_time` datetime DEFAULT NULL,
  `checked_out` int unsigned DEFAULT NULL,
  PRIMARY KEY (`id`),
  KEY `idx_workflow_id` (`workflow_id`),
  KEY `idx_checked_out` (`checked_out`),
  KEY `idx_title` (`title`(191)),
  KEY `idx_asset_id` (`asset_id`),
  KEY `idx_default` (`default`)
) ENGINE=InnoDB AUTO_INCREMENT=2 DEFAULT CHARSET=utf8mb4 COLLATE=utf8mb4_unicode_ci;

/*Data for the table `aj7za_workflow_stages` */

insert  into `aj7za_workflow_stages`(`id`,`asset_id`,`ordering`,`workflow_id`,`published`,`title`,`description`,`default`,`checked_out_time`,`checked_out`) values 
(1,0,1,1,1,'COM_WORKFLOW_BASIC_STAGE','',1,NULL,NULL);

/*Table structure for table `aj7za_workflow_transitions` */


CREATE TABLE `aj7za_workflow_transitions` (
  `id` int NOT NULL AUTO_INCREMENT,
  `asset_id` int DEFAULT '0',
  `ordering` int NOT NULL DEFAULT '0',
  `workflow_id` int NOT NULL,
  `published` tinyint NOT NULL DEFAULT '0',
  `title` varchar(255) CHARACTER SET utf8mb4 COLLATE utf8mb4_unicode_ci NOT NULL,
  `description` text CHARACTER SET utf8mb4 COLLATE utf8mb4_unicode_ci NOT NULL,
  `from_stage_id` int NOT NULL,
  `to_stage_id` int NOT NULL,
  `options` text CHARACTER SET utf8mb4 COLLATE utf8mb4_unicode_ci NOT NULL,
  `checked_out_time` datetime DEFAULT NULL,
  `checked_out` int unsigned DEFAULT NULL,
  PRIMARY KEY (`id`),
  KEY `idx_title` (`title`(191)),
  KEY `idx_asset_id` (`asset_id`),
  KEY `idx_checked_out` (`checked_out`),
  KEY `idx_from_stage_id` (`from_stage_id`),
  KEY `idx_to_stage_id` (`to_stage_id`),
  KEY `idx_workflow_id` (`workflow_id`)
) ENGINE=InnoDB AUTO_INCREMENT=8 DEFAULT CHARSET=utf8mb4 COLLATE=utf8mb4_unicode_ci;

/*Data for the table `aj7za_workflow_transitions` */

insert  into `aj7za_workflow_transitions`(`id`,`asset_id`,`ordering`,`workflow_id`,`published`,`title`,`description`,`from_stage_id`,`to_stage_id`,`options`,`checked_out_time`,`checked_out`) values 
(1,0,1,1,1,'UNPUBLISH','',-1,1,'{\"publishing\":\"0\"}',NULL,NULL),
(2,0,2,1,1,'PUBLISH','',-1,1,'{\"publishing\":\"1\"}',NULL,NULL),
(3,0,3,1,1,'TRASH','',-1,1,'{\"publishing\":\"-2\"}',NULL,NULL),
(4,0,4,1,1,'ARCHIVE','',-1,1,'{\"publishing\":\"2\"}',NULL,NULL),
(5,0,5,1,1,'FEATURE','',-1,1,'{\"featuring\":\"1\"}',NULL,NULL),
(6,0,6,1,1,'UNFEATURE','',-1,1,'{\"featuring\":\"0\"}',NULL,NULL),
(7,0,7,1,1,'PUBLISH_AND_FEATURE','',-1,1,'{\"publishing\":\"1\",\"featuring\":\"1\"}',NULL,NULL);

/*Table structure for table `aj7za_workflows` */


CREATE TABLE `aj7za_workflows` (
  `id` int NOT NULL AUTO_INCREMENT,
  `asset_id` int DEFAULT '0',
  `published` tinyint NOT NULL DEFAULT '0',
  `title` varchar(255) CHARACTER SET utf8mb4 COLLATE utf8mb4_unicode_ci NOT NULL,
  `description` text CHARACTER SET utf8mb4 COLLATE utf8mb4_unicode_ci NOT NULL,
  `extension` varchar(50) CHARACTER SET utf8mb4 COLLATE utf8mb4_unicode_ci NOT NULL,
  `default` tinyint NOT NULL DEFAULT '0',
  `ordering` int NOT NULL DEFAULT '0',
  `created` datetime NOT NULL,
  `created_by` int NOT NULL DEFAULT '0',
  `modified` datetime NOT NULL,
  `modified_by` int NOT NULL DEFAULT '0',
  `checked_out_time` datetime DEFAULT NULL,
  `checked_out` int unsigned DEFAULT NULL,
  PRIMARY KEY (`id`),
  KEY `idx_asset_id` (`asset_id`),
  KEY `idx_title` (`title`(191)),
  KEY `idx_extension` (`extension`),
  KEY `idx_default` (`default`),
  KEY `idx_created` (`created`),
  KEY `idx_created_by` (`created_by`),
  KEY `idx_modified` (`modified`),
  KEY `idx_modified_by` (`modified_by`),
  KEY `idx_checked_out` (`checked_out`)
) ENGINE=InnoDB AUTO_INCREMENT=2 DEFAULT CHARSET=utf8mb4 COLLATE=utf8mb4_unicode_ci;

/*Data for the table `aj7za_workflows` */

insert  into `aj7za_workflows`(`id`,`asset_id`,`published`,`title`,`description`,`extension`,`default`,`ordering`,`created`,`created_by`,`modified`,`modified_by`,`checked_out_time`,`checked_out`) values 
(1,0,1,'COM_WORKFLOW_BASIC_WORKFLOW','','com_content.article',1,1,'2024-08-12 20:44:31',0,'2024-08-12 20:44:31',0,NULL,NULL);

